{"id":6326,"date":"2026-03-27T10:08:52","date_gmt":"2026-03-27T03:08:52","guid":{"rendered":"https:\/\/nhadepbepxinh.com.vn\/?post_type=product&#038;p=6326"},"modified":"2026-03-27T10:08:52","modified_gmt":"2026-03-27T03:08:52","slug":"hut-mui-chu-t-blueger-bt350s","status":"publish","type":"product","link":"https:\/\/nhadepbepxinh.com.vn\/?product=hut-mui-chu-t-blueger-bt350s","title":{"rendered":"H\u00fat m\u00f9i ch\u1eef T Blueger BT350S"},"content":{"rendered":"<p><strong>T\u00ednh n\u0103ng s\u1ea3n ph\u1ea9m:<\/strong><\/p>\n<p>\u2013 Ki\u1ec3u d\u00e1ng ch\u1eef T sang tr\u1ecdng<\/p>\n<p>\u2013 T\u00f4ng m\u00e0u ghi x\u00e1m hi\u1ec7n \u0111\u1ea1i, toa treo \u00e1p t\u01b0\u1eddng, \u1ed1p k\u00ednh c\u01b0\u1eddng l\u1ef1c<\/p>\n<p>\u2013 \u0110i\u1ec1u khi\u1ec3n c\u1ea3m bi\u1ebfn v\u1eaby tay 9 c\u1ea5p \u0111\u1ed9 h\u00fat<\/p>\n<p>\u2013 Ch\u1ee9c n\u0103ng auto clean t\u1ef1 \u0111\u1ed9ng l\u00e0m s\u1ea1ch \u0111\u1ed9ng c\u01a1<\/p>\n<p>\u2013 L\u01b0\u1edbi l\u1ecdc inox, d\u1ec5 d\u00e0ng v\u1ec7 sinh khi s\u1eed d\u1ee5ng<\/p>\n<p>\u2013 S\u1eed d\u1ee5ng \u0111\u1ed9ng c\u01a1 BLDC kh\u00f4ng ch\u1ed5i than, ti\u1ebft ki\u1ec7m \u0111i\u1ec7n<\/p>\n<p>\u2013 H\u1ec7 th\u1ed1ng \u0111\u00e8n Led 2*1.5W<\/p>\n<p><strong>Th\u00f4ng s\u1ed1 k\u1ef9 thu\u1eadt:<\/strong><\/p>\n<p>\u2013 K\u00edch th\u01b0\u1edbc s\u1ea3n ph\u1ea9m: 700*350*414mm<\/p>\n<p>\u2013 K\u00edch th\u01b0\u1edbc \u1ed1ng tho\u00e1t: 150mm, d\u00e0i 1500mm<\/p>\n<p>\u2013 C\u00f4ng su\u1ea5t h\u00fat: 1200CBM<\/p>\n<p>\u2013 \u0110\u1ed9ng c\u01a1 BLDC 110W<\/p>\n<p>\u2013 \u0110\u1ed9 \u1ed3n \u0111\u1ed9ng c\u01a1: &lt;40db<\/p>\n<p>\u2013 Ngu\u1ed3n \u0111i\u1ec7n: 220V \u2013 50Hz<\/p>\n","protected":false},"excerpt":{"rendered":"<p>T\u00ednh n\u0103ng s\u1ea3n ph\u1ea9m: \u2013 Ki\u1ec3u d\u00e1ng ch\u1eef T sang tr\u1ecdng \u2013 T\u00f4ng m\u00e0u ghi x\u00e1m hi\u1ec7n \u0111\u1ea1i, toa treo \u00e1p t\u01b0\u1eddng, \u1ed1p k\u00ednh c\u01b0\u1eddng l\u1ef1c \u2013 \u0110i\u1ec1u khi\u1ec3n c\u1ea3m bi\u1ebfn v\u1eaby tay 9 c\u1ea5p \u0111\u1ed9 h\u00fat \u2013 Ch\u1ee9c n\u0103ng auto clean t\u1ef1 \u0111\u1ed9ng l\u00e0m s\u1ea1ch \u0111\u1ed9ng c\u01a1 \u2013 L\u01b0\u1edbi l\u1ecdc inox, d\u1ec5 d\u00e0ng v\u1ec7&#8230;<\/p>\n","protected":false},"featured_media":6327,"comment_status":"open","ping_status":"closed","template":"","meta":[],"product_brand":[],"product_cat":[16,145],"product_tag":[],"class_list":{"0":"post-6326","1":"product","2":"type-product","3":"status-publish","4":"has-post-thumbnail","6":"product_cat-may-hut-mui","7":"product_cat-bluger","9":"first","10":"instock","11":"shipping-taxable","12":"product-type-simple"},"_links":{"self":[{"href":"https:\/\/nhadepbepxinh.com.vn\/index.php?rest_route=\/wp\/v2\/product\/6326","targetHints":{"allow":["GET"]}}],"collection":[{"href":"https:\/\/nhadepbepxinh.com.vn\/index.php?rest_route=\/wp\/v2\/product"}],"about":[{"href":"https:\/\/nhadepbepxinh.com.vn\/index.php?rest_route=\/wp\/v2\/types\/product"}],"replies":[{"embeddable":true,"href":"https:\/\/nhadepbepxinh.com.vn\/index.php?rest_route=%2Fwp%2Fv2%2Fcomments&post=6326"}],"wp:featuredmedia":[{"embeddable":true,"href":"https:\/\/nhadepbepxinh.com.vn\/index.php?rest_route=\/wp\/v2\/media\/6327"}],"wp:attachment":[{"href":"https:\/\/nhadepbepxinh.com.vn\/index.php?rest_route=%2Fwp%2Fv2%2Fmedia&parent=6326"}],"wp:term":[{"taxonomy":"product_brand","embeddable":true,"href":"https:\/\/nhadepbepxinh.com.vn\/index.php?rest_route=%2Fwp%2Fv2%2Fproduct_brand&post=6326"},{"taxonomy":"product_cat","embeddable":true,"href":"https:\/\/nhadepbepxinh.com.vn\/index.php?rest_route=%2Fwp%2Fv2%2Fproduct_cat&post=6326"},{"taxonomy":"product_tag","embeddable":true,"href":"https:\/\/nhadepbepxinh.com.vn\/index.php?rest_route=%2Fwp%2Fv2%2Fproduct_tag&post=6326"}],"curies":[{"name":"wp","href":"https:\/\/api.w.org\/{rel}","templated":true}]}}