{"id":5976,"date":"2025-08-27T16:49:45","date_gmt":"2025-08-27T09:49:45","guid":{"rendered":"https:\/\/nhadepbepxinh.com.vn\/?post_type=product&#038;p=5976"},"modified":"2025-08-27T16:49:45","modified_gmt":"2025-08-27T09:49:45","slug":"tu-do-kho-canh-keo-diamond-2-0","status":"publish","type":"product","link":"https:\/\/nhadepbepxinh.com.vn\/?product=tu-do-kho-canh-keo-diamond-2-0","title":{"rendered":"T\u1ee6 \u0110\u1ed2 KH\u00d4 C\u00c1NH K\u00c9O DIAMOND 2.0"},"content":{"rendered":"<p>T\u1ee7 \u0111\u1ed3 kh\u00f4 c\u00e1nh k\u00e9o Diamond 2.0 c\u1ee7a Higold mang \u0111\u1ebfn gi\u1ea3i ph\u00e1p l\u01b0u tr\u1eef ti\u1ec7n l\u1ee3i v\u00e0 hi\u1ec7n \u0111\u1ea1i cho kh\u00f4ng gian b\u1ebfp. V\u1edbi thi\u1ebft k\u1ebf c\u00e1nh r\u00fat, dung l\u01b0\u1ee3ng l\u01b0u tr\u1eef l\u1edbn, s\u1ea3n ph\u1ea9m gi\u00fap b\u1ea1n d\u1ec5 d\u00e0ng s\u1eafp x\u1ebfp, c\u1ea5t v\u00e0 l\u1ea5y c\u00e1c \u0111\u1ed3 d\u00f9ng l\u01b0u tr\u1eef trong t\u1ee7. T\u1eeb ch\u1ea5t li\u1ec7u \u0111\u1ebfn thi\u1ebft k\u1ebf, m\u1ed7i chi ti\u1ebft c\u1ee7a t\u1ee7 \u0111\u1ec1u to\u00e1t l\u00ean v\u1ebb \u0111\u1eb9p tinh t\u1ebf, gi\u00fap kh\u00f4ng gian b\u1ebfp c\u1ee7a b\u1ea1n tr\u1edf n\u00ean sang tr\u1ecdng h\u01a1n<\/p>\n","protected":false},"excerpt":{"rendered":"<p>T\u1ee7 \u0111\u1ed3 kh\u00f4 c\u00e1nh k\u00e9o Diamond 2.0 c\u1ee7a Higold mang \u0111\u1ebfn gi\u1ea3i ph\u00e1p l\u01b0u tr\u1eef ti\u1ec7n l\u1ee3i v\u00e0 hi\u1ec7n \u0111\u1ea1i cho kh\u00f4ng gian b\u1ebfp. V\u1edbi thi\u1ebft k\u1ebf c\u00e1nh r\u00fat, dung l\u01b0\u1ee3ng l\u01b0u tr\u1eef l\u1edbn, s\u1ea3n ph\u1ea9m gi\u00fap b\u1ea1n d\u1ec5 d\u00e0ng s\u1eafp x\u1ebfp, c\u1ea5t v\u00e0 l\u1ea5y c\u00e1c \u0111\u1ed3 d\u00f9ng l\u01b0u tr\u1eef trong t\u1ee7. T\u1eeb ch\u1ea5t li\u1ec7u&#8230;<\/p>\n","protected":false},"featured_media":5977,"comment_status":"open","ping_status":"closed","template":"","meta":[],"product_brand":[],"product_cat":[55,133],"product_tag":[],"class_list":{"0":"post-5976","1":"product","2":"type-product","3":"status-publish","4":"has-post-thumbnail","6":"product_cat-phu-kien-tu-bep","7":"product_cat-higold","9":"first","10":"instock","11":"shipping-taxable","12":"product-type-simple"},"_links":{"self":[{"href":"https:\/\/nhadepbepxinh.com.vn\/index.php?rest_route=\/wp\/v2\/product\/5976","targetHints":{"allow":["GET"]}}],"collection":[{"href":"https:\/\/nhadepbepxinh.com.vn\/index.php?rest_route=\/wp\/v2\/product"}],"about":[{"href":"https:\/\/nhadepbepxinh.com.vn\/index.php?rest_route=\/wp\/v2\/types\/product"}],"replies":[{"embeddable":true,"href":"https:\/\/nhadepbepxinh.com.vn\/index.php?rest_route=%2Fwp%2Fv2%2Fcomments&post=5976"}],"wp:featuredmedia":[{"embeddable":true,"href":"https:\/\/nhadepbepxinh.com.vn\/index.php?rest_route=\/wp\/v2\/media\/5977"}],"wp:attachment":[{"href":"https:\/\/nhadepbepxinh.com.vn\/index.php?rest_route=%2Fwp%2Fv2%2Fmedia&parent=5976"}],"wp:term":[{"taxonomy":"product_brand","embeddable":true,"href":"https:\/\/nhadepbepxinh.com.vn\/index.php?rest_route=%2Fwp%2Fv2%2Fproduct_brand&post=5976"},{"taxonomy":"product_cat","embeddable":true,"href":"https:\/\/nhadepbepxinh.com.vn\/index.php?rest_route=%2Fwp%2Fv2%2Fproduct_cat&post=5976"},{"taxonomy":"product_tag","embeddable":true,"href":"https:\/\/nhadepbepxinh.com.vn\/index.php?rest_route=%2Fwp%2Fv2%2Fproduct_tag&post=5976"}],"curies":[{"name":"wp","href":"https:\/\/api.w.org\/{rel}","templated":true}]}}