{"id":5963,"date":"2025-08-27T16:43:39","date_gmt":"2025-08-27T09:43:39","guid":{"rendered":"https:\/\/nhadepbepxinh.com.vn\/?post_type=product&#038;p=5963"},"modified":"2025-08-27T16:43:39","modified_gmt":"2025-08-27T09:43:39","slug":"gia-dung-bat-dia-3-mat-shearer-4-0-max","status":"publish","type":"product","link":"https:\/\/nhadepbepxinh.com.vn\/?product=gia-dung-bat-dia-3-mat-shearer-4-0-max","title":{"rendered":"GI\u00c1 \u0110\u1ef0NG B\u00c1T \u0110\u0128A 3 M\u1eb6T SHEARER 4.0 MAX"},"content":{"rendered":"<p>1. Ch\u1ea5t li\u1ec7u cao c\u1ea5p: Khung ng\u0103n k\u00e9o ba m\u1eb7t \u0111\u01b0\u1ee3c ch\u1ebf t\u1ea1o t\u1eeb nh\u00f4m h\u00e0ng kh\u00f4ng si\u00eau nh\u1eb9, c\u00f3 kh\u1ea3 n\u0103ng ch\u1ecbu nhi\u1ec7t, ch\u1ecbu \u1ea9m v\u00e0 ch\u1ed1ng m\u00e0i m\u00f2n v\u01b0\u1ee3t tr\u1ed9i. C\u00e1c khay chia \u0111\u01b0\u1ee3c l\u00e0m t\u1eeb nh\u1ef1a ABS nguy\u00ean sinh, c\u00f3 \u0111\u1eb7c t\u00ednh ch\u1ed1ng n\u01b0\u1edbc, ch\u1ed1ng g\u1ec9, \u0111\u1ed9 b\u1ec1n cao, thi\u1ebft k\u1ebf th\u00e1o r\u1eddi linh ho\u1ea1t, d\u1ec5 d\u00e0ng \u0111i\u1ec1u ch\u1ec9nh v\u00e0 v\u1ec7 sinh khi c\u1ea7n.<\/p>\n<p>2. Thi\u1ebft k\u1ebf h\u1ea1 s\u00e2u 20mm, gi\u00fap t\u1eadn d\u1ee5ng tri\u1ec7t \u0111\u1ec3 chi\u1ec1u cao, gi\u00fap t\u0103ng th\u1ec3 t\u00edch l\u01b0u tr\u1eef b\u00ean trong t\u1ee7. \u0110\u1ed3ng th\u1eddi \u0111\u1ea3m b\u1ea3o t\u01b0\u01a1ng th\u00edch ho\u00e0n h\u1ea3o v\u1edbi c\u00e1nh t\u1ee7 c\u00f3 tay n\u1eafm \u00e2m, tr\u00e1nh va ch\u1ea1m \u0111\u0129a khi \u0111\u00f3ng m\u1edf.<\/p>\n<p>3. Kh\u1ea3 n\u0103ng l\u01b0u tr\u1eef b\u00e1t \u0111\u0129a k\u00edch th\u01b0\u1edbc l\u1edbn l\u00ean t\u1edbi 9 inch m\u00e0 kh\u00f4ng c\u1ea7n thi\u1ebft k\u1ebf h\u1ea1 \u0111\u00e1y \u2013 gi\u1ea3i ph\u00e1p \u0111\u1ed9t ph\u00e1, ph\u00e1 v\u1ee1 gi\u1edbi h\u1ea1n l\u01b0u tr\u1eef truy\u1ec1n th\u1ed1ng. C\u1ea5u tr\u00fac lo\u1ea1i b\u1ecf ho\u00e0n to\u00e0n t\u1ea5m \u0111\u00e1y v\u00e0 ray tr\u01b0\u1ee3t ngang, m\u1edf r\u1ed9ng kh\u00f4ng gian s\u1eed d\u1ee5ng v\u00e0 ng\u0103n ng\u1eeba va ch\u1ea1m v\u1eadt d\u1ee5ng khi v\u1eadn h\u00e0nh.<\/p>\n<p>4. C\u1ea5u tr\u00fac 2 t\u1ea7ng \u2013 5 khu v\u1ef1c l\u01b0u tr\u1eef: b\u00ean tr\u00e1i thi\u1ebft k\u1ebf m\u1edf \u0111\u1ec3 ch\u1ee9a v\u1eadt d\u1ee5ng k\u00edch th\u01b0\u1edbc l\u1edbn, b\u00ean ph\u1ea3i chia t\u1ea7ng khoa h\u1ecdc nh\u1eb1m t\u1ed1i \u01b0u h\u00f3a kh\u00f4ng gian v\u00e0 ph\u00e2n lo\u1ea1i \u0111\u1ed3 d\u00f9ng hi\u1ec7u qu\u1ea3. C\u00f3 th\u1ec3 t\u00f9y ch\u1ecdn l\u1eafp \u0111\u1eb7t gi\u00e1 \u0111\u01a1n t\u1ea7ng ho\u1eb7c t\u1ea7ng k\u00e9p, \u0111\u00e1p \u1ee9ng linh ho\u1ea1t nhu c\u1ea7u s\u1eed d\u1ee5ng.<\/p>\n<p>5. T\u00edch h\u1ee3p th\u00eam ng\u0103n k\u00e9o con t\u1ea1i v\u00f9ng l\u1eedng d\u00f9ng \u0111\u1ec3 \u0111\u1ef1ng d\u1ee5ng c\u1ee5 \u0103n, thi\u1ebft k\u1ebf khay l\u01b0\u1ee3n s\u00f3ng ch\u1eef V ch\u1ed1ng va \u0111\u1eadp, gi\u00fap t\u1eadn d\u1ee5ng hi\u1ec7u qu\u1ea3 kho\u1ea3ng tr\u1ed1ng th\u01b0\u1eddng b\u1ecb l\u00e3ng ph\u00ed trong h\u1ec7 t\u1ee7.<\/p>\n<p>6. H\u1ec7 ray tr\u01b0\u1ee3t gi\u1ea3m ch\u1ea5n \u00e2m cao c\u1ea5p: chuy\u1ec3n \u0111\u1ed9ng \u00eam \u00e1i, gi\u1ea3m ti\u1ebfng \u1ed3n, ch\u1ed1ng rung l\u1eafc, g\u00f3p ph\u1ea7n b\u1ea3o v\u1ec7 k\u1ebft c\u1ea5u t\u1ed5ng th\u1ec3 c\u1ee7a t\u1ee7 b\u1ebfp v\u00e0 n\u00e2ng cao tr\u1ea3i nghi\u1ec7m s\u1eed d\u1ee5ng.<\/p>\n<p>7. Khu v\u1ef1c DIY t\u00edch h\u1ee3p tr\u1ee5 \u0111\u1ee9ng xoay tay linh ho\u1ea1t: d\u1ec5 d\u00e0ng s\u1eafp x\u1ebfp theo nhu c\u1ea7u, tho\u00e1t n\u01b0\u1edbc nhanh, ng\u0103n \u0111\u1ecdng n\u01b0\u1edbc, gi\u1eef v\u1ec7 sinh t\u1ee7.<\/p>\n<p>8. C\u00e1c \u0111i\u1ec3m li\u00ean k\u1ebft \u0111\u01b0\u1ee3c x\u1eed l\u00fd \u1ea9n ho\u00e0n to\u00e0n, kh\u00f4ng \u0111\u1ec3 l\u1ed9 v\u00edt tr\u00ean b\u1ec1 m\u1eb7t, gi\u00fap t\u1ed5ng th\u1ec3 s\u1ea3n ph\u1ea9m li\u1ec1n m\u1ea1ch, th\u1ea9m m\u1ef9, \u0111\u1ed3ng th\u1eddi h\u1ea1n ch\u1ebf b\u00e1m b\u1ee5i v\u00e0 d\u1ec5 d\u00e0ng lau ch\u00f9i.<\/p>\n<p>9. \u0110a d\u1ea1ng k\u00edch th\u01b0\u1edbc: 600, 700, 750, 800, 900mm \u2013 ph\u00f9 h\u1ee3p nhi\u1ec1u lo\u1ea1i t\u1ee7 b\u1ebfp ph\u1ed5 bi\u1ebfn hi\u1ec7n nay.<\/p>\n","protected":false},"excerpt":{"rendered":"<p>1. Ch\u1ea5t li\u1ec7u cao c\u1ea5p: Khung ng\u0103n k\u00e9o ba m\u1eb7t \u0111\u01b0\u1ee3c ch\u1ebf t\u1ea1o t\u1eeb nh\u00f4m h\u00e0ng kh\u00f4ng si\u00eau nh\u1eb9, c\u00f3 kh\u1ea3 n\u0103ng ch\u1ecbu nhi\u1ec7t, ch\u1ecbu \u1ea9m v\u00e0 ch\u1ed1ng m\u00e0i m\u00f2n v\u01b0\u1ee3t tr\u1ed9i. C\u00e1c khay chia \u0111\u01b0\u1ee3c l\u00e0m t\u1eeb nh\u1ef1a ABS nguy\u00ean sinh, c\u00f3 \u0111\u1eb7c t\u00ednh ch\u1ed1ng n\u01b0\u1edbc, ch\u1ed1ng g\u1ec9, \u0111\u1ed9 b\u1ec1n cao, thi\u1ebft k\u1ebf th\u00e1o&#8230;<\/p>\n","protected":false},"featured_media":5964,"comment_status":"open","ping_status":"closed","template":"","meta":[],"product_brand":[],"product_cat":[55,133],"product_tag":[],"class_list":{"0":"post-5963","1":"product","2":"type-product","3":"status-publish","4":"has-post-thumbnail","6":"product_cat-phu-kien-tu-bep","7":"product_cat-higold","9":"first","10":"instock","11":"shipping-taxable","12":"product-type-simple"},"_links":{"self":[{"href":"https:\/\/nhadepbepxinh.com.vn\/index.php?rest_route=\/wp\/v2\/product\/5963","targetHints":{"allow":["GET"]}}],"collection":[{"href":"https:\/\/nhadepbepxinh.com.vn\/index.php?rest_route=\/wp\/v2\/product"}],"about":[{"href":"https:\/\/nhadepbepxinh.com.vn\/index.php?rest_route=\/wp\/v2\/types\/product"}],"replies":[{"embeddable":true,"href":"https:\/\/nhadepbepxinh.com.vn\/index.php?rest_route=%2Fwp%2Fv2%2Fcomments&post=5963"}],"wp:featuredmedia":[{"embeddable":true,"href":"https:\/\/nhadepbepxinh.com.vn\/index.php?rest_route=\/wp\/v2\/media\/5964"}],"wp:attachment":[{"href":"https:\/\/nhadepbepxinh.com.vn\/index.php?rest_route=%2Fwp%2Fv2%2Fmedia&parent=5963"}],"wp:term":[{"taxonomy":"product_brand","embeddable":true,"href":"https:\/\/nhadepbepxinh.com.vn\/index.php?rest_route=%2Fwp%2Fv2%2Fproduct_brand&post=5963"},{"taxonomy":"product_cat","embeddable":true,"href":"https:\/\/nhadepbepxinh.com.vn\/index.php?rest_route=%2Fwp%2Fv2%2Fproduct_cat&post=5963"},{"taxonomy":"product_tag","embeddable":true,"href":"https:\/\/nhadepbepxinh.com.vn\/index.php?rest_route=%2Fwp%2Fv2%2Fproduct_tag&post=5963"}],"curies":[{"name":"wp","href":"https:\/\/api.w.org\/{rel}","templated":true}]}}