{"id":5944,"date":"2025-08-27T16:34:18","date_gmt":"2025-08-27T09:34:18","guid":{"rendered":"https:\/\/nhadepbepxinh.com.vn\/?post_type=product&#038;p=5944"},"modified":"2025-08-27T16:34:18","modified_gmt":"2025-08-27T09:34:18","slug":"gia-bat-dia-nang-ha-dien-higold-inox-304","status":"publish","type":"product","link":"https:\/\/nhadepbepxinh.com.vn\/?product=gia-bat-dia-nang-ha-dien-higold-inox-304","title":{"rendered":"GI\u00c1 B\u00c1T \u0110\u0128A N\u00c2NG H\u1ea0 \u0110I\u1ec6N HIGOLD INOX 304"},"content":{"rendered":"<p>1. T\u1ef1 \u0111\u1ed9ng n\u00e2ng h\u1ea1 theo ph\u01b0\u01a1ng th\u1eb3ng \u0111\u1ee9ng b\u1eb1ng c\u1ea3m bi\u1ebfn ch\u1ea1m tay, kh\u00f4ng \u0111\u1ea9y ra ngo\u00e0i nh\u01b0 nh\u1eefng lo\u1ea1i gi\u00e1 n\u00e2ng h\u1ea1 th\u00f4ng th\u01b0\u1eddng, t\u1ed1i \u01b0u khi l\u1eafp \u0111\u1eb7t b\u00ean d\u01b0\u1edbi ch\u1eadu r\u1eeda ch\u00e9n.<br \/>\n2.Thi\u1ebft k\u1ebf th\u00f4ng minh nh\u1edd c\u00f4ng ngh\u1ec7 ch\u1ea1m c\u1ea3m bi\u1ebfn t\u1ef1 \u0111\u1ed9ng cho ph\u00e9p ng\u01b0\u1eddi d\u00f9ng ch\u1ec9 c\u1ea7n ch\u1ea1m nh\u1eb9 v\u00e0o v\u1ea1ch c\u1ea3m bi\u1ebfn, gi\u00e1 b\u00e1t s\u1ebd t\u1ef1 \u0111\u1ed9ng di chuy\u1ec3n \u1edf m\u1ecdi v\u1ecb tr\u00ed; \u0111\u1ed3ng th\u1eddi k\u00edch ho\u1ea1t \u0111\u00e8n Led tr\u00ean gi\u00e1 ph\u00e1t s\u00e1ng, t\u1ea1o \u00e1nh s\u00e1ng v\u1eeba \u0111\u1ee7 cho khu v\u1ef1c b\u1ebfp, gi\u00fap b\u1ea1n d\u1ec5 d\u00e0ng quan s\u00e1t v\u00e0 l\u1ea5y b\u00e1t \u0111\u0129a ngay c\u1ea3 trong \u0111i\u1ec1u ki\u1ec7n thi\u1ebfu s\u00e1ng.<br \/>\n3. Gi\u00e1 b\u00e1t c\u00f2n tr\u00e1nh v\u1eadt c\u1ea3n th\u00f4ng minh, khi g\u1eb7p v\u1eadt c\u1ea3n gi\u00e1 s\u1ebd t\u1ef1 \u0111\u1ed9ng \u0111\u1ea3o chi\u1ec1u chuy\u1ec3n \u0111\u1ed9ng, \u0111\u1ec3 h\u1ea1n ch\u1ebf va ch\u1ea1m, b\u1ea3o v\u1ec7 thi\u1ebft b\u1ecb kh\u1ecfi h\u01b0 h\u1ea1i.<br \/>\n4.\u00a0S\u1ea3n ph\u1ea9m s\u1eed d\u1ee5ng \u0111i\u1ec7n \u00e1p \u0111\u1ecbnh m\u1ee9c 100-220V, t\u01b0\u01a1ng th\u00edch v\u1edbi h\u1ea7u h\u1ebft h\u1ec7 th\u1ed1ng \u0111i\u1ec7n trong gia \u0111\u00ecnh.<br \/>\n5. Thi\u1ebft k\u1ebf 2 t\u1ea7ng ri\u00eang bi\u1ec7t, t\u1ea7ng tr\u00ean \u0111\u1ec3 b\u00e1t, t\u1ea7ng d\u01b0\u1edbi \u0111\u1ec3 \u0111\u0129a t\u1ed1i \u01b0u cho vi\u1ec7c ph\u00e2n lo\u1ea1i v\u00e0 s\u1eafp x\u1ebfp b\u00e1t \u0111\u0129a; khay \u0111\u1ef1ng th\u00eca \u0111\u0169a t\u00edch h\u1ee3p b\u00ean h\u00f4ng kh\u00f4ng ch\u1ec9 ti\u1ebft ki\u1ec7m di\u1ec7n t\u00edch m\u00e0 c\u00f2n thu\u1eadn ti\u1ec7n trong vi\u1ec7c ph\u00e2n lo\u1ea1i c\u00e1c v\u1eadt d\u1ee5ng b\u1ebfp.<br \/>\n6. \u0110\u01b0\u1ee3c s\u1ea3n xu\u1ea5t t\u1eeb inox 304 cao c\u1ea5p, ch\u1ed1ng oxy h\u00f3a cao, h\u1ea1n ch\u1ebf han g\u1ec9, b\u1ec1n b\u1ec9 v\u00e0 an to\u00e0n trong qu\u00e1 tr\u00ecnh s\u1eed d\u1ee5ng.<br \/>\n7. Gi\u00e1 \u0111\u1ef1ng thi\u1ebft k\u1ebf d\u1ea1ng nan th\u00f4ng tho\u00e1ng, t\u00edch h\u1ee3p khay h\u1ee9ng n\u01b0\u1edbc l\u00e0m t\u1eeb nh\u1ef1a ABS b\u1ec1n b\u1ec9, d\u1ec5 d\u00e0ng th\u00e1o r\u1eddi \u0111\u1ec3 v\u1ec7 sinh, gi\u00fap kh\u00f4ng gian lu\u00f4n s\u1ea1ch s\u1ebd v\u00e0 kh\u00f4 r\u00e1o.<br \/>\n8. Thi\u1ebft k\u1ebf ch\u1eafc ch\u1eafn, gi\u00e1 b\u00e1t \u0111\u0129a c\u00f3 th\u1ec3 ch\u1ecbu t\u1ea3i tr\u1ecdng l\u00ean \u0111\u1ebfn 20kg, gi\u00fap b\u1ea1n tho\u1ea3i m\u00e1i s\u1eafp x\u1ebfp nhi\u1ec1u b\u00e1t \u0111\u0129a m\u00e0 kh\u00f4ng lo b\u1ecb \u0111\u1ed5, v\u1ee1.<\/p>\n<p>&nbsp;<\/p>\n","protected":false},"excerpt":{"rendered":"<p>1. T\u1ef1 \u0111\u1ed9ng n\u00e2ng h\u1ea1 theo ph\u01b0\u01a1ng th\u1eb3ng \u0111\u1ee9ng b\u1eb1ng c\u1ea3m bi\u1ebfn ch\u1ea1m tay, kh\u00f4ng \u0111\u1ea9y ra ngo\u00e0i nh\u01b0 nh\u1eefng lo\u1ea1i gi\u00e1 n\u00e2ng h\u1ea1 th\u00f4ng th\u01b0\u1eddng, t\u1ed1i \u01b0u khi l\u1eafp \u0111\u1eb7t b\u00ean d\u01b0\u1edbi ch\u1eadu r\u1eeda ch\u00e9n. 2.Thi\u1ebft k\u1ebf th\u00f4ng minh nh\u1edd c\u00f4ng ngh\u1ec7 ch\u1ea1m c\u1ea3m bi\u1ebfn t\u1ef1 \u0111\u1ed9ng cho ph\u00e9p ng\u01b0\u1eddi d\u00f9ng ch\u1ec9 c\u1ea7n ch\u1ea1m&#8230;<\/p>\n","protected":false},"featured_media":5945,"comment_status":"open","ping_status":"closed","template":"","meta":[],"product_brand":[],"product_cat":[55,133],"product_tag":[],"class_list":{"0":"post-5944","1":"product","2":"type-product","3":"status-publish","4":"has-post-thumbnail","6":"product_cat-phu-kien-tu-bep","7":"product_cat-higold","9":"first","10":"instock","11":"shipping-taxable","12":"product-type-simple"},"_links":{"self":[{"href":"https:\/\/nhadepbepxinh.com.vn\/index.php?rest_route=\/wp\/v2\/product\/5944","targetHints":{"allow":["GET"]}}],"collection":[{"href":"https:\/\/nhadepbepxinh.com.vn\/index.php?rest_route=\/wp\/v2\/product"}],"about":[{"href":"https:\/\/nhadepbepxinh.com.vn\/index.php?rest_route=\/wp\/v2\/types\/product"}],"replies":[{"embeddable":true,"href":"https:\/\/nhadepbepxinh.com.vn\/index.php?rest_route=%2Fwp%2Fv2%2Fcomments&post=5944"}],"wp:featuredmedia":[{"embeddable":true,"href":"https:\/\/nhadepbepxinh.com.vn\/index.php?rest_route=\/wp\/v2\/media\/5945"}],"wp:attachment":[{"href":"https:\/\/nhadepbepxinh.com.vn\/index.php?rest_route=%2Fwp%2Fv2%2Fmedia&parent=5944"}],"wp:term":[{"taxonomy":"product_brand","embeddable":true,"href":"https:\/\/nhadepbepxinh.com.vn\/index.php?rest_route=%2Fwp%2Fv2%2Fproduct_brand&post=5944"},{"taxonomy":"product_cat","embeddable":true,"href":"https:\/\/nhadepbepxinh.com.vn\/index.php?rest_route=%2Fwp%2Fv2%2Fproduct_cat&post=5944"},{"taxonomy":"product_tag","embeddable":true,"href":"https:\/\/nhadepbepxinh.com.vn\/index.php?rest_route=%2Fwp%2Fv2%2Fproduct_tag&post=5944"}],"curies":[{"name":"wp","href":"https:\/\/api.w.org\/{rel}","templated":true}]}}