{"id":5688,"date":"2025-07-15T15:48:29","date_gmt":"2025-07-15T08:48:29","guid":{"rendered":"https:\/\/nhadepbepxinh.com.vn\/?post_type=product&#038;p=5688"},"modified":"2025-07-15T15:49:23","modified_gmt":"2025-07-15T08:49:23","slug":"voi-bep-ma-crom-nong-lanh-leguava-glvrb-22","status":"publish","type":"product","link":"https:\/\/nhadepbepxinh.com.vn\/?product=voi-bep-ma-crom-nong-lanh-leguava-glvrb-22","title":{"rendered":"V\u00f2i b\u1ebfp m\u1ea1 Crom n\u00f3ng l\u1ea1nh Le\u2019guava GLVRB \u2013 22"},"content":{"rendered":"<p><strong>M\u00e3 s\u1ea3n ph\u1ea9m: GLVRB \u2013 22<\/strong><br \/>\n\u2013 H\u00ecnh d\u00e1ng: V\u00f2i thi\u1ebft k\u1ebf vu\u00f4ng b\u1ea7u theo phong c\u00e1ch ch\u00e2u \u00e2u hi\u1ec7n \u0111\u1ea1i.<br \/>\n\u2013 Ch\u1ee9c n\u0103ng: N\u00f3ng l\u1ea1nh + Xoay 360 \u0111\u1ed9<br \/>\n\u2013 Ch\u1ea5t li\u1ec7u: C\u1ee7 v\u00e0 th\u00e2n v\u00f2i 100% l\u00e0 h\u1ee3p kim \u0111\u1ed3ng 61% ti\u00eau chu\u1ea9n Ch\u00e2u \u00c2u, an to\u00e0n cho s\u1ee9c kh\u1ecfe.<br \/>\n\u2013 B\u1ec1 m\u1eb7t: PVD Crom 5 l\u1edbp, b\u1ec1 m\u1eb7t m\u1ea1 s\u00e1ng b\u00f3ng b\u1ec1n l\u00e2u, ch\u1ed1ng b\u00e1m v\u00e2n tay.<br \/>\n\u2013 L\u00f5i tr\u1ed9n n\u00f3ng l\u1ea1nh cao c\u1ea5p, \u0111\u1ed9 b\u1ec1n l\u00ean \u0111\u1ebfn 500.000 l\u1ea7n \u0111\u00f3ng m\u1edf.<\/p>\n<p><strong>Ho\u00e0n h\u1ea3o cho m\u1ecdi kh\u00f4ng gian b\u1ebfp.<\/strong>\u00a0K\u1ebft h\u1ee3p h\u00e0i h\u00f2a gi\u1eefa thi\u1ebft k\u1ebf tinh t\u1ebf v\u00e0 c\u00f4ng ngh\u1ec7 hi\u1ec7n \u0111\u1ea1i, v\u00f2i b\u1ebfp c\u1ee7a ch\u00fang t\u00f4i l\u00e0 \u0111i\u1ec3m nh\u1ea5n ho\u00e0n h\u1ea3o cho c\u0103n b\u1ebfp c\u1ee7a b\u1ea1n. B\u1ed9 chia n\u01b0\u1edbc b\u1eb1ng g\u1ed1m Ceramic b\u1ec1n b\u1ec9, c\u00f9ng v\u1edbi \u0111\u1ea7u v\u00f2i thi\u1ebft k\u1ebf \u0111\u1ed9c \u0111\u00e1o, mang \u0111\u1ebfn tr\u1ea3i nghi\u1ec7m s\u1eed d\u1ee5ng tuy\u1ec7t v\u1eddi. Ch\u1ea5t li\u1ec7u cao c\u1ea5p, an to\u00e0n cho s\u1ee9c kh\u1ecfe, \u0111\u1ea3m b\u1ea3o s\u1ea3n ph\u1ea9m lu\u00f4n b\u1ec1n \u0111\u1eb9p theo th\u1eddi gian.<\/p>\n<p>\u2013 V\u00f2i b\u1ebfp n\u00f3ng l\u1ea1nh g\u1eafn ch\u1eadu.<\/p>\n<p>\u2013 \u0110\u01b0\u1ee3c s\u1ea3n xu\u1ea5t tr\u00ean d\u00e2y chuy\u1ec1n c\u00f4ng ngh\u1ec7 hi\u1ec7n \u0111\u1ea1i ti\u00eau chu\u1ea9n Ch\u00e2u \u00c2u.<\/p>\n<p>\u2013 B\u1ed9 chia n\u01b0\u1edbc v\u1edbi m\u1eb7t tr\u01b0\u1ee3t b\u1ec1n b\u1ec9 s\u1eed d\u1ee5ng tr\u00ean 10 n\u0103m (t\u01b0\u01a1ng \u0111\u01b0\u01a1ng v\u1edbi 500.000 l\u1ea7n \u0111\u00f3ng-m\u1edf).<\/p>\n<p>\u2013 \u0110\u1ea7u v\u00f2i\u00a0v\u1edbi ch\u1ea5t li\u1ec7u nh\u1ef1a cao c\u1ea5p ch\u1ecbu \u0111\u01b0\u1ee3c nhi\u1ec7t \u0111\u1ed9 l\u00ean \u0111\u1ebfn 140 \u0111\u1ed9 C trong th\u1eddi gian d\u00e0i. K\u1ebft c\u1ea5u d\u1ea1ng t\u1ed5 ong gi\u00fap \u1ed5n \u0111\u1ecbnh l\u01b0u l\u01b0\u1ee3ng, t\u1ea1o ra d\u00f2ng n\u01b0\u1edbc \u00eam, gi\u1ea3m ti\u1ebfng \u1ed3n, t\u1ea1o b\u1ecdt, ti\u1ebft ki\u1ec7m n\u01b0\u1edbc.<\/p>\n<p>\u2013 C\u00e1c chi ti\u1ebft gio\u0103ng cao su c\u00f3 t\u00ednh \u0111\u00e0n h\u1ed3i t\u1ed1t, ch\u1ecbu m\u00e0i m\u00f2n, ch\u1ecbu \u0111\u01b0\u1ee3c nhi\u1ec7t \u0111\u1ed9 l\u00ean \u0111\u1ebfn 90 \u0111\u1ed9 C.<\/p>\n","protected":false},"excerpt":{"rendered":"<p>M\u00e3 s\u1ea3n ph\u1ea9m: GLVRB \u2013 22 \u2013 H\u00ecnh d\u00e1ng: V\u00f2i thi\u1ebft k\u1ebf vu\u00f4ng b\u1ea7u theo phong c\u00e1ch ch\u00e2u \u00e2u hi\u1ec7n \u0111\u1ea1i. \u2013 Ch\u1ee9c n\u0103ng: N\u00f3ng l\u1ea1nh + Xoay 360 \u0111\u1ed9 \u2013 Ch\u1ea5t li\u1ec7u: C\u1ee7 v\u00e0 th\u00e2n v\u00f2i 100% l\u00e0 h\u1ee3p kim \u0111\u1ed3ng 61% ti\u00eau chu\u1ea9n Ch\u00e2u \u00c2u, an to\u00e0n cho s\u1ee9c kh\u1ecfe. \u2013 B\u1ec1 m\u1eb7t:&#8230;<\/p>\n","protected":false},"featured_media":5689,"comment_status":"open","ping_status":"closed","template":"","meta":[],"product_brand":[],"product_cat":[17,131],"product_tag":[],"class_list":{"0":"post-5688","1":"product","2":"type-product","3":"status-publish","4":"has-post-thumbnail","6":"product_cat-voi-rua-bat","7":"product_cat-leguava","9":"first","10":"instock","11":"shipping-taxable","12":"product-type-simple"},"_links":{"self":[{"href":"https:\/\/nhadepbepxinh.com.vn\/index.php?rest_route=\/wp\/v2\/product\/5688","targetHints":{"allow":["GET"]}}],"collection":[{"href":"https:\/\/nhadepbepxinh.com.vn\/index.php?rest_route=\/wp\/v2\/product"}],"about":[{"href":"https:\/\/nhadepbepxinh.com.vn\/index.php?rest_route=\/wp\/v2\/types\/product"}],"replies":[{"embeddable":true,"href":"https:\/\/nhadepbepxinh.com.vn\/index.php?rest_route=%2Fwp%2Fv2%2Fcomments&post=5688"}],"wp:featuredmedia":[{"embeddable":true,"href":"https:\/\/nhadepbepxinh.com.vn\/index.php?rest_route=\/wp\/v2\/media\/5689"}],"wp:attachment":[{"href":"https:\/\/nhadepbepxinh.com.vn\/index.php?rest_route=%2Fwp%2Fv2%2Fmedia&parent=5688"}],"wp:term":[{"taxonomy":"product_brand","embeddable":true,"href":"https:\/\/nhadepbepxinh.com.vn\/index.php?rest_route=%2Fwp%2Fv2%2Fproduct_brand&post=5688"},{"taxonomy":"product_cat","embeddable":true,"href":"https:\/\/nhadepbepxinh.com.vn\/index.php?rest_route=%2Fwp%2Fv2%2Fproduct_cat&post=5688"},{"taxonomy":"product_tag","embeddable":true,"href":"https:\/\/nhadepbepxinh.com.vn\/index.php?rest_route=%2Fwp%2Fv2%2Fproduct_tag&post=5688"}],"curies":[{"name":"wp","href":"https:\/\/api.w.org\/{rel}","templated":true}]}}