{"id":5650,"date":"2025-07-15T14:53:21","date_gmt":"2025-07-15T07:53:21","guid":{"rendered":"https:\/\/nhadepbepxinh.com.vn\/?post_type=product&#038;p=5650"},"modified":"2025-07-15T14:53:22","modified_gmt":"2025-07-15T07:53:22","slug":"may-hut-mui-turbo-smart-3d-x3d-350d-auto-clean","status":"publish","type":"product","link":"https:\/\/nhadepbepxinh.com.vn\/?product=may-hut-mui-turbo-smart-3d-x3d-350d-auto-clean","title":{"rendered":"M\u00e1y h\u00fat m\u00f9i Turbo Smart 3D X3D-350D Auto Clean"},"content":{"rendered":"<div class=\"col-12 left-main\">\n<div class=\"information-produce\">\n<div class=\"tab-information\">\n<div id=\"accordion-1\" class=\"inner\" role=\"tablist\" aria-multiselectable=\"true\">\n<div class=\"a-content\">\n<div class=\"card\">\n<div id=\"section1\" class=\"collapse in show\" role=\"tabpanel\">\n<div><iframe loading=\"lazy\" title=\"YouTube video player\" src=\"https:\/\/www.youtube.com\/embed\/TNuK9YlvaY4\" width=\"560\" height=\"315\" frameborder=\"0\" scrolling=\"no\" sandbox=\"allow-same-origin allow-scripts allow-popups allow-forms\" allowfullscreen=\"allowfullscreen\"><\/iframe><\/div>\n<div class=\"card-block noidung\"><strong>M\u00e1y h\u00fat m\u00f9i Turbo X Smart 3D Auto Clean: L\u1eddi gi\u1ea3i ho\u00e0n h\u1ea3o cho c\u0103n b\u1ebfp hi\u1ec7n \u0111\u1ea1i<\/strong><br \/>\nKhi ch\u1ecdn mua m\u1ed9t chi\u1ebfc m\u00e1y h\u00fat m\u00f9i, b\u1ea1n quan t\u00e2m \u0111i\u1ec1u g\u00ec nh\u1ea5t?<br \/>\nC\u00f3 ph\u1ea3i l\u00e0 m\u1ed9t l\u1ef1c h\u00fat th\u1eadt m\u1ea1nh \u0111\u1ec3 &#8220;c\u00e2n&#8221; h\u1ebft c\u00e1c m\u00f3n chi\u00ean x\u00e0o n\u1eb7ng m\u00f9i? Hay m\u1ed9t \u0111\u1ed9ng c\u01a1 v\u1eadn h\u00e0nh th\u1eadt \u00eam \u0111\u1ec3 kh\u00f4ng ph\u00e1 v\u1ee1 kh\u00f4ng gian y\u00ean t\u0129nh c\u1ee7a gia \u0111\u00ecnh? Hay \u0111\u00f3 ph\u1ea3i l\u00e0 m\u1ed9t thi\u1ebft k\u1ebf th\u1eadt \u0111\u1eb9p, th\u1eadt v\u1eeba v\u1eb7n v\u1edbi h\u1ec7 t\u1ee7 b\u1ebfp m\u00e0 b\u1ea1n \u0111\u00e3 t\u1ed1n bao c\u00f4ng s\u1ee9c l\u1ef1a ch\u1ecdn?<br \/>\nS\u1ebd ra sao n\u1ebfu c\u00f3 m\u1ed9t s\u1ea3n ph\u1ea9m kh\u00f4ng b\u1eaft b\u1ea1n ph\u1ea3i l\u1ef1a ch\u1ecdn, m\u00e0 mang \u0111\u1ebfn T\u1ea4T C\u1ea2 nh\u1eefng \u0111i\u1ec1u \u0111\u00f3, v\u00e0 c\u00f2n l\u00e0m \u0111\u01b0\u1ee3c nhi\u1ec1u h\u01a1n th\u1ebf?<br \/>\n<img decoding=\"async\" src=\"https:\/\/kocher.vn\/pic\/Product\/images\/H%C3%BAt%20m%C3%B9i%20Turbo%20Auto%20Clean\/4.png\" alt=\"\" \/><br \/>\nCh\u00e0o m\u1eebng b\u1ea1n \u0111\u1ebfn v\u1edbi M\u00e1y h\u00fat m\u00f9i Turbo X Smart 3D Auto Clean t\u1eeb H\u00e3ng K\u00f6cher \u2013 th\u1ebf h\u1ec7 th\u1ee9 3 \u0111\u01b0\u1ee3c n\u00e2ng c\u1ea5p to\u00e0n di\u1ec7n \u0111\u1ec3 ki\u1ebfn t\u1ea1o n\u00ean m\u1ed9t tr\u1ea3i nghi\u1ec7m b\u1ebfp ho\u00e0n h\u1ea3o.<br \/>\n<strong>1. Turbo X: T\u1eeb &#8220;H\u00fat m\u00f9i qu\u1ed1c d\u00e2n&#8221; \u0111\u1ebfn Th\u1ebf h\u1ec7 th\u1ee9 3 \u0111\u1ed9t ph\u00e1<\/strong><br \/>\n<strong>H\u00e0nh tr\u00ecnh kh\u00f4ng ng\u1eebng c\u1ea3i ti\u1ebfn<\/strong><br \/>\nSeries Turbo X t\u1eeb l\u00e2u \u0111\u00e3 l\u00e0 m\u1ed9t trong nh\u1eefng d\u00f2ng m\u00e1y h\u00fat m\u00f9i \u0111\u01b0\u1ee3c c\u00e1c gia \u0111\u00ecnh Vi\u1ec7t tin d\u00f9ng nh\u1edd hi\u1ec7u n\u0103ng m\u1ea1nh m\u1ebd v\u00e0 s\u1ef1 b\u1ec1n b\u1ec9. Kh\u00f4ng ng\u1ee7 qu\u00ean tr\u00ean chi\u1ebfn th\u1eafng, H\u00e3ng K\u00f6cher \u0111\u00e3 kh\u00f4ng ng\u1eebng l\u1eafng nghe ng\u01b0\u1eddi d\u00f9ng, c\u1ea3i ti\u1ebfn qua t\u1eebng th\u1ebf h\u1ec7 \u0111\u1ec3 cho ra \u0111\u1eddi phi\u00ean b\u1ea3n th\u1ee9 3 &#8211; Turbo X Smart 3D Auto Clean, m\u1ed9t s\u1ea3n ph\u1ea9m h\u1ed9i t\u1ee5 nh\u1eefng g\u00ec tinh hoa nh\u1ea5t v\u00e0 \u0111\u01b0\u1ee3c trang b\u1ecb nh\u1eefng c\u00f4ng ngh\u1ec7 c\u1ee7a t\u01b0\u01a1ng lai.<br \/>\n<strong>N\u00e2ng c\u1ea5p to\u00e0n di\u1ec7n cho c\u0103n b\u1ebfp c\u1ee7a b\u1ea1n<\/strong><br \/>\n\u0110\u00e2y kh\u00f4ng ch\u1ec9 l\u00e0 m\u1ed9t b\u1ea3n c\u1eadp nh\u1eadt. \u0110\u00e2y l\u00e0 m\u1ed9t cu\u1ed9c &#8220;\u0111\u1ea1i tu&#8221; to\u00e0n di\u1ec7n, t\u1eeb s\u1ee9c m\u1ea1nh b\u00ean trong \u0111\u1ebfn tr\u1ea3i nghi\u1ec7m \u0111i\u1ec1u khi\u1ec3n b\u00ean ngo\u00e0i, s\u1eb5n s\u00e0ng gi\u1ea3i quy\u1ebft m\u1ecdi v\u1ea5n \u0111\u1ec1 m\u00e0 b\u1ea1n t\u1eebng g\u1eb7p ph\u1ea3i v\u1edbi m\u00e1y h\u00fat m\u00f9i.<br \/>\n<img decoding=\"async\" src=\"https:\/\/kocher.vn\/pic\/Product\/images\/H%C3%BAt%20m%C3%B9i%20Turbo%20Auto%20Clean\/1.png\" alt=\"\" \/><br \/>\n<strong>2. Hi\u1ec7u n\u0103ng B\u00f9ng n\u1ed5: H\u00fat Kh\u1ecfe V\u01b0\u1ee3t Tr\u1ed9i, V\u1eadn h\u00e0nh \u00cam \u00e1i<\/strong><br \/>\n<strong>\u0110\u1ed9ng c\u01a1 m\u1edbi cho l\u1ef1c h\u00fat kh\u00f4ng \u0111\u1ed1i th\u1ee7<\/strong><br \/>\n&#8220;Tr\u00e1i tim&#8221; c\u1ee7a Turbo X th\u1ebf h\u1ec7 m\u1edbi l\u00e0 kh\u1ed1i \u0111\u1ed9ng c\u01a1 hi\u1ec7u su\u1ea5t cao, k\u1ebft h\u1ee3p c\u00f9ng h\u1ec7 th\u1ed1ng qu\u1ea1t Turbine v\u1edbi c\u00e1nh qu\u1ea1t t\u1eeb ch\u1ea5t li\u1ec7u h\u1ee3p kim cao c\u1ea5p. C\u1ea3i ti\u1ebfn n\u00e0y mang l\u1ea1i m\u1ed9t l\u1ef1c h\u00fat kh\u1ecfe \u0111\u00e1ng kinh ng\u1ea1c, gi\u00fap h\u00fat s\u1ea1ch tri\u1ec7t \u0111\u1ec3 m\u00f9i v\u00e0 kh\u00f3i ch\u1ec9 trong v\u00e0i ph\u00fat, ngay c\u1ea3 v\u1edbi c\u00e1c m\u00f3n \u0103n &#8220;n\u1eb7ng m\u00f9i&#8221; nh\u1ea5t.<br \/>\n<strong>V\u1eadn h\u00e0nh \u00eam \u00e1i &#8211; Tr\u00f2 chuy\u1ec7n tho\u1ea3i m\u00e1i, kh\u00f4ng lo ti\u1ebfng \u1ed3n<\/strong><br \/>\nS\u1ee9c m\u1ea1nh kh\u00f4ng nh\u1ea5t thi\u1ebft ph\u1ea3i \u0111i c\u00f9ng ti\u1ebfng \u1ed3n. Nh\u1edd thi\u1ebft k\u1ebf kh\u00ed \u0111\u1ed9ng h\u1ecdc c\u1ee7a khoang gi\u00f3 X3 v\u00e0 \u0111\u1ed9ng c\u01a1 th\u1ebf h\u1ec7 m\u1edbi, m\u00e1y c\u00f3 kh\u1ea3 n\u0103ng v\u1eadn h\u00e0nh \u00eam \u00e1i \u1ea5n t\u01b0\u1ee3ng. Gi\u1edd \u0111\u00e2y, b\u1ea1n c\u00f3 th\u1ec3 tho\u1ea3i m\u00e1i tr\u00f2 chuy\u1ec7n hay nghe m\u1ed9t b\u1ea3n nh\u1ea1c y\u00eau th\u00edch ngay c\u1ea3 khi m\u00e1y \u0111ang ho\u1ea1t \u0111\u1ed9ng \u1edf c\u00f4ng su\u1ea5t cao.<br \/>\n<img decoding=\"async\" src=\"https:\/\/kocher.vn\/pic\/Product\/images\/H%C3%BAt%20m%C3%B9i%20Turbo%20Auto%20Clean\/3.png\" alt=\"\" \/><br \/>\n<strong>3. Tr\u1ea3i nghi\u1ec7m \u0110i\u1ec1u khi\u1ec3n Th\u00f4ng minh trong t\u1ea7m tay<\/strong><br \/>\n<strong>M\u00e0n h\u00ecnh Smart 3D: Nh\u00ecn l\u00e0 hi\u1ec3u, ch\u1ea1m l\u00e0 th\u00edch<\/strong><br \/>\nGiao di\u1ec7n Smart 3D s\u1ed1ng \u0111\u1ed9ng v\u00e0 s\u1eafc n\u00e9t gi\u00fap b\u1ea1n ki\u1ec3m so\u00e1t m\u1ecdi ch\u1ee9c n\u0103ng m\u1ed9t c\u00e1ch tr\u1ef1c quan. B\u1ea1n lu\u00f4n bi\u1ebft ch\u00ednh x\u00e1c m\u00e1y \u0111ang ch\u1ea1y \u1edf ch\u1ebf \u0111\u1ed9 n\u00e0o, t\u1ed1c \u0111\u1ed9 bao nhi\u00eau, ch\u1ec9 b\u1eb1ng m\u1ed9t c\u00e1i li\u1ebfc m\u1eaft.<br \/>\n<strong>C\u1ea3m \u1ee9ng nh\u1ea1y b\u00e9n v\u00e0 C\u1ea3m bi\u1ebfn chuy\u1ec3n \u0111\u1ed9ng ti\u1ec7n l\u1ee3i<\/strong><br \/>\nH\u1ec7 th\u1ed1ng \u0111i\u1ec1u khi\u1ec3n c\u1ea3m \u1ee9ng si\u00eau nh\u1ea1y gi\u00fap m\u1ecdi thao t\u00e1c m\u01b0\u1ee3t m\u00e0 nh\u01b0 l\u01b0\u1edbt smartphone. \u0110\u1eb7c bi\u1ec7t, c\u1ea3m bi\u1ebfn chuy\u1ec3n \u0111\u1ed9ng cho ph\u00e9p b\u1ea1n b\u1eadt\/t\u1eaft m\u00e1y ch\u1ec9 b\u1eb1ng m\u1ed9t c\u00e1i v\u1eaby tay \u2013 m\u1ed9t &#8220;v\u1ecb c\u1ee9u tinh&#8221; th\u1ef1c s\u1ef1 khi tay b\u1ea1n \u0111ang d\u00ednh d\u1ea7u m\u1ee1.<br \/>\n<strong>4. Auto Clean \u2013 Cu\u1ed9c C\u00e1ch m\u1ea1ng V\u1ec7 sinh M\u00e1y h\u00fat m\u00f9i<br \/>\n<img decoding=\"async\" src=\"https:\/\/kocher.vn\/pic\/Product\/images\/H%C3%BAt%20m%C3%B9i%20Turbo%20Auto%20Clean\/1.gif\" alt=\"\" \/><\/strong><br \/>\n\u0110\u00e2y l\u00e0 t\u00ednh n\u0103ng &#8220;thay \u0111\u1ed5i cu\u1ed9c ch\u01a1i&#8221; v\u00e0 l\u00e0 l\u00fd do khi\u1ebfn Turbo X th\u1ebf h\u1ec7 m\u1edbi tr\u1edf n\u00ean kh\u00e1c bi\u1ec7t ho\u00e0n to\u00e0n.<br \/>\n<strong>M\u00e1y h\u00fat m\u00f9i t\u1ef1 l\u00e0m s\u1ea1ch ho\u1ea1t \u0111\u1ed9ng nh\u01b0 th\u1ebf n\u00e0o?<\/strong><br \/>\nCh\u1ec9 c\u1ea7n m\u1ed9t n\u00fat b\u1ea5m, c\u00f4ng ngh\u1ec7 Auto Clean s\u1ebd t\u1ef1 \u0111\u1ed9ng gia nhi\u1ec7t khoang \u0111\u1ed9ng c\u01a1, l\u00e0m tan ch\u1ea3y m\u1ecdi v\u1ebft d\u1ea7u m\u1ee1 c\u1ee9ng \u0111\u1ea7u b\u00e1m v\u00e0o \u0111\u1ed9ng c\u01a1 v\u00e0 c\u00e1nh qu\u1ea1t. D\u1ea7u m\u1ee1 l\u1ecfng sau \u0111\u00f3 s\u1ebd ch\u1ea3y xu\u1ed1ng m\u1ed9t khay ch\u1ee9a ri\u00eang, vi\u1ec7c c\u1ee7a b\u1ea1n ch\u1ec9 l\u00e0 th\u00e1o khay v\u00e0 \u0111\u1ed5 \u0111i. \u0110\u01a1n gi\u1ea3n, s\u1ea1ch s\u1ebd v\u00e0 an to\u00e0n.<br \/>\n\u0110\u1ea7u t\u01b0 cho s\u1ef1 b\u1ec1n b\u1ec9<br \/>\nT\u00ednh n\u0103ng Auto Clean kh\u00f4ng ch\u1ec9 gi\u00fap b\u1ea1n th\u1ea3nh th\u01a1i. N\u00f3 c\u00f2n l\u00e0 m\u1ed9t kho\u1ea3n \u0111\u1ea7u t\u01b0 th\u00f4ng minh:<br \/>\n<strong>B\u1ea3o v\u1ec7 \u0111\u1ed9ng c\u01a1<\/strong>: Gi\u1eef cho &#8220;tr\u00e1i tim&#8221; c\u1ee7a m\u00e1y lu\u00f4n s\u1ea1ch s\u1ebd, kh\u00f4ng b\u1ecb d\u1ea7u m\u1ee1 \u0103n m\u00f2n.<br \/>\n<strong>Duy tr\u00ec hi\u1ec7u su\u1ea5t<\/strong>: \u0110\u1ea3m b\u1ea3o l\u1ef1c h\u00fat lu\u00f4n m\u1ea1nh m\u1ebd nh\u01b0 ng\u00e0y \u0111\u1ea7u.<br \/>\n<strong>T\u0103ng tu\u1ed5i th\u1ecd s\u1ea3n ph\u1ea9m<\/strong>: Gi\u00fap m\u00e1y ho\u1ea1t \u0111\u1ed9ng b\u1ec1n b\u1ec9 trong nhi\u1ec1u n\u0103m t\u1edbi.<br \/>\n<strong>5. Thi\u1ebft k\u1ebf \u0110\u1ed9c quy\u1ec1n \u2013 Sinh ra cho c\u0103n b\u1ebfp Vi\u1ec7t<\/strong><br \/>\n<strong>K\u00edch th\u01b0\u1edbc \u201cv\u00e0ng\u201d 35cm \u2013 V\u1eeba v\u1eb7n ho\u00e0n h\u1ea3o<br \/>\n<img decoding=\"async\" src=\"https:\/\/kocher.vn\/pic\/Product\/images\/H%C3%BAt%20m%C3%B9i%20Turbo%20Auto%20Clean\/2.png\" alt=\"\" \/><\/strong><br \/>\nTh\u1ea5u hi\u1ec3u \u0111\u1eb7c tr\u01b0ng c\u1ee7a c\u00e1c c\u0103n h\u1ed9 t\u1ea1i Vi\u1ec7t Nam, H\u00e3ng K\u00f6cher gi\u1eef l\u1ea1i thi\u1ebft k\u1ebf \u0111\u1ed9c quy\u1ec1n v\u1edbi chi\u1ec1u s\u00e2u ch\u1ec9 35cm. \u0110\u00e2y l\u00e0 &#8220;k\u00edch th\u01b0\u1edbc v\u00e0ng&#8221; gi\u00fap m\u00e1y ho\u00e0n to\u00e0n v\u1eeba t\u1ee7 b\u1ebfp th\u00f4ng d\u1ee5ng, kh\u00f4ng b\u1ecb l\u1ed3i ra ngo\u00e0i, t\u1ea1o n\u00ean m\u1ed9t t\u1ed5ng th\u1ec3 li\u1ec1n m\u1ea1ch, sang tr\u1ecdng.<br \/>\n<strong>H\u00fat m\u00f9i \u00e2m t\u1ee7: T\u1ed1i \u01b0u kh\u00f4ng gian<\/strong><br \/>\nV\u1edbi thi\u1ebft k\u1ebf c\u1ee7a m\u1ed9t chi\u1ebfc h\u00fat m\u00f9i \u00e2m t\u1ee7 hi\u1ec7n \u0111\u1ea1i, Turbo X Smart 3D Auto Clean gi\u00fap gi\u1ea3i ph\u00f3ng kh\u00f4ng gian ph\u00eda tr\u00ean, mang l\u1ea1i c\u1ea3m gi\u00e1c tho\u00e1ng \u0111\u00e3ng v\u00e0 g\u1ecdn g\u00e0ng cho c\u0103n b\u1ebfp c\u1ee7a b\u1ea1n.<br \/>\n<strong>Turbo X Smart 3D Auto Clean D\u00e0nh Cho Ai?<\/strong><br \/>\nH\u1ed9i t\u1ee5 \u0111\u1ea7y \u0111\u1ee7 c\u00e1c y\u1ebfu t\u1ed1 t\u1eeb thi\u1ebft k\u1ebf th\u1ea5u hi\u1ec3u, hi\u1ec7u n\u0103ng m\u1ea1nh m\u1ebd \u0111\u1ebfn c\u00f4ng ngh\u1ec7 \u0111\u1ed9t ph\u00e1, Turbo X Smart 3D Auto Clean l\u00e0 m\u1ea3nh gh\u00e9p ho\u00e0n h\u1ea3o cho nhi\u1ec1u kh\u00f4ng gian b\u1ebfp v\u00e0 l\u1ed1i s\u1ed1ng kh\u00e1c nhau:<br \/>\n<strong>D\u00e0nh cho c\u00e1c gia \u0111\u00ecnh s\u1ed1ng t\u1ea1i chung c\u01b0<\/strong>: V\u1edbi thi\u1ebft k\u1ebf 35cm nh\u1ecf g\u1ecdn v\u00e0 kh\u1ea3 n\u0103ng v\u1eadn h\u00e0nh \u00eam \u00e1i.<br \/>\n<strong>D\u00e0nh cho ng\u01b0\u1eddi y\u00eau n\u1ea5u n\u01b0\u1edbng<\/strong>: V\u1edbi l\u1ef1c h\u00fat kh\u1ecfe \u0111\u1ec3 x\u1eed l\u00fd m\u1ecdi m\u00f3n \u0103n v\u00e0 t\u00ednh n\u0103ng Auto Clean gi\u00fap d\u1ecdn d\u1eb9p nh\u1eb9 nh\u00e0ng.<br \/>\n<strong>D\u00e0nh cho ng\u01b0\u1eddi b\u1eadn r\u1ed9n, y\u00eau th\u00edch s\u1ef1 ti\u1ec7n nghi<\/strong>: V\u1edbi c\u1ea3m bi\u1ebfn chuy\u1ec3n \u0111\u1ed9ng v\u00e0 c\u00e1c t\u00ednh n\u0103ng t\u1ef1 \u0111\u1ed9ng th\u00f4ng minh.<br \/>\n<strong>D\u00e0nh cho c\u00e1c gia ch\u1ee7 c\u00f3 y\u00eau c\u1ea7u cao v\u1ec1 th\u1ea9m m\u1ef9<\/strong>: V\u1edbi thi\u1ebft k\u1ebf \u00e2m t\u1ee7 tinh t\u1ebf v\u00e0 m\u00e0n h\u00ecnh Smart 3D \u0111\u1eb3ng c\u1ea5p.<br \/>\n\u0110\u00e2y kh\u00f4ng ch\u1ec9 l\u00e0 m\u1ed9t chi\u1ebfc m\u00e1y h\u00fat m\u00f9i, \u0111\u00e2y l\u00e0 m\u1ed9t ng\u01b0\u1eddi tr\u1ee3 l\u00fd \u0111\u1eafc l\u1ef1c, m\u1ed9t tuy\u00ean ng\u00f4n v\u1ec1 phong c\u00e1ch s\u1ed1ng hi\u1ec7n \u0111\u1ea1i.<\/div>\n<\/div>\n<\/div>\n<\/div>\n<\/div>\n<\/div>\n<\/div>\n<\/div>\n","protected":false},"excerpt":{"rendered":"<p>M\u00e1y h\u00fat m\u00f9i Turbo X Smart 3D Auto Clean: L\u1eddi gi\u1ea3i ho\u00e0n h\u1ea3o cho c\u0103n b\u1ebfp hi\u1ec7n \u0111\u1ea1i Khi ch\u1ecdn mua m\u1ed9t chi\u1ebfc m\u00e1y h\u00fat m\u00f9i, b\u1ea1n quan t\u00e2m \u0111i\u1ec1u g\u00ec nh\u1ea5t? C\u00f3 ph\u1ea3i l\u00e0 m\u1ed9t l\u1ef1c h\u00fat th\u1eadt m\u1ea1nh \u0111\u1ec3 &#8220;c\u00e2n&#8221; h\u1ebft c\u00e1c m\u00f3n chi\u00ean x\u00e0o n\u1eb7ng m\u00f9i? Hay m\u1ed9t \u0111\u1ed9ng c\u01a1 v\u1eadn h\u00e0nh&#8230;<\/p>\n","protected":false},"featured_media":5651,"comment_status":"open","ping_status":"closed","template":"","meta":[],"product_brand":[],"product_cat":[16,42],"product_tag":[],"class_list":{"0":"post-5650","1":"product","2":"type-product","3":"status-publish","4":"has-post-thumbnail","6":"product_cat-may-hut-mui","7":"product_cat-kocher","9":"first","10":"instock","11":"shipping-taxable","12":"product-type-simple"},"_links":{"self":[{"href":"https:\/\/nhadepbepxinh.com.vn\/index.php?rest_route=\/wp\/v2\/product\/5650","targetHints":{"allow":["GET"]}}],"collection":[{"href":"https:\/\/nhadepbepxinh.com.vn\/index.php?rest_route=\/wp\/v2\/product"}],"about":[{"href":"https:\/\/nhadepbepxinh.com.vn\/index.php?rest_route=\/wp\/v2\/types\/product"}],"replies":[{"embeddable":true,"href":"https:\/\/nhadepbepxinh.com.vn\/index.php?rest_route=%2Fwp%2Fv2%2Fcomments&post=5650"}],"wp:featuredmedia":[{"embeddable":true,"href":"https:\/\/nhadepbepxinh.com.vn\/index.php?rest_route=\/wp\/v2\/media\/5651"}],"wp:attachment":[{"href":"https:\/\/nhadepbepxinh.com.vn\/index.php?rest_route=%2Fwp%2Fv2%2Fmedia&parent=5650"}],"wp:term":[{"taxonomy":"product_brand","embeddable":true,"href":"https:\/\/nhadepbepxinh.com.vn\/index.php?rest_route=%2Fwp%2Fv2%2Fproduct_brand&post=5650"},{"taxonomy":"product_cat","embeddable":true,"href":"https:\/\/nhadepbepxinh.com.vn\/index.php?rest_route=%2Fwp%2Fv2%2Fproduct_cat&post=5650"},{"taxonomy":"product_tag","embeddable":true,"href":"https:\/\/nhadepbepxinh.com.vn\/index.php?rest_route=%2Fwp%2Fv2%2Fproduct_tag&post=5650"}],"curies":[{"name":"wp","href":"https:\/\/api.w.org\/{rel}","templated":true}]}}