{"id":5597,"date":"2025-07-15T10:38:54","date_gmt":"2025-07-15T03:38:54","guid":{"rendered":"https:\/\/nhadepbepxinh.com.vn\/?post_type=product&#038;p=5597"},"modified":"2025-07-15T10:38:54","modified_gmt":"2025-07-15T03:38:54","slug":"chau-rua-bat-kluger-kwu8161fb-s76-plus","status":"publish","type":"product","link":"https:\/\/nhadepbepxinh.com.vn\/?product=chau-rua-bat-kluger-kwu8161fb-s76-plus","title":{"rendered":"Ch\u1eadu r\u1eeda b\u00e1t Kluger KWU8161FB \u2013 S76 Plus"},"content":{"rendered":"<div class=\"wpb_text_column wpb_content_element \">\n<div class=\"wpb_wrapper\">\n<p><strong>Ch\u1eadu r\u1eeda b\u00e1t Kluger KWU8161FB \u2013 S76 Plus<\/strong>\u00a0thu\u1ed9c b\u1ed9 s\u01b0u t\u1eadp d\u00f2ng K600 Series \u2013 \u201cSANG TR\u1eccNG TR\u00caN T\u1eeaNG \u0110\u01af\u1edcNG N\u00c9T\u201d. Kh\u00f4ng ch\u1ec9 \u0111\u00f3ng vai tr\u00f2 l\u00e0 m\u1ed9t chi\u1ebfc ch\u1eadu b\u1ebfp th\u00f4ng th\u01b0\u1eddng, K600 c\u00f2n \u0111\u01b0\u1ee3c thi\u1ebft k\u1ebf \u0111\u1ec3 trang b\u1ecb c\u00e1c t\u00ednh n\u0103ng b\u1ed5 sung, n\u00e2ng cao t\u00ednh h\u1eefu d\u1ee5ng mang l\u1ea1i s\u1ef1 ti\u1ec7n l\u1ee3i v\u00e0 hi\u1ec7u qu\u1ea3 trong m\u1ed9t s\u1ea3n ph\u1ea9m.<\/p>\n<p>Thi\u1ebft k\u1ebf \u0111\u1ed9t ph\u00e1 c\u1ee7a K600 Series th\u1ef1c s\u1ef1 t\u00e1i \u0111\u1ecbnh ngh\u0129a t\u00ednh linh ho\u1ea1t v\u00e0 n\u00e2ng t\u1ea7m t\u00ednh h\u1eefu d\u1ee5ng t\u1ed5ng th\u1ec3 c\u1ee7a c\u0103n b\u1ebfp.<\/p>\n<\/div>\n<\/div>\n<div class=\"vc_row wpb_row vc_inner product_content_row row_odd mb-3 vc_row-o-equal-height vc_row-o-content-middle vc_row-flex mx-0\">\n<div class=\"porto-wrap-container container\">\n<div class=\"row align-items-center\">\n<div class=\"col_inner_text vc_column_container col-md-6\">\n<div class=\"wpb_wrapper vc_column-inner\">\n<div class=\"wpb_text_column wpb_content_element \">\n<div class=\"wpb_wrapper\">\n<h4><strong>B\u1ec0 M\u1eb6T LINEN TH\u1ebe H\u1ec6 M\u1edaI<\/strong><\/h4>\n<p><img decoding=\"async\" src=\"https:\/\/kluger.vn\/wp-content\/uploads\/2023\/10\/chau-rua-bat-kluger-KWU8161FB-K600-linen.jpg\" alt=\"Ch\u1eadu r\u1eeda b\u00e1t Kluger KWU8161FB K600 b\u1ec1 m\u1eb7t line\" \/><\/p>\n<p>C\u1ea5u tr\u00fac b\u1ec1 m\u1eb7t LINEN t\u1ea1o ra c\u00e1c k\u1ebd h\u1edf v\u00e0 r\u00e3nh nh\u1ecf tr\u00ean b\u1ec1 m\u1eb7t ch\u1eadu b\u1ebfp, gi\u00fap gi\u1ea3m s\u1ef1 ti\u1ebfp x\u00fac tr\u1ef1c ti\u1ebfp v\u00e0 ma s\u00e1t gi\u1eefa v\u1eadt li\u1ec7u v\u00e0 c\u00e1c v\u1eadt c\u1ee9ng kh\u00e1c.<\/p>\n<p>V\u1edbi c\u1ea5u tr\u00fac d\u1eadp n\u1ed5i \u0111\u1eb7c bi\u1ec7t mang \u0111\u1ebfn ch\u1ee9c n\u0103ng ch\u1ed1ng x\u01b0\u1edbc, ch\u1ed1ng b\u00e1m d\u1ea7u m\u1ee1 hi\u1ec7u qu\u1ea3. Gi\u00fap gi\u1ea3m th\u1eddi gian v\u00e0 c\u00f4ng s\u1ee9c trong qu\u00e1 tr\u00ecnh l\u00e0m s\u1ea1ch, duy tr\u00ec v\u1ebb \u0111\u1eb9p c\u1ee7a ch\u1eadu, mang l\u1ea1i s\u1ef1 y\u00ean t\u00e2m v\u00e0 h\u00e0i l\u00f2ng cho ng\u01b0\u1eddi s\u1eed d\u1ee5ng.<\/p>\n<\/div>\n<\/div>\n<\/div>\n<\/div>\n<\/div>\n<\/div>\n<\/div>\n<div class=\"vc_row wpb_row vc_inner row product_content_row row_even mb-3 vc_row-o-equal-height vc_row-o-content-middle vc_row-flex\">\n<div class=\"col_inner_text vc_column_container col-md-6\">\n<div class=\"wpb_wrapper vc_column-inner\">\n<div class=\"wpb_text_column wpb_content_element \">\n<div class=\"wpb_wrapper\">\n<h4><strong>KH\u1ea2 N\u0102NG CH\u1ed0NG B\u00c1M D\u1ea6U M\u1ee0<\/strong><\/h4>\n<p><img decoding=\"async\" src=\"https:\/\/kluger.vn\/wp-content\/uploads\/2023\/10\/chau-rua-bat-kluger-KWU8161FB-K600-dau-mo.jpg\" alt=\"Ch\u1eadu r\u1eeda b\u00e1t Kluger KWU8161FB K600 ch\u1ed1ng b\u00e1m d\u1ea7u m\u1ee1\" \/><\/p>\n<p>L\u1edbp ph\u1ee7 Nano Ceramic c\u00f3 kh\u1ea3 n\u0103ng ch\u1ed1ng b\u00e1m d\u1ea7u m\u1ee1 v\u01b0\u1ee3t tr\u1ed9i. V\u1edbi c\u1ea5u tr\u00fac si\u00eau m\u1ecbn t\u1ea1o ra m\u1ed9t b\u1ec1 m\u1eb7t ng\u0103n ch\u1eb7n s\u1ef1 th\u1ea9m th\u1ea5u c\u1ee7a d\u1ea7u m\u1ee1 v\u00e0 ch\u1ea5t b\u1ea9n v\u00e0o b\u1ec1 m\u1eb7t ch\u1eadu b\u1ebfp. K\u1ebft h\u1ee3p b\u1ec1 m\u1eb7t LINEN t\u1ea1o n\u00ean gi\u1ea3i ph\u00e1p hi\u1ec7u qu\u1ea3 ch\u1ed1ng b\u00e1m d\u1ea7u m\u1ee1, d\u1ec5 d\u00e0ng v\u1ec7 sinh ch\u1eadu v\u00e0 duy tr\u00ec v\u1ebb s\u00e1ng b\u00f3ng.<\/p>\n<\/div>\n<\/div>\n<\/div>\n<\/div>\n<\/div>\n<div class=\"vc_row wpb_row vc_inner product_content_row row_odd mb-3 vc_row-o-equal-height vc_row-o-content-middle vc_row-flex mx-0\">\n<div class=\"porto-wrap-container container\">\n<div class=\"row align-items-center\">\n<div class=\"col_inner_text vc_column_container col-md-6\">\n<div class=\"wpb_wrapper vc_column-inner\">\n<div class=\"wpb_text_column wpb_content_element \">\n<div class=\"wpb_wrapper\">\n<h4><strong>CH\u1ed0NG X\u01af\u1edaC HI\u1ec6U QU\u1ea2<\/strong><\/h4>\n<p><img decoding=\"async\" src=\"https:\/\/kluger.vn\/wp-content\/uploads\/2023\/10\/chau-rua-bat-kluger-KWU8161FB-K600-chong-xuoc.jpg\" alt=\"Ch\u1eadu r\u1eeda b\u00e1t Kluger KWU8161FB K600 ch\u1ed1ng x\u01b0\u1edbc\" \/><\/p>\n<p>Ch\u1eadu b\u1ebfp s\u1eed d\u1ee5ng b\u1ec1 m\u1eb7t c\u1ea5u tr\u00fac LINEN, c\u00e1c v\u1eadt d\u1ee5ng nh\u01b0 dao, n\u1ed3i, ch\u1ea3o hay ly kh\u00f4ng g\u00e2y t\u1ed5n th\u01b0\u01a1ng v\u00e0 l\u00e0m tr\u1ea7u b\u1ec1 m\u1eb7t ch\u1eadu. Thay v\u00e0o \u0111\u00f3, c\u1ea5u tr\u00fac d\u1eadp n\u1ed5i tr\u00ean b\u1ec1 m\u1eb7t gi\u00fap ph\u00e2n t\u00e1n \u00e1p l\u1ef1c v\u00e0 ch\u1ea5n \u0111\u1ed9ng, b\u1ea3o v\u1ec7 ch\u1eadu b\u1ebfp kh\u1ecfi nh\u1eefng v\u1ebft x\u01b0\u1edbc kh\u00f4ng mong mu\u1ed1n, gi\u00fap duy tr\u00ec v\u1ebb \u0111\u1eb9p v\u00e0 hi\u1ec7u su\u1ea5t c\u1ee7a ch\u1eadu b\u1ebfp l\u00e2u d\u00e0i.<\/p>\n<\/div>\n<\/div>\n<\/div>\n<\/div>\n<\/div>\n<\/div>\n<\/div>\n<div class=\"vc_row wpb_row vc_inner row product_content_row row_even mb-3 vc_row-o-equal-height vc_row-o-content-middle vc_row-flex\">\n<div class=\"col_inner_text vc_column_container col-md-6\">\n<div class=\"wpb_wrapper vc_column-inner\">\n<div class=\"wpb_text_column wpb_content_element \">\n<div class=\"wpb_wrapper\">\n<h4><strong>V\u1eacT LI\u1ec6U POSCO 304 \u2013 1.0 mm<\/strong><\/h4>\n<p><img decoding=\"async\" src=\"https:\/\/kluger.vn\/wp-content\/uploads\/2023\/10\/chau-rua-bat-kluger-KWU8161FB-K600-posco.jpg\" alt=\"Ch\u1eadu r\u1eeda b\u00e1t Kluger KWU8161FB K600 inox posco 304\" \/><\/p>\n<p>V\u1eadt li\u1ec7u POSCO 304 l\u00e0 m\u1ed9t lo\u1ea1i th\u00e9p kh\u00f4ng g\u1ec9 (inox) \u0111\u01b0\u1ee3c s\u1ea3n xu\u1ea5t b\u1edfi T\u1eadp \u0111o\u00e0n POSCO, m\u1ed9t c\u00f4ng ty th\u00e9p h\u00e0ng \u0111\u1ea7u c\u1ee7a H\u00e0n Qu\u1ed1c. V\u1edbi kh\u1ea3 n\u0103ng ch\u1ed1ng \u0103n m\u00f2n, \u0111\u1ed9 b\u1ec1n, \u0111\u1ed9 c\u1ee9ng t\u1ed1t, gi\u00fap ch\u1eadu b\u1ebfp lu\u00f4n gi\u1eef v\u1ebb \u0111\u1eb9p v\u00e0 s\u1ef1 b\u1ec1n b\u1ec9 su\u1ed1t th\u1eddi gian d\u00e0i.<\/p>\n<p>S\u1eed d\u1ee5ng ch\u1eadu r\u1eeda b\u00e1t Kluger s\u1ebd c\u1ea3m th\u1ea5y r\u00f5 \u0111\u01b0\u1ee3c s\u1ef1 kh\u00e1c bi\u1ec7t\u00a0 v\u01b0\u1ee3t tr\u1ed9i so v\u1edbi nh\u1eefng s\u1ea3n ph\u1ea9m th\u00e9p kh\u00f4ng g\u1ec9 th\u00f4ng th\u01b0\u1eddng, n\u00e2ng t\u1ea7m tr\u1ea3i nghi\u1ec7m c\u1ee7a b\u1ea1n v\u00e0 \u0111em l\u1ea1i s\u1ef1 h\u00e0i l\u00f2ng v\u00e0 tin t\u01b0\u1edfng tuy\u1ec7t \u0111\u1ed1i.<\/p>\n<\/div>\n<\/div>\n<\/div>\n<\/div>\n<\/div>\n<div class=\"vc_row wpb_row vc_inner product_content_row row_odd mb-3 vc_row-o-equal-height vc_row-o-content-middle vc_row-flex mx-0\">\n<div class=\"porto-wrap-container container\">\n<div class=\"row align-items-center\">\n<div class=\"col_inner_text vc_column_container col-md-6\">\n<div class=\"wpb_wrapper vc_column-inner\">\n<div class=\"wpb_text_column wpb_content_element \">\n<div class=\"wpb_wrapper\">\n<h4><strong>\u00c9P KHU\u00d4N LI\u1ec0N KH\u1ed0I<\/strong><\/h4>\n<p><img decoding=\"async\" src=\"https:\/\/kluger.vn\/wp-content\/uploads\/2023\/10\/chau-rua-bat-kluger-KWU8161FB-K600-ep-khuon.jpg\" alt=\"Ch\u1eadu r\u1eeda b\u00e1t Kluger KWU8161FB K600 \u00e9p khu\u00f4n li\u1ec1n kh\u1ed1i\" \/><\/p>\n<p>C\u00f4ng ngh\u1ec7 \u00e9p khu\u00f4n li\u1ec1n kh\u1ed1i \u2013 \u0111\u1ed9t ph\u00e1 s\u00e1ng t\u1ea1o trong ng\u00e0nh s\u1ea3n xu\u1ea5t.<\/p>\n<p>V\u1edbi ph\u01b0\u01a1ng ph\u00e1p n\u00e0y Kluger t\u1ea1o ra s\u1ea3n ph\u1ea9m ch\u1eadu r\u1eeda b\u00e1t t\u1eeb m\u1ed9t m\u1ea3nh v\u1eadt li\u1ec7u POSCO 304 duy nh\u1ea5t kh\u00f4ng c\u00f3 m\u1ed1i h\u00e0n hay k\u1ebft n\u1ed1i v\u00e0 t\u1ea1o ra m\u1ed9t c\u1ea5u tr\u00fac v\u1eefng ch\u1eafc, \u0111\u1ea3m b\u1ea3o s\u1ef1 an to\u00e0n v\u00e0 tin c\u1eady trong su\u1ed1t qu\u00e1 tr\u00ecnh s\u1eed d\u1ee5ng.<\/p>\n<\/div>\n<\/div>\n<\/div>\n<\/div>\n<\/div>\n<\/div>\n<\/div>\n<div class=\"vc_row wpb_row vc_inner row product_content_row row_even mb-3 vc_row-o-equal-height vc_row-o-content-middle vc_row-flex\">\n<div class=\"col_inner_text vc_column_container col-md-6\">\n<div class=\"wpb_wrapper vc_column-inner\">\n<div class=\"wpb_text_column wpb_content_element \">\n<div class=\"wpb_wrapper\">\n<h4><strong>C\u00d4NG NGH\u1ec6 CH\u1ed0NG \u1ed2N<\/strong><\/h4>\n<p><img decoding=\"async\" src=\"https:\/\/kluger.vn\/wp-content\/uploads\/2023\/10\/chau-rua-bat-kluger-KWU8161FB-K600-chong-on.jpg\" alt=\"Ch\u1eadu r\u1eeda b\u00e1t Kluger KWU8161FB K600 ch\u1ed1ng \u1ed3n\" \/><\/p>\n<p>L\u1edbp \u0111\u1ec7m cao su \u0111\u01b0\u1ee3c \u0111\u1eb7t d\u01b0\u1edbi ch\u1eadu b\u1ebfp nh\u1eb1m gi\u1ea3m ti\u1ebfng \u1ed3n g\u00e2y ra khi r\u1eeda b\u00e1t ho\u1eb7c s\u1eed d\u1ee5ng n\u01b0\u1edbc trong ch\u1eadu. Nh\u1edd t\u00ednh ch\u1ea5t c\u00e1ch \u00e2m c\u1ee7a cao su, \u0111i\u1ec1u n\u00e0y t\u1ea1o ra m\u1ed9t m\u00f4i tr\u01b0\u1eddng y\u00ean t\u0129nh v\u00e0 \u00eam \u00e1i trong kh\u00f4ng gian b\u1ebfp, gi\u00fap gi\u1ea3m c\u0103ng th\u1eb3ng v\u00e0 t\u1ea1o ra m\u1ed9t tr\u1ea3i nghi\u1ec7m s\u1eed d\u1ee5ng tho\u1ea3i m\u00e1i.<\/p>\n<\/div>\n<\/div>\n<\/div>\n<\/div>\n<\/div>\n<div class=\"vc_row wpb_row vc_inner product_content_row row_odd mb-3 vc_row-o-equal-height vc_row-o-content-middle vc_row-flex mx-0\">\n<div class=\"porto-wrap-container container\">\n<div class=\"row align-items-center\">\n<div class=\"col_inner_text vc_column_container col-md-6\">\n<div class=\"wpb_wrapper vc_column-inner\">\n<div class=\"wpb_text_column wpb_content_element \">\n<div class=\"wpb_wrapper\">\n<h4><strong>C\u00d4NG NGH\u1ec6 CH\u1ed0NG NG\u01afNG T\u1ee4 H\u01a0I N\u01af\u1edaC<\/strong><\/h4>\n<p><img decoding=\"async\" src=\"https:\/\/kluger.vn\/wp-content\/uploads\/2023\/10\/chau-rua-bat-kluger-KWU8161FB-K600-ngung-tu.jpg\" alt=\"Ch\u1eadu r\u1eeda b\u00e1t Kluger KWU8161FB K600 \u00e9p ch\u1ed1ng ng\u01b0ng t\u1ee5 n\u01b0\u1edbc\" \/><\/p>\n<p>L\u1edbp s\u01a1n ch\u1ed1ng ng\u01b0ng t\u1ee5 t\u1ea1o ra m\u1ed9t b\u1ec1 m\u1eb7t kh\u00f4ng th\u1ea5m n\u01b0\u1edbc, ng\u0103n ch\u1eb7n s\u1ef1 h\u00ecnh th\u00e0nh v\u00e0 t\u00edch t\u1ee5 n\u01b0\u1edbc d\u01b0\u1edbi l\u00f2ng ch\u1eadu. \u0110i\u1ec1u n\u00e0y gi\u00fap gi\u1eef cho khoang t\u1ee7 lu\u00f4n kh\u00f4 r\u00e1o v\u00e0 tr\u00e1nh \u0111\u01b0\u1ee3c nguy c\u01a1 \u1ea9m m\u1ed1c, t\u00edch t\u1ee5 vi khu\u1ea9n, c\u00f4n tr\u00f9ng trong khoang t\u1ee7 b\u1ebfp.<\/p>\n<\/div>\n<\/div>\n<\/div>\n<\/div>\n<\/div>\n<\/div>\n<\/div>\n<div class=\"vc_row wpb_row vc_inner row product_content_row row_even mb-3 vc_row-o-equal-height vc_row-o-content-middle vc_row-flex\">\n<div class=\"col_inner_text vc_column_container col-md-6\">\n<div class=\"wpb_wrapper vc_column-inner\">\n<div class=\"wpb_text_column wpb_content_element \">\n<div class=\"wpb_wrapper\">\n<h4><strong>T\u00cdCH H\u1ee2P PH\u1ee4 KI\u1ec6N<\/strong><\/h4>\n<p><img decoding=\"async\" src=\"https:\/\/kluger.vn\/wp-content\/uploads\/2023\/10\/chau-rua-bat-kluger-KWU8161FB-K600-phu-kien.jpg\" alt=\"Ch\u1eadu r\u1eeda b\u00e1t Kluger KWU8161FB K600 t\u00edch h\u1ee3p ph\u1ee5 ki\u1ec7n\" \/><\/p>\n<p>T\u00edch h\u1ee3p ph\u1ee5 ki\u1ec7n ti\u1ec7n nghi: Th\u1edbt inox KCB \u2013 131FB, th\u1edbt inox c\u00f3 l\u1ed7 KCB \u2013 121FB, ch\u1eadu inox nh\u1ecf KSWB \u2013 401FB, gi\u1ecf inox KB \u2013 603 \u2026<\/p>\n<\/div>\n<\/div>\n<\/div>\n<\/div>\n<\/div>\n<div class=\"vc_row wpb_row vc_inner product_content_row row_odd mb-3 vc_row-o-equal-height vc_row-o-content-middle vc_row-flex mx-0\">\n<div class=\"porto-wrap-container container\">\n<div class=\"row align-items-center\">\n<div class=\"col_inner_text vc_column_container col-md-6\">\n<div class=\"wpb_wrapper vc_column-inner\">\n<div class=\"wpb_text_column wpb_content_element \">\n<div class=\"wpb_wrapper\">\n<h4><strong>C\u1ea4U T\u1ea0O 01 H\u1ed0<\/strong><\/h4>\n<p><img decoding=\"async\" src=\"https:\/\/kluger.vn\/wp-content\/uploads\/2023\/10\/chau-rua-bat-kluger-KWU8161FB-K600-mot-ho.jpg\" alt=\"Ch\u1eadu r\u1eeda b\u00e1t Kluger KWU8161FB K600 c\u1ea5u t\u1ea1o 1 h\u1ed1\" \/><\/p>\n<p>Thi\u1ebft k\u1ebf 01 h\u1ed1 kh\u00f4ng c\u00f3 v\u00e1ch ng\u0103n t\u1ed1i \u01b0u h\u00f3a kh\u00f4ng gian s\u01a1 ch\u1ebf, v\u1ec7 sinh. \u0110\u1ed3ng th\u1eddi vi\u1ec7c l\u00e0m s\u1ea1ch ch\u1eadu b\u1ebfp c\u0169ng tr\u1edf n\u00ean d\u1ec5 d\u00e0ng v\u00e0 nhanh ch\u00f3ng h\u01a1n do kh\u00f4ng c\u00f3 v\u00e1ch ng\u0103n g\u00e2y c\u1ea3n tr\u1edf.<\/p>\n<\/div>\n<\/div>\n<\/div>\n<\/div>\n<\/div>\n<\/div>\n<\/div>\n<div class=\"vc_row wpb_row vc_inner row product_content_row row_even mb-3 vc_row-o-equal-height vc_row-o-content-middle vc_row-flex\">\n<div class=\"col_inner_text vc_column_container col-md-6\">\n<div class=\"wpb_wrapper vc_column-inner\">\n<div class=\"wpb_text_column wpb_content_element \">\n<div class=\"wpb_wrapper\">\n<h4><strong>B\u00c1T R\u00c1C 03 L\u1edaP<\/strong><\/h4>\n<p><img decoding=\"async\" src=\"https:\/\/kluger.vn\/wp-content\/uploads\/2024\/07\/Bat-rac-03-lop-chau-rua-bat-1-ho-Kluger-LINEN-Den.jpg\" alt=\"B\u00e1t r\u00e1c 03 l\u1edbp Kluger ch\u1eadu r\u1eeda b\u00e1t 1 h\u1ed1 b\u1ec1 m\u1eb7t Linen m\u00e0u \u0111en\" \/><\/p>\n<p>Thi\u1ebft k\u1ebf t\u1ed1i \u01b0u v\u1edbi 03 l\u1edbp, kh\u1ea3 n\u0103ng l\u1ecdc tri\u1ec7t \u0111\u1ec3, gi\u1eef l\u1ea1i to\u00e0n b\u1ed9 c\u1eb7n b\u1ea9n v\u00e0 tho\u00e1t h\u1ebft n\u01b0\u1edbc, ch\u1ed1ng t\u1eafc ngh\u1ebdn, \u0111\u1ea3m b\u1ea3o cho h\u1ec7 th\u1ed1ng tho\u00e1t n\u01b0\u1edbc v\u1eadn h\u00e0nh tr\u01a1n tru, gi\u1eef cho ch\u1eadu b\u1ebfp lu\u00f4n kh\u00f4 tho\u00e1ng, s\u1ea1ch s\u1ebd.<\/p>\n<\/div>\n<\/div>\n<\/div>\n<\/div>\n<\/div>\n<div class=\"wpb_text_column wpb_content_element \">\n<div class=\"wpb_wrapper\">\n<p>S\u1ea3n ph\u1ea9m\u00a0<em>ch\u1eadu r\u1eeda b\u00e1t<\/em>\u00a0hay c\u00f2n g\u1ecdi l\u00e0\u00a0<em>b\u1ed3n r\u1eeda ch\u00e9n Kluger<\/em>\u00a0\u0111\u01b0\u1ee3c thi\u1ebft k\u1ebf v\u1edbi s\u1ef1 tinh t\u1ebf v\u00e0 hi\u1ec7n \u0111\u1ea1i, ph\u00f9 h\u1ee3p v\u1edbi m\u1ecdi phong c\u00e1ch n\u1ed9i th\u1ea5t v\u00e0 kh\u00f4ng gian b\u1ebfp. Ch\u1ea5t li\u1ec7u cao c\u1ea5p v\u00e0 ho\u00e0n thi\u1ec7n t\u1ec9 m\u1ec9 \u0111\u1ea3m b\u1ea3o t\u00ednh th\u1ea9m m\u1ef9 v\u00e0 \u0111\u1ed9 b\u1ec1n, \u0111\u1ed3ng th\u1eddi gi\u00fap ti\u1ebft ki\u1ec7m th\u1eddi gian v\u00e0 c\u00f4ng s\u1ee9c trong qu\u00e1 tr\u00ecnh r\u1eeda b\u00e1t h\u00e0ng ng\u00e0y.<\/p>\n<p>Kh\u00f4ng ch\u1ec9 t\u1eadp trung v\u00e0o ch\u1ea5t l\u01b0\u1ee3ng s\u1ea3n ph\u1ea9m, Kluger c\u00f2n \u0111\u1eb7t s\u1ef1 h\u00e0i l\u00f2ng c\u1ee7a kh\u00e1ch h\u00e0ng l\u00ean h\u00e0ng \u0111\u1ea7u. \u0110\u1ed9i ng\u0169 nh\u00e2n vi\u00ean chuy\u00ean nghi\u1ec7p v\u00e0 t\u1eadn t\u00e2m c\u1ee7a Kluger lu\u00f4n s\u1eb5n s\u00e0ng h\u1ed7 tr\u1ee3 kh\u00e1ch h\u00e0ng trong qu\u00e1 tr\u00ecnh ch\u1ecdn l\u1ef1a s\u1ea3n ph\u1ea9m v\u00e0 cung c\u1ea5p d\u1ecbch v\u1ee5 h\u1eadu m\u00e3i t\u1ed1t nh\u1ea5t.<\/p>\n<div id=\"yrm-QVtO5\" class=\"yrm-content yrm-content-1 yrm-hide\" data-id=\"1\" data-show-status=\"true\" data-after-action=\"\">\n<div id=\"yrm-inner-content-yrm-QVtO5\" class=\"yrm-inner-content-wrapper yrm-cntent-1\">\n<p>\u0110\u01b0\u1ee3c nghi\u00ean c\u1ee9u v\u00e0 thi\u1ebft k\u1ebf v\u1edbi s\u1ef1 t\u1ec9 m\u1ec9 v\u00e0 ch\u00fa tr\u1ecdng \u0111\u1ebfn t\u1eebng chi ti\u1ebft, ch\u1eadu r\u1eeda b\u00e1t Kluger hi\u1ec7n \u0111\u1ea1i h\u00f2a quy\u1ec7n m\u1ed9t phong c\u00e1ch ho\u00e0n h\u1ea3o gi\u1eefa h\u00ecnh th\u1ee9c v\u00e0 ch\u1ee9c n\u0103ng, t\u1ea1o ra m\u1ed9t \u0111i\u1ec3m nh\u1ea5n n\u1ed5i b\u1eadt v\u1ec1 kh\u00f4ng gian cho c\u0103n b\u1ebfp.<\/p>\n<p>Ngo\u00e0i nh\u1eefng t\u00ednh n\u0103ng n\u1ebfu tr\u00ean,\u00a0<em>ch\u1eadu Kluger m\u00e3 KWU8161FB \u2013 S76 Plus K600 Series<\/em>\u00a0c\u00f2n c\u00f3 m\u1ed9t s\u1ed1 \u0111\u1eb7c \u0111i\u1ec3m sau:<\/p>\n<h4><strong>Tho\u00e1t n\u01b0\u1edbc d\u1ec5 d\u00e0ng<\/strong><\/h4>\n<p>Ch\u1eadu b\u1ebfp s\u1ebd lu\u00f4n kh\u00f4 r\u00e1o v\u00e0 d\u1ec5 d\u00e0ng l\u00e0m s\u1ea1ch, ng\u0103n ng\u1eeba t\u00edch t\u1ee5 n\u01b0\u1edbc v\u00e0 vi khu\u1ea9n nh\u1edd thi\u1ebft k\u1ebf \u0111\u00e1y ch\u1eadu nghi\u00eang 01 g\u00f3c 3 \u2013 4 \u0111\u1ed9.<\/p>\n<h4><strong>Thi\u1ebft k\u1ebf s\u00e2u l\u00f2ng<\/strong><\/h4>\n<p>Ng\u0103n ch\u1eb7n vi\u1ec7c n\u01b0\u1edbc b\u1eafn ra kh\u1ecfi ch\u1eadu, gi\u1eef cho kh\u00f4ng gian xung quanh s\u1ea1ch s\u1ebd v\u00e0 kh\u00f4 r\u00e1o. Ch\u1eadu b\u1ebfp s\u00e2u l\u00f2ng cung c\u1ea5p kh\u00f4ng gian \u0111\u1ee7 cho c\u00e1c c\u00f4ng vi\u1ec7c l\u1edbn h\u01a1n.<\/p>\n<h4><strong>H\u1ec7 th\u1ed1ng tho\u00e1t n\u01b0\u1edbc ch\u1eadu r\u1eeda b\u00e1t<\/strong><\/h4>\n<p>B\u1ed9 l\u1ecdc r\u00e1c v\u00e0 Siphon tho\u00e1t n\u01b0\u1edbc th\u1ebf h\u1ec7 m\u1edbi l\u00e0 hai ph\u1ee5 ki\u1ec7n kh\u00f4ng th\u1ec3 thi\u1ebfu khi s\u1eed d\u1ee5ng ch\u1eadu b\u1ebfp Kluger. V\u1edbi thi\u1ebft k\u1ebf \u0111a ch\u1ee9c n\u0103ng v\u00e0 c\u00f4ng ngh\u1ec7 ti\u00ean ti\u1ebfn, mang \u0111\u1ebfn nh\u1eefng l\u1ee3i t\u00edch v\u00e0 ti\u1ec7n \u00edch \u0111\u00e1ng k\u1ec3 cho kh\u00f4ng gian b\u1ebfp gia \u0111\u00ecnh.<\/p>\n<p><strong>\u00a0 \u00a0\u2013 B\u00e1t r\u00e1c 03 l\u1edbp.<\/strong><\/p>\n<p>Thi\u1ebft k\u1ebf t\u1ed1i \u01b0u v\u1edbi 03 l\u1edbp, kh\u1ea3 n\u0103ng l\u1ecdc tri\u1ec7t \u0111\u1ec3, gi\u1eef l\u1ea1i to\u00e0n b\u1ed9 c\u1eb7n b\u1ea9n v\u00e0 tho\u00e1t h\u1ebft n\u01b0\u1edbc, ch\u1ed1ng t\u1eafc ngh\u1ebdn, \u0111\u1ea3m b\u1ea3o cho h\u1ec7 th\u1ed1ng tho\u00e1t n\u01b0\u1edbc v\u1eadn h\u00e0nh tr\u01a1n tru, gi\u1eef cho ch\u1eadu b\u1ebfp lu\u00f4n kh\u00f4 tho\u00e1ng, s\u1ea1ch s\u1ebd.<\/p>\n<p><strong>\u00a0 \u00a0\u2013 Siphon th\u1ebf h\u1ec7 m\u1edbi.<\/strong><\/p>\n<p>\u0110\u01b0\u1ee3c s\u1ea3n xu\u1ea5t \u0111\u1ed9c quy\u1ec1n s\u1eed d\u1ee5ng ch\u1ea5t li\u1ec7u PVC ch\u1ecbu nhi\u1ec7t t\u1ed1t, c\u00f3 l\u01b0u l\u01b0\u1ee3ng tho\u00e1t n\u01b0\u1edbc l\u1edbn. \u0110\u1ed3ng th\u1eddi, v\u1edbi c\u1ea5u t\u1ea1o ng\u0103n m\u00f9i, ng\u0103n n\u01b0\u1edbc tr\u00e0o ng\u01b0\u1ee3c, ch\u1ed1ng c\u00f4n tr\u00f9ng, siphon Kluger gi\u1eef cho kh\u00f4ng gian b\u1ebfp lu\u00f4n th\u00f4ng tho\u00e1ng v\u00e0 s\u1ea1ch s\u1ebd. B\u1ed9 Siphon c\u1ee7a Kluger c\u00f3 k\u00edch th\u01b0\u1edbc l\u1edbn nh\u1ea5t th\u1ecb tr\u01b0\u1eddng hi\u1ec7n nay.<\/p>\n<p><strong>\u00a0 \u00a0\u2013 Tho\u00e1t tr\u00e0n.<\/strong><\/p>\n<p>H\u1ec7 th\u1ed1ng ch\u1ed1ng tr\u00e0n n\u00e0y \u0111\u01b0\u1ee3c l\u1eafp \u0111\u1eb7t tr\u00ean th\u00e0nh c\u1ee7a ch\u1eadu r\u1eeda b\u00e1t v\u00e0 ho\u1ea1t \u0111\u1ed9ng nh\u01b0 m\u1ed9t van an to\u00e0n. Khi m\u1ee9c n\u01b0\u1edbc v\u01b0\u1ee3t qu\u00e1 m\u1ee9c cho ph\u00e9p, h\u1ec7 th\u1ed1ng tho\u00e1t tr\u00e0n s\u1ebd ho\u1ea1t \u0111\u1ed9ng, ng\u0103n ch\u1eb7n n\u01b0\u1edbc tr\u00e0n ra kh\u1ecfi ch\u1eadu.<\/p>\n<h4><strong>03 c\u00e1ch l\u1eafp \u0111\u1eb7t ch\u1eadu r\u1eeda b\u00e1t<\/strong><\/h4>\n<p>Ch\u1eadu r\u1eeda b\u00e1t \u0111\u01b0\u1ee3c thi\u1ebft k\u1ebf v\u1edbi kh\u1ea3 n\u0103ng l\u1eafp \u0111\u1eb7t linh ho\u1ea1t, cho ph\u00e9p b\u1ea1n t\u00f9y ch\u1ecdn v\u00e0 thay \u0111\u1ed5i phong c\u00e1ch l\u1eafp \u0111\u1eb7t ph\u00f9 h\u1ee3p v\u1edbi kh\u00f4ng gian v\u00e0 s\u1edf th\u00edch c\u1ea3 nh\u00e2n. C\u00f3 03 c\u00e1ch l\u1eafp \u0111\u1eb7t ch\u1eadu r\u1eeda b\u00e1t ph\u1ed5 bi\u1ebfn hi\u1ec7n nay:<\/p>\n<p>\u2013 Top Mount \u2013 D\u01b0\u01a1ng b\u00e0n: L\u1eafp \u0111\u1eb7t th\u00e0nh ch\u1eadu tr\u00ean m\u1eb7t b\u00e0n.<\/p>\n<p>\u2013 Flush Mount \u2013 B\u00e1n \u00e2m: L\u1eafp \u0111\u1eb7t th\u00e0nh ch\u1eadu ph\u1eb3ng v\u1edbi m\u1eb7t b\u00e0n.<\/p>\n<p>\u2013 Under Mount \u2013 \u00c2m b\u00e0n: L\u1eafp \u0111\u1eb7t th\u00e0nh ch\u1eadu d\u01b0\u1edbi m\u1eb7t b\u00e0n.<\/p>\n<p><em>L\u01b0u \u00fd:<\/em>\u00a0Vi\u1ec7c l\u1eafp \u0111\u1eb7t ch\u1eadu r\u1eeda b\u00e1t \/ b\u1ed3n r\u1eeda ch\u00e9n c\u00f3 th\u1ec3 \u0111\u00f2i h\u1ecfi s\u1ef1 am hi\u1ec3u v\u1ec1 h\u1ec7 th\u1ed1ng n\u01b0\u1edbc v\u00e0 k\u1ef9 thu\u1eadt l\u1eafp \u0111\u1eb7t. N\u1ebfu b\u1ea1n kh\u00f4ng t\u1ef1 tin ho\u1eb7c kh\u00f4ng c\u00f3 k\u1ef9 n\u0103ng c\u1ea7n thi\u1ebft, h\u00e3y nh\u1edd s\u1ef1 tr\u1ee3 gi\u00fap t\u1eeb m\u1ed9t th\u1ee3 l\u00e0nh ngh\u1ec1 ho\u1eb7c chuy\u00ean gia l\u1eafp \u0111\u1eb7t<\/p>\n<p>\u0110\u1ec3 c\u00f3 nh\u1eefng tr\u1ea3i nghi\u1ec7m th\u1ef1c t\u1ebf v\u1ec1 s\u1ea3n ph\u1ea9m\u00a0<em>Ch\u1eadu r\u1eeda b\u00e1t Kluger K600 KWU8161FB \u2013 S76 Plus<\/em>. Qu\u00fd kh\u00e1ch h\u00e0ng \u0111\u1ebfn \u0111\u1ecba ch\u1ec9 \u0111\u1ea1i l\u00fd g\u1ea7n nh\u1ea5t thu\u1ed9c h\u1ec7 th\u1ed1ng ph\u00e2n ph\u1ed1i ch\u00ednh h\u00e3ng c\u1ee7a Kluger<\/p>\n<h4><strong>Kluger\u00a0\u2013 S\u1ef1 l\u1ef1a ch\u1ecdn h\u00e0ng \u0111\u1ea7u ch\u1eadu r\u1eeda b\u00e1t v\u00e0 thi\u1ebft b\u1ecb nh\u00e0 b\u1ebfp ch\u1ea5t l\u01b0\u1ee3ng cao<\/strong><\/h4>\n<p><strong>Kluger<\/strong>\u00a0l\u00e0 th\u01b0\u01a1ng hi\u1ec7u chuy\u00ean cung c\u1ea5p c\u00e1c s\u1ea3n ph\u1ea9m ch\u1eadu v\u00f2i b\u1ebfp cao c\u1ea5p theo ti\u00eau chu\u1ea9n Ch\u00e2u \u00c2u. Mang trong m\u00ecnh s\u1ee9 m\u1ec7nh ki\u1ebfn t\u1ea1o kh\u00f4ng gian b\u1ebfp ti\u1ec7n nghi v\u00e0 t\u1ea7m nh\u00ecn tr\u1edf th\u00e0nh th\u01b0\u01a1ng hi\u1ec7u s\u1ed1 1 Vi\u1ec7t Nam v\u1ec1 thi\u1ebft b\u1ecb nh\u00e0 b\u1ebfp, Kluger kh\u00f4ng ng\u1eebng n\u00e2ng cao kh\u1ea3 n\u0103ng s\u00e1ng t\u1ea1o, ch\u1ea5t l\u01b0\u1ee3ng s\u1ea3n ph\u1ea9m v\u00e0 d\u1ecbch v\u1ee5 kh\u00e1ch h\u00e0ng.<\/p>\n<p>V\u1edbi s\u1ee9 m\u1ec7nh t\u1ea1o ra kh\u00f4ng gian b\u1ebfp ti\u1ec7n nghi v\u00e0 m\u1ee5c ti\u00eau tr\u1edf th\u00e0nh th\u01b0\u01a1ng hi\u1ec7u h\u00e0ng \u0111\u1ea7u v\u1ec1 thi\u1ebft b\u1ecb nh\u00e0 b\u1ebfp t\u1ea1i Vi\u1ec7t Nam, Kluger \u0111\u00e3 kh\u1eb3ng \u0111\u1ecbnh v\u1ecb th\u1ebf c\u1ee7a m\u00ecnh nh\u01b0 m\u1ed9t th\u01b0\u01a1ng hi\u1ec7u chuy\u00ean cung c\u1ea5p c\u00e1c s\u1ea3n ph\u1ea9m ch\u1eadu v\u00f2i b\u1ebfp cao c\u1ea5p theo ti\u00eau chu\u1ea9n Ch\u00e2u \u00c2u.<\/p>\n<p>Kluger kh\u00f4ng ng\u1eebng n\u1ed7 l\u1ef1c n\u00e2ng cao kh\u1ea3 n\u0103ng s\u00e1ng t\u1ea1o v\u00e0 ch\u1ea5t l\u01b0\u1ee3ng s\u1ea3n ph\u1ea9m \u0111\u1ec3 \u0111\u00e1p \u1ee9ng nhu c\u1ea7u ng\u00e0y c\u00e0ng cao c\u1ee7a kh\u00e1ch h\u00e0ng. V\u1edbi vi\u1ec7c \u00e1p d\u1ee5ng c\u00f4ng ngh\u1ec7 ti\u00ean ti\u1ebfn v\u00e0 quy tr\u00ecnh s\u1ea3n xu\u1ea5t ch\u1ea5t l\u01b0\u1ee3ng, Kluger cam k\u1ebft mang \u0111\u1ebfn cho kh\u00e1ch h\u00e0ng nh\u1eefng s\u1ea3n ph\u1ea9m ch\u1ea5t l\u01b0\u1ee3ng, b\u1ec1n b\u1ec9 v\u00e0 \u0111\u00e1ng tin c\u1eady.<\/p>\n<p>S\u1ea3n ph\u1ea9m ch\u1eadu r\u1eeda b\u00e1t Kluger \u0111\u01b0\u1ee3c thi\u1ebft k\u1ebf v\u1edbi s\u1ef1 tinh t\u1ebf v\u00e0 hi\u1ec7n \u0111\u1ea1i, ph\u00f9 h\u1ee3p v\u1edbi m\u1ecdi phong c\u00e1ch n\u1ed9i th\u1ea5t v\u00e0 kh\u00f4ng gian b\u1ebfp. Ch\u1ea5t li\u1ec7u cao c\u1ea5p v\u00e0 ho\u00e0n thi\u1ec7n t\u1ec9 m\u1ec9 c\u1ee7a ch\u1eadu r\u1eeda b\u00e1t Kluger \u0111\u1ea3m b\u1ea3o t\u00ednh th\u1ea9m m\u1ef9 v\u00e0 \u0111\u1ed9 b\u1ec1n, \u0111\u1ed3ng th\u1eddi gi\u00fap ti\u1ebft ki\u1ec7m th\u1eddi gian v\u00e0 c\u00f4ng s\u1ee9c trong qu\u00e1 tr\u00ecnh r\u1eeda b\u00e1t h\u00e0ng ng\u00e0y.<\/p>\n<p>Kh\u00f4ng ch\u1ec9 t\u1eadp trung v\u00e0o ch\u1ea5t l\u01b0\u1ee3ng s\u1ea3n ph\u1ea9m, Kluger c\u00f2n \u0111\u1eb7t s\u1ef1 h\u00e0i l\u00f2ng c\u1ee7a kh\u00e1ch h\u00e0ng l\u00ean h\u00e0ng \u0111\u1ea7u. \u0110\u1ed9i ng\u0169 nh\u00e2n vi\u00ean chuy\u00ean nghi\u1ec7p v\u00e0 t\u1eadn t\u00e2m c\u1ee7a Kluger lu\u00f4n s\u1eb5n s\u00e0ng h\u1ed7 tr\u1ee3 kh\u00e1ch h\u00e0ng trong qu\u00e1 tr\u00ecnh ch\u1ecdn l\u1ef1a s\u1ea3n ph\u1ea9m v\u00e0 cung c\u1ea5p d\u1ecbch v\u1ee5 h\u1eadu m\u00e3i t\u1ed1t nh\u1ea5t.<\/p>\n<p>V\u1edbi Kluger, b\u1ea1n c\u00f3 th\u1ec3 tin t\u01b0\u1edfng r\u1eb1ng b\u1ea1n \u0111ang l\u1ef1a ch\u1ecdn m\u1ed9t th\u01b0\u01a1ng hi\u1ec7u uy t\u00edn v\u00e0 ch\u1ea5t l\u01b0\u1ee3ng cho thi\u1ebft b\u1ecb nh\u00e0 b\u1ebfp c\u1ee7a m\u00ecnh.<\/p>\n<\/div>\n<\/div>\n<\/div>\n<\/div>\n","protected":false},"excerpt":{"rendered":"<ul>\n<li>Thu\u1ed9c d\u00f2ng: K600 SERIES.<\/li>\n<li>Ch\u1ea5t li\u1ec7u POSCO 304 \u2013 \u0111\u1ed9 d\u00e0y 1.0 mm.<\/li>\n<li>B\u1ec1 m\u1eb7t LINEN d\u1eadp n\u1ed5i ch\u1ed1ng x\u01b0\u1edbc, d\u1ec5 v\u1ec7 sinh.<\/li>\n<li>K\u00edch th\u01b0\u1edbc (mm): 760 x 445 x 220.<\/li>\n<li>\u2013 L\u1eafp d\u01b0\u01a1ng (mm): 740 x 425.<\/li>\n<li>\u2013 L\u1eafp \u00e2m (mm): 720 x 405 \u2013 g\u00f3c bo 4R10.<\/li>\n<li>Phi\u00ean b\u1ea3n: Plus.<\/li>\n<li>B\u1ed9 s\u1ea3n ph\u1ea9m bao g\u1ed3m: 01 ch\u1eadu r\u1eeda + 01 b\u00e1t r\u00e1c + 01 Siphon + 01 gi\u1ecf inox + 02 th\u1edbt inox + 01 ch\u1eadu inox nh\u1ecf.<\/li>\n<\/ul>\n","protected":false},"featured_media":5598,"comment_status":"open","ping_status":"closed","template":"","meta":[],"product_brand":[],"product_cat":[15],"product_tag":[],"class_list":{"0":"post-5597","1":"product","2":"type-product","3":"status-publish","4":"has-post-thumbnail","6":"product_cat-bep-tu","8":"first","9":"instock","10":"shipping-taxable","11":"product-type-simple"},"_links":{"self":[{"href":"https:\/\/nhadepbepxinh.com.vn\/index.php?rest_route=\/wp\/v2\/product\/5597","targetHints":{"allow":["GET"]}}],"collection":[{"href":"https:\/\/nhadepbepxinh.com.vn\/index.php?rest_route=\/wp\/v2\/product"}],"about":[{"href":"https:\/\/nhadepbepxinh.com.vn\/index.php?rest_route=\/wp\/v2\/types\/product"}],"replies":[{"embeddable":true,"href":"https:\/\/nhadepbepxinh.com.vn\/index.php?rest_route=%2Fwp%2Fv2%2Fcomments&post=5597"}],"wp:featuredmedia":[{"embeddable":true,"href":"https:\/\/nhadepbepxinh.com.vn\/index.php?rest_route=\/wp\/v2\/media\/5598"}],"wp:attachment":[{"href":"https:\/\/nhadepbepxinh.com.vn\/index.php?rest_route=%2Fwp%2Fv2%2Fmedia&parent=5597"}],"wp:term":[{"taxonomy":"product_brand","embeddable":true,"href":"https:\/\/nhadepbepxinh.com.vn\/index.php?rest_route=%2Fwp%2Fv2%2Fproduct_brand&post=5597"},{"taxonomy":"product_cat","embeddable":true,"href":"https:\/\/nhadepbepxinh.com.vn\/index.php?rest_route=%2Fwp%2Fv2%2Fproduct_cat&post=5597"},{"taxonomy":"product_tag","embeddable":true,"href":"https:\/\/nhadepbepxinh.com.vn\/index.php?rest_route=%2Fwp%2Fv2%2Fproduct_tag&post=5597"}],"curies":[{"name":"wp","href":"https:\/\/api.w.org\/{rel}","templated":true}]}}