{"id":4930,"date":"2025-04-20T15:44:30","date_gmt":"2025-04-20T08:44:30","guid":{"rendered":"https:\/\/nhadepbepxinh.com.vn\/?post_type=product&#038;p=4930"},"modified":"2025-04-27T09:32:11","modified_gmt":"2025-04-27T02:32:11","slug":"voi-rua-bat-nong-lanh-supor-253507-01-ls","status":"publish","type":"product","link":"https:\/\/nhadepbepxinh.com.vn\/?product=voi-rua-bat-nong-lanh-supor-253507-01-ls","title":{"rendered":"V\u00f2i r\u1eeda b\u00e1t n\u00f3ng l\u1ea1nh Supor 253507-01-LS"},"content":{"rendered":"<p>V\u00f2i r\u1eeda b\u00e1t n\u00f3ng l\u1ea1nh SUPOR 253507-01-LS l\u00e0 s\u1ef1 l\u1ef1a ch\u1ecdn l\u00fd t\u01b0\u1edfng cho kh\u00f4ng gian b\u1ebfp hi\u1ec7n \u0111\u1ea1i v\u1edbi thi\u1ebft k\u1ebf tinh t\u1ebf v\u00e0 ch\u1ee9c n\u0103ng \u0111a d\u1ea1ng.<\/p>\n<p><strong>\u0110\u1eb7c \u0111i\u1ec3m n\u1ed5i b\u1eadt v\u00f2i r\u1eeda b\u00e1t n\u00f3ng l\u1ea1nh SUPOR 253507-01-LS<\/strong><\/p>\n<ul>\n<li>Ch\u1ea5t li\u1ec7u Inox 304: Ch\u1ea5t li\u1ec7u inox 304 ch\u1ed1ng g\u1ec9 s\u00e9t v\u00e0 \u0103n m\u00f2n t\u1ed1t, \u0111\u1ea3m b\u1ea3o \u0111\u1ed9 b\u1ec1n v\u00e0 tu\u1ed5i th\u1ecd d\u00e0i l\u00e2u cho s\u1ea3n ph\u1ea9m.<\/li>\n<li>Ch\u1ee9c n\u0103ng n\u00f3ng l\u1ea1nh: T\u00edch h\u1ee3p c\u01a1 ch\u1ebf \u0111i\u1ec1u ch\u1ec9nh n\u01b0\u1edbc n\u00f3ng v\u00e0 l\u1ea1nh, gi\u00fap ng\u01b0\u1eddi d\u00f9ng d\u1ec5 d\u00e0ng \u0111i\u1ec1u ch\u1ec9nh nhi\u1ec7t \u0111\u1ed9 n\u01b0\u1edbc theo nhu c\u1ea7u.<\/li>\n<li>Thi\u1ebft k\u1ebf hi\u1ec7n \u0111\u1ea1i: V\u00f2i c\u00f3 thi\u1ebft k\u1ebf thanh l\u1ecbch v\u00e0 d\u1ec5 ph\u1ed1i h\u1ee3p v\u1edbi nhi\u1ec1u phong c\u00e1ch n\u1ed9i th\u1ea5t kh\u00e1c nhau.<\/li>\n<li>Ti\u1ebft ki\u1ec7m n\u01b0\u1edbc: Nhi\u1ec1u m\u1eabu v\u00f2i r\u1eeda b\u00e1t \u0111\u01b0\u1ee3c thi\u1ebft k\u1ebf v\u1edbi c\u00f4ng ngh\u1ec7 ti\u1ebft ki\u1ec7m n\u01b0\u1edbc, gi\u00fap gi\u1ea3m l\u01b0\u1ee3ng n\u01b0\u1edbc ti\u00eau th\u1ee5 m\u00e0 kh\u00f4ng \u1ea3nh h\u01b0\u1edfng \u0111\u1ebfn hi\u1ec7u su\u1ea5t s\u1eed d\u1ee5ng.<\/li>\n<li>D\u1ec5 d\u00e0ng l\u1eafp \u0111\u1eb7t v\u00e0 b\u1ea3o tr\u00ec: S\u1ea3n ph\u1ea9m th\u01b0\u1eddng \u0111i k\u00e8m v\u1edbi h\u01b0\u1edbng d\u1eabn l\u1eafp \u0111\u1eb7t v\u00e0 b\u1ea3o tr\u00ec chi ti\u1ebft, gi\u00fap ng\u01b0\u1eddi d\u00f9ng d\u1ec5 d\u00e0ng th\u1ef1c hi\u1ec7n.<\/li>\n<\/ul>\n","protected":false},"excerpt":{"rendered":"<p>V\u00f2i r\u1eeda b\u00e1t n\u00f3ng l\u1ea1nh SUPOR 253507-01-LS l\u00e0 s\u1ef1 l\u1ef1a ch\u1ecdn l\u00fd t\u01b0\u1edfng cho kh\u00f4ng gian b\u1ebfp hi\u1ec7n \u0111\u1ea1i v\u1edbi thi\u1ebft k\u1ebf tinh t\u1ebf v\u00e0 ch\u1ee9c n\u0103ng \u0111a d\u1ea1ng. \u0110\u1eb7c \u0111i\u1ec3m n\u1ed5i b\u1eadt v\u00f2i r\u1eeda b\u00e1t n\u00f3ng l\u1ea1nh SUPOR 253507-01-LS Ch\u1ea5t li\u1ec7u Inox 304: Ch\u1ea5t li\u1ec7u inox 304 ch\u1ed1ng g\u1ec9 s\u00e9t v\u00e0 \u0103n m\u00f2n t\u1ed1t,&#8230;<\/p>\n","protected":false},"featured_media":4931,"comment_status":"open","ping_status":"closed","template":"","meta":[],"product_brand":[],"product_cat":[17,127],"product_tag":[],"class_list":{"0":"post-4930","1":"product","2":"type-product","3":"status-publish","4":"has-post-thumbnail","6":"product_cat-voi-rua-bat","7":"product_cat-supor","9":"first","10":"instock","11":"shipping-taxable","12":"product-type-simple"},"_links":{"self":[{"href":"https:\/\/nhadepbepxinh.com.vn\/index.php?rest_route=\/wp\/v2\/product\/4930","targetHints":{"allow":["GET"]}}],"collection":[{"href":"https:\/\/nhadepbepxinh.com.vn\/index.php?rest_route=\/wp\/v2\/product"}],"about":[{"href":"https:\/\/nhadepbepxinh.com.vn\/index.php?rest_route=\/wp\/v2\/types\/product"}],"replies":[{"embeddable":true,"href":"https:\/\/nhadepbepxinh.com.vn\/index.php?rest_route=%2Fwp%2Fv2%2Fcomments&post=4930"}],"wp:featuredmedia":[{"embeddable":true,"href":"https:\/\/nhadepbepxinh.com.vn\/index.php?rest_route=\/wp\/v2\/media\/4931"}],"wp:attachment":[{"href":"https:\/\/nhadepbepxinh.com.vn\/index.php?rest_route=%2Fwp%2Fv2%2Fmedia&parent=4930"}],"wp:term":[{"taxonomy":"product_brand","embeddable":true,"href":"https:\/\/nhadepbepxinh.com.vn\/index.php?rest_route=%2Fwp%2Fv2%2Fproduct_brand&post=4930"},{"taxonomy":"product_cat","embeddable":true,"href":"https:\/\/nhadepbepxinh.com.vn\/index.php?rest_route=%2Fwp%2Fv2%2Fproduct_cat&post=4930"},{"taxonomy":"product_tag","embeddable":true,"href":"https:\/\/nhadepbepxinh.com.vn\/index.php?rest_route=%2Fwp%2Fv2%2Fproduct_tag&post=4930"}],"curies":[{"name":"wp","href":"https:\/\/api.w.org\/{rel}","templated":true}]}}