{"id":4883,"date":"2025-04-16T18:16:21","date_gmt":"2025-04-16T11:16:21","guid":{"rendered":"https:\/\/nhadepbepxinh.com.vn\/?post_type=product&#038;p=4883"},"modified":"2025-04-16T18:16:21","modified_gmt":"2025-04-16T11:16:21","slug":"quat-san-asiavina-turbo-plus","status":"publish","type":"product","link":"https:\/\/nhadepbepxinh.com.vn\/?product=quat-san-asiavina-turbo-plus","title":{"rendered":"Qu\u1ea1t s\u00e0n ASIAVINA TURBO PLUS"},"content":{"rendered":"<h1>Qu\u1ea1t s\u00e0n Turbo Plus VY636:<\/h1>\n<p><strong>Qu\u1ea1t S\u00e0n Turbo Plus VY636\u00a0<\/strong>l\u00e0 d\u00f2ng qu\u1ea1t \u0111i\u1ec7n kh\u00f4ng th\u1ec3 thi\u1ebfu trong m\u1ed7i gia \u0111\u00ecnh v\u00e0o m\u00f9a h\u1ea1. Asia STB 1601 kh\u1ecfe b\u1ec1n ch\u1ea1y \u00eam \u00e1i, v\u1edbi thi\u1ebft k\u1ebf l\u1ed3ng nh\u1ef1a ch\u1eafc ch\u1eafn, 6 c\u00e1nh thi\u1ebft k\u1ebf \u0111\u1eb7c bi\u1ec7t \u0111\u1ed9c quy\u1ec1n gi\u00fap qu\u1ea1t th\u1ed5i m\u1ea1nh v\u00e0 xa h\u01a1n.<\/p>\n<h2>Th\u00f4ng s\u1ed1 s\u1ea3n ph\u1ea9m:<\/h2>\n<div>\n<p>C\u00f4ng su\u1ea5t: 90W<\/p>\n<p>T\u1ed1c \u0111\u1ed9 gi\u00f3: 6.0 m\/s<\/p>\n<p>Lo\u1ea1i motor: b\u1ea1c thau<\/p>\n<p>V\u1eadt li\u1ec7u l\u1ed3ng : nh\u1ef1a cao c\u1ea5p<\/p>\n<p>\u0110\u01b0\u1eddng k\u00ednh c\u00e1nh: 40cm<\/p>\n<p>S\u1ed1 c\u00e1nh qu\u1ea1t: 6 c\u00e1nh<\/p>\n<p>D\u00f2ng \u0111i\u1ec7n: 220V-50Hz<\/p>\n<p>S\u1ed1 t\u1ed1c \u0111\u1ed9 gi\u00f3: 4<\/p>\n<p>L\u01b0u l\u01b0\u1ee3ng gi\u00f3 (*): 95-98 m3\/ ph\u00fat<\/p>\n<p>\u0110i\u1ec1u ch\u1ec9nh t\u1ed1c \u0111\u1ed9: n\u00fat v\u1eb7n<\/p>\n<p>B\u1ea3o h\u00e0nh \u0111\u1ed9ng c\u01a1 24 th\u00e1ng t\u1ea1i TTBH<\/p>\n<\/div>\n<h2>T\u00ednh n\u0103ng n\u1ed5i b\u1eadt:<\/h2>\n<p>Qu\u1ea1t s\u00e0n Asia\u00a0v\u1eadn h\u00e0nh c\u00f4ng su\u1ea5t l\u1edbn l\u00ean \u0111\u1ebfn 90W c\u00f9ng 6 c\u00e1nh qu\u1ea1t \u0111\u01b0\u1eddng k\u00ednh 40 cm cho t\u1ed1c \u0111\u1ed9 gi\u00f3 \u0111\u1ea1t 100 m\u00b3\/h, l\u00e0m m\u00e1t nhanh ch\u00f3ng<\/p>\n<p>Gi\u00fap l\u00e0m m\u00e1t nhanh, r\u1ed9ng v\u00e0 hi\u1ec7u qu\u1ea3 \u1edf c\u00e1c kh\u00f4ng gian trong nh\u00e0 v\u00e0 ngo\u00e0i tr\u1eddi.<\/p>\n<p><img decoding=\"async\" src=\"https:\/\/file.hstatic.net\/1000404593\/file\/394d8d7f91386c41718f811e10cc4df8_84cfd2f94ac642dfbbcd6752866f0f1a_grande.jpg\" \/><\/p>\n<p>L\u1ed3ng qu\u1ea1t b\u1eb1ng nh\u1ef1a, thi\u1ebft k\u1ebf chia th\u00e0nh nhi\u1ec1u v\u00f2ng, m\u1ed7i v\u00f2ng x\u1ebfp th\u00e0nh m\u1ed9t ki\u1ec3u kh\u00e1c nhau gi\u00fap lu\u00e2n chuy\u1ec3n kh\u00f4ng kh\u00ed trong kh\u00f4ng gian\u00a0r\u1ed9ng<\/p>\n<p>\u0110\u1ed3ng th\u1eddi l\u1ed3ng qu\u1ea1t \u0111an kh\u00edt, tr\u00e1nh nguy hi\u1ec3m cho ng\u01b0\u1eddi d\u00f9ng khi \u0111\u1ebfn g\u1ea7n l\u00fac qu\u1ea1t \u0111ang ho\u1ea1t \u0111\u1ed9ng, \u0111\u1eb7c bi\u1ec7t an to\u00e0n cho gia \u0111\u00ecnh c\u00f3 tr\u1ebb nh\u1ecf.<\/p>\n<p><img decoding=\"async\" src=\"https:\/\/file.hstatic.net\/1000404593\/file\/s4_ef27afb8a2cc4454803482944d3fd20d_grande_46874fec1531432187410c951d8aa888_grande.jpg\" \/><\/p>\n<p>\u0110i\u1ec1u khi\u1ec3n 3 m\u1ee9c gi\u00f3 v\u1edbi n\u00fat xoay d\u1ec5 d\u00e0ng t\u00f9y ch\u1ec9nh t\u1ed1c \u0111\u1ed9 nhanh hay ch\u1eadm ph\u00f9 h\u1ee3p v\u1edbi nhu c\u1ea7u s\u1eed d\u1ee5ng c\u1ee7a ng\u01b0\u1eddi\u00a0d\u00f9ng.<\/p>\n<p>Qu\u1ea1t s\u00e0n\u00a0s\u1eed d\u1ee5ng \u0111\u1ed9ng c\u01a1 b\u1ea1c thau v\u1eadn h\u00e0nh \u00eam \u00e1i, h\u1ea1n ch\u1ebf g\u00e2y ra ti\u1ebfng \u1ed3n \u1ea3nh h\u01b0\u1edfng \u0111\u1ebfn gi\u1ea5c ng\u1ee7, ho\u1ea1t \u0111\u1ed9ng th\u01b0\u1eddng ng\u00e0y.<\/p>\n<p><img decoding=\"async\" src=\"https:\/\/file.hstatic.net\/1000404593\/file\/ad7ca5836977a5a0b96ed0ed88d95580_c322d1a42ff1445a9fad7b4e54990cf4_grande.jpg\" \/><\/p>\n","protected":false},"excerpt":{"rendered":"<p>Qu\u1ea1t s\u00e0n Turbo Plus VY636: Qu\u1ea1t S\u00e0n Turbo Plus VY636\u00a0l\u00e0 d\u00f2ng qu\u1ea1t \u0111i\u1ec7n kh\u00f4ng th\u1ec3 thi\u1ebfu trong m\u1ed7i gia \u0111\u00ecnh v\u00e0o m\u00f9a h\u1ea1. Asia STB 1601 kh\u1ecfe b\u1ec1n ch\u1ea1y \u00eam \u00e1i, v\u1edbi thi\u1ebft k\u1ebf l\u1ed3ng nh\u1ef1a ch\u1eafc ch\u1eafn, 6 c\u00e1nh thi\u1ebft k\u1ebf \u0111\u1eb7c bi\u1ec7t \u0111\u1ed9c quy\u1ec1n gi\u00fap qu\u1ea1t th\u1ed5i m\u1ea1nh v\u00e0 xa h\u01a1n. Th\u00f4ng s\u1ed1&#8230;<\/p>\n","protected":false},"featured_media":4891,"comment_status":"open","ping_status":"closed","template":"","meta":[],"product_brand":[],"product_cat":[15],"product_tag":[],"class_list":{"0":"post-4883","1":"product","2":"type-product","3":"status-publish","4":"has-post-thumbnail","6":"product_cat-bep-tu","8":"first","9":"instock","10":"shipping-taxable","11":"product-type-simple"},"_links":{"self":[{"href":"https:\/\/nhadepbepxinh.com.vn\/index.php?rest_route=\/wp\/v2\/product\/4883","targetHints":{"allow":["GET"]}}],"collection":[{"href":"https:\/\/nhadepbepxinh.com.vn\/index.php?rest_route=\/wp\/v2\/product"}],"about":[{"href":"https:\/\/nhadepbepxinh.com.vn\/index.php?rest_route=\/wp\/v2\/types\/product"}],"replies":[{"embeddable":true,"href":"https:\/\/nhadepbepxinh.com.vn\/index.php?rest_route=%2Fwp%2Fv2%2Fcomments&post=4883"}],"wp:featuredmedia":[{"embeddable":true,"href":"https:\/\/nhadepbepxinh.com.vn\/index.php?rest_route=\/wp\/v2\/media\/4891"}],"wp:attachment":[{"href":"https:\/\/nhadepbepxinh.com.vn\/index.php?rest_route=%2Fwp%2Fv2%2Fmedia&parent=4883"}],"wp:term":[{"taxonomy":"product_brand","embeddable":true,"href":"https:\/\/nhadepbepxinh.com.vn\/index.php?rest_route=%2Fwp%2Fv2%2Fproduct_brand&post=4883"},{"taxonomy":"product_cat","embeddable":true,"href":"https:\/\/nhadepbepxinh.com.vn\/index.php?rest_route=%2Fwp%2Fv2%2Fproduct_cat&post=4883"},{"taxonomy":"product_tag","embeddable":true,"href":"https:\/\/nhadepbepxinh.com.vn\/index.php?rest_route=%2Fwp%2Fv2%2Fproduct_tag&post=4883"}],"curies":[{"name":"wp","href":"https:\/\/api.w.org\/{rel}","templated":true}]}}