{"id":4792,"date":"2025-04-13T14:58:50","date_gmt":"2025-04-13T07:58:50","guid":{"rendered":"https:\/\/nhadepbepxinh.com.vn\/?post_type=product&#038;p=4792"},"modified":"2025-04-13T15:29:39","modified_gmt":"2025-04-13T08:29:39","slug":"quat-san-asiavina-turbo-plus-vy636892","status":"publish","type":"product","link":"https:\/\/nhadepbepxinh.com.vn\/?product=quat-san-asiavina-turbo-plus-vy636892","title":{"rendered":"Qu\u1ea1t s\u00e0n ASIAVINA Turbo Plus VY636892"},"content":{"rendered":"<div class=\"title_text\">\u0110\u1eb7c \u0111i\u1ec3m n\u1ed5i b\u1eadt<\/div>\n<div class=\"detail\">\n<ul>\n<li>S\u1ee9c gi\u00f3 c\u1ef1c m\u1ea1nh, t\u1ed1c \u0111\u1ed9 c\u1ef1c nhanh, l\u01b0\u1ee3ng gi\u00f3 t\u1ea3i r\u1ed9ng, l\u00e0m m\u00e1t kh\u00f4ng gian l\u1edbn<\/li>\n<li>Thi\u1ebft k\u1ebf l\u1ed3ng l\u1ed1c xo\u00e1y, cho lu\u1ed3ng gi\u00f3 t\u1eadp trung.<\/li>\n<li>Vi\u1ec1n l\u1ed3ng thi\u1ebft k\u1ebf h\u00ecnh r\u0103ng c\u01b0a Chevron, gi\u1ea3m t\u1ed1i \u0111a ti\u1ebfng \u1ed3n<\/li>\n<li>Motor ho\u1ea1t \u0111\u1ed9ng m\u1ea1nh m\u1ebd v\u1edbi c\u00f4ng ngh\u1ec7 Dual Cooling System (C\u00f4ng ngh\u1ec7 l\u00e0m m\u00e1t k\u00e9p)<\/li>\n<li>L\u1ed3ng qu\u1ea1t nh\u1ef1a cao c\u1ea5p, b\u1ec1n b\u1ec9, nan l\u1ed3ng kh\u00edt an to\u00e0n<\/li>\n<li>B\u1ea3o h\u00e0nh\u00a0ch\u00ednh h\u00e3ng 2 n\u0103m<\/li>\n<li>\u0110\u1ed5i m\u1edbi trong 7 ng\u00e0y n\u1ebfu c\u00f3 l\u1ed7i do nh\u00e0 s\u1ea3n xu\u1ea5t<\/li>\n<\/ul>\n<\/div>\n","protected":false},"excerpt":{"rendered":"<p>\u0110\u1eb7c \u0111i\u1ec3m n\u1ed5i b\u1eadt S\u1ee9c gi\u00f3 c\u1ef1c m\u1ea1nh, t\u1ed1c \u0111\u1ed9 c\u1ef1c nhanh, l\u01b0\u1ee3ng gi\u00f3 t\u1ea3i r\u1ed9ng, l\u00e0m m\u00e1t kh\u00f4ng gian l\u1edbn Thi\u1ebft k\u1ebf l\u1ed3ng l\u1ed1c xo\u00e1y, cho lu\u1ed3ng gi\u00f3 t\u1eadp trung. Vi\u1ec1n l\u1ed3ng thi\u1ebft k\u1ebf h\u00ecnh r\u0103ng c\u01b0a Chevron, gi\u1ea3m t\u1ed1i \u0111a ti\u1ebfng \u1ed3n Motor ho\u1ea1t \u0111\u1ed9ng m\u1ea1nh m\u1ebd v\u1edbi c\u00f4ng ngh\u1ec7 Dual Cooling System&#8230;<\/p>\n","protected":false},"featured_media":4793,"comment_status":"open","ping_status":"closed","template":"","meta":[],"product_brand":[],"product_cat":[87,125],"product_tag":[],"class_list":{"0":"post-4792","1":"product","2":"type-product","3":"status-publish","4":"has-post-thumbnail","6":"product_cat-quat-dien","7":"product_cat-asiavina","9":"first","10":"instock","11":"shipping-taxable","12":"product-type-simple"},"_links":{"self":[{"href":"https:\/\/nhadepbepxinh.com.vn\/index.php?rest_route=\/wp\/v2\/product\/4792","targetHints":{"allow":["GET"]}}],"collection":[{"href":"https:\/\/nhadepbepxinh.com.vn\/index.php?rest_route=\/wp\/v2\/product"}],"about":[{"href":"https:\/\/nhadepbepxinh.com.vn\/index.php?rest_route=\/wp\/v2\/types\/product"}],"replies":[{"embeddable":true,"href":"https:\/\/nhadepbepxinh.com.vn\/index.php?rest_route=%2Fwp%2Fv2%2Fcomments&post=4792"}],"wp:featuredmedia":[{"embeddable":true,"href":"https:\/\/nhadepbepxinh.com.vn\/index.php?rest_route=\/wp\/v2\/media\/4793"}],"wp:attachment":[{"href":"https:\/\/nhadepbepxinh.com.vn\/index.php?rest_route=%2Fwp%2Fv2%2Fmedia&parent=4792"}],"wp:term":[{"taxonomy":"product_brand","embeddable":true,"href":"https:\/\/nhadepbepxinh.com.vn\/index.php?rest_route=%2Fwp%2Fv2%2Fproduct_brand&post=4792"},{"taxonomy":"product_cat","embeddable":true,"href":"https:\/\/nhadepbepxinh.com.vn\/index.php?rest_route=%2Fwp%2Fv2%2Fproduct_cat&post=4792"},{"taxonomy":"product_tag","embeddable":true,"href":"https:\/\/nhadepbepxinh.com.vn\/index.php?rest_route=%2Fwp%2Fv2%2Fproduct_tag&post=4792"}],"curies":[{"name":"wp","href":"https:\/\/api.w.org\/{rel}","templated":true}]}}