{"id":4715,"date":"2025-04-11T14:55:12","date_gmt":"2025-04-11T07:55:12","guid":{"rendered":"https:\/\/nhadepbepxinh.com.vn\/?post_type=product&#038;p=4715"},"modified":"2025-04-11T15:01:47","modified_gmt":"2025-04-11T08:01:47","slug":"ke-xoong-noi-inox-bong-cao-cap","status":"publish","type":"product","link":"https:\/\/nhadepbepxinh.com.vn\/?product=ke-xoong-noi-inox-bong-cao-cap","title":{"rendered":"K\u00ca\u0323 XOONG N\u00d4\u0300I INOX BO\u0301NG CAO C\u00c2\u0301P KARFELE"},"content":{"rendered":"<ul class=\"tabs wc-tabs product-tabs small-nav-collapse nav nav-uppercase nav-line nav-left\" role=\"tablist\">\n<li id=\"tab-title-description\" class=\"description_tab active\" role=\"tab\" aria-controls=\"tab-description\">Th\u00f4ng tin chi ti\u1ebft<\/li>\n<\/ul>\n<div class=\"tab-panels\">\n<div id=\"tab-description\" class=\"woocommerce-Tabs-panel woocommerce-Tabs-panel--description panel entry-content active\" role=\"tabpanel\" aria-labelledby=\"tab-title-description\">\n<p>Karfele s\u1ebd gi\u1edbi thi\u1ec7u \u0111\u1ebfn cho qu\u00fd kh\u00e1ch h\u00e0ng m\u1ed9t b\u1ed9 s\u1ea3n ph\u1ea9m m\u1edbi trong h\u1ec7 th\u1ed1ng <strong>k\u1ec7 \u0111\u1ec3 xoong n\u1ed3i inox<\/strong>. K\u1ec7 \u0111\u1ef1ng xoong n\u1ed3i nan d\u1eb9t ch\u1ea5t li\u1ec7u Inox b\u00f3ng cao c\u1ea5p v\u1edbi nh\u1eefng \u0111\u1eb7c \u0111i\u1ec3m h\u1eefu \u00edch:<\/p>\n<p>\u2013 Ch\u1ea5t li\u1ec7u INOX b\u00f3ng cao c\u1ea5p, ch\u1ed1ng han r\u1ec9, b\u1ec1n b\u1ec9 theo th\u1eddi gian, gi\u00fap ng\u01b0\u1eddi d\u00f9ng ti\u1ebft ki\u1ec7m chi ti\u00eau<\/p>\n<p>\u2013 Thi\u1ebft k\u1ebf ph\u00f9 h\u1ee3p v\u1edbi m\u1ecdi c\u0103n b\u1ebfp (K\u00edch th\u01b0\u1edbc c\u1ee5 th\u1ec3 b\u00ean d\u01b0\u1edbi)<\/p>\n<p>\u2013 B\u1ed9 s\u1ea3n ph\u1ea9m g\u1ed3m 1 k\u1ec7 \u0111\u1ef1ng xoong n\u1ed3i + 1 khay h\u1ee9ng n\u01b0\u1edbc d\u00f9ng \u0111\u1ec3 \u0111\u1ea3m b\u1ea3o kh\u00f4 tho\u00e1ng<\/p>\n<p>\u2013 Thi\u1ebft k\u1ebf ch\u1eafc ch\u1eafn, ch\u1ecbu \u0111\u01b0\u1ee3c tr\u1ecdng t\u1ea3i l\u1edbn, ph\u00f9 h\u1ee3p v\u1edbi m\u1ecdi lo\u1ea1i xoong n\u1ed3i v\u1edbi \u0111\u1eb7c \u0111i\u1ec3m n\u1ed5i b\u1eadt khi l\u1eafp \u0111\u1eb7t \u00e2m t\u1ee7 k\u00edn \u0111\u00e1o, \u0111\u1ea3m b\u1ea3o xoong n\u1ed3i \u0111\u01b0\u1ee3c b\u1ea3o qu\u1ea3n t\u1ed1t h\u01a1n tr\u00e1nh s\u1ef1 x\u00e2m nh\u1eadp c\u1ee7a c\u00f4n tr\u00f9ng<\/p>\n<p>\u2013 \u0110i\u1ec3m \u0111\u1eb7c tr\u01b0ng c\u1ee7a k\u1ec7 \u0111\u1ef1ng xoong l\u00e0 thi\u1ebft k\u1ebf nan d\u1eb9t, b\u1ec1 m\u1eb7t inox cao c\u1ea5p s\u00e1ng b\u00f3ng m\u1ecbn m\u00e0ng, s\u1ebd gi\u00fap kh\u00f4ng gian ph\u00f2ng b\u1ebfp tr\u1edf n\u00ean b\u1eaft m\u1eaft hi\u1ec7n \u0111\u1ea1i h\u01a1n.<\/p>\n<p><strong>Th\u00f4ng s\u1ed1 k\u1ef9 thu\u1eadt: K\u1ec7 xoong n\u1ed3i nan d\u1eb9t ch\u1ea5t li\u1ec7u INOX b\u00f3ng cao c\u1ea5p<\/strong><\/p>\n<table border=\"1\" width=\"504\">\n<tbody>\n<tr>\n<td width=\"126\"><strong>M\u00e3 h\u00e0ng<\/strong><\/td>\n<td width=\"126\"><strong>K\u00edch th\u01b0\u1edbc<\/strong><\/td>\n<td width=\"126\"><strong>\u0110\u01a1n v\u1ecb<\/strong><\/td>\n<td width=\"126\"><strong>Gi\u00e1 b\u00e1n<\/strong><\/td>\n<\/tr>\n<tr>\n<td><strong>KN7.600<\/strong><\/td>\n<td><strong>R565\u00d7S430\u00d7C140<\/strong><\/td>\n<td><strong>B\u1ed9<\/strong><\/td>\n<td><strong>Li\u00ean h\u00ea\u0323<\/strong><\/td>\n<\/tr>\n<tr>\n<td><strong>KN7.700<\/strong><\/td>\n<td><strong>R665\u00d7S430\u00d7C140<\/strong><\/td>\n<td><strong>B\u1ed9<\/strong><\/td>\n<td><strong>Li\u00ean h\u00ea\u0323<\/strong><\/td>\n<\/tr>\n<tr>\n<td><strong>KN7.800<\/strong><\/td>\n<td><strong>R765\u00d7S430\u00d7C140<\/strong><\/td>\n<td><strong>B\u1ed9<\/strong><\/td>\n<td><strong>Li\u00ean h\u00ea\u0323<\/strong><\/td>\n<\/tr>\n<tr>\n<td><strong>KN7.900<\/strong><\/td>\n<td><strong>R865\u00d7S430\u00d7C140<\/strong><\/td>\n<td><strong>B\u1ed9<\/strong><\/td>\n<td><strong>Li\u00ean h\u00ea\u0323<\/strong><\/td>\n<\/tr>\n<\/tbody>\n<\/table>\n<\/div>\n<\/div>\n","protected":false},"excerpt":{"rendered":"<p>Th\u00f4ng tin chi ti\u1ebft Karfele s\u1ebd gi\u1edbi thi\u1ec7u \u0111\u1ebfn cho qu\u00fd kh\u00e1ch h\u00e0ng m\u1ed9t b\u1ed9 s\u1ea3n ph\u1ea9m m\u1edbi trong h\u1ec7 th\u1ed1ng k\u1ec7 \u0111\u1ec3 xoong n\u1ed3i inox. K\u1ec7 \u0111\u1ef1ng xoong n\u1ed3i nan d\u1eb9t ch\u1ea5t li\u1ec7u Inox b\u00f3ng cao c\u1ea5p v\u1edbi nh\u1eefng \u0111\u1eb7c \u0111i\u1ec3m h\u1eefu \u00edch: \u2013 Ch\u1ea5t li\u1ec7u INOX b\u00f3ng cao c\u1ea5p, ch\u1ed1ng han r\u1ec9, b\u1ec1n&#8230;<\/p>\n","protected":false},"featured_media":4716,"comment_status":"open","ping_status":"closed","template":"","meta":[],"product_brand":[],"product_cat":[55,57],"product_tag":[],"class_list":{"0":"post-4715","1":"product","2":"type-product","3":"status-publish","4":"has-post-thumbnail","6":"product_cat-phu-kien-tu-bep","7":"product_cat-karfele","9":"first","10":"instock","11":"shipping-taxable","12":"product-type-simple"},"_links":{"self":[{"href":"https:\/\/nhadepbepxinh.com.vn\/index.php?rest_route=\/wp\/v2\/product\/4715","targetHints":{"allow":["GET"]}}],"collection":[{"href":"https:\/\/nhadepbepxinh.com.vn\/index.php?rest_route=\/wp\/v2\/product"}],"about":[{"href":"https:\/\/nhadepbepxinh.com.vn\/index.php?rest_route=\/wp\/v2\/types\/product"}],"replies":[{"embeddable":true,"href":"https:\/\/nhadepbepxinh.com.vn\/index.php?rest_route=%2Fwp%2Fv2%2Fcomments&post=4715"}],"wp:featuredmedia":[{"embeddable":true,"href":"https:\/\/nhadepbepxinh.com.vn\/index.php?rest_route=\/wp\/v2\/media\/4716"}],"wp:attachment":[{"href":"https:\/\/nhadepbepxinh.com.vn\/index.php?rest_route=%2Fwp%2Fv2%2Fmedia&parent=4715"}],"wp:term":[{"taxonomy":"product_brand","embeddable":true,"href":"https:\/\/nhadepbepxinh.com.vn\/index.php?rest_route=%2Fwp%2Fv2%2Fproduct_brand&post=4715"},{"taxonomy":"product_cat","embeddable":true,"href":"https:\/\/nhadepbepxinh.com.vn\/index.php?rest_route=%2Fwp%2Fv2%2Fproduct_cat&post=4715"},{"taxonomy":"product_tag","embeddable":true,"href":"https:\/\/nhadepbepxinh.com.vn\/index.php?rest_route=%2Fwp%2Fv2%2Fproduct_tag&post=4715"}],"curies":[{"name":"wp","href":"https:\/\/api.w.org\/{rel}","templated":true}]}}