{"id":4686,"date":"2025-04-11T14:36:03","date_gmt":"2025-04-11T07:36:03","guid":{"rendered":"https:\/\/nhadepbepxinh.com.vn\/?post_type=product&#038;p=4686"},"modified":"2025-04-11T15:01:19","modified_gmt":"2025-04-11T08:01:19","slug":"gia-bat-dia-nang-ha-inox-304-kefele","status":"publish","type":"product","link":"https:\/\/nhadepbepxinh.com.vn\/?product=gia-bat-dia-nang-ha-inox-304-kefele","title":{"rendered":"GIA\u0301 BA\u0301T \u0110I\u0303A N\u00c2NG HA\u0323 INOX 304 KARFELE"},"content":{"rendered":"<ul class=\"tabs wc-tabs product-tabs small-nav-collapse nav nav-uppercase nav-line nav-left\" role=\"tablist\">\n<li id=\"tab-title-description\" class=\"description_tab active\" role=\"tab\" aria-controls=\"tab-description\">Th\u00f4ng tin chi ti\u1ebft<\/li>\n<\/ul>\n<div class=\"tab-panels\">\n<div id=\"tab-description\" class=\"woocommerce-Tabs-panel woocommerce-Tabs-panel--description panel entry-content active\" role=\"tabpanel\" aria-labelledby=\"tab-title-description\">\n<p><strong>Gi\u00e1 b\u00e1t n\u00e2ng h\u1ea1 inox 304<\/strong>\u00a0\u0111\u00e3 c\u00f3 m\u1eb7t kh\u1eafp h\u1ea7u h\u1ebft trong m\u1ed7i t\u1ee7 b\u1ebfp c\u1ee7a c\u00e1c gia \u0111\u00ecnh. Gi\u00e1 b\u00e1t \u0111\u0129a di \u0111\u1ed9ng n\u00e2ng h\u1ea1 \u0111\u00e3 v\u00e0 \u0111ang chinh ph\u1ee5c t\u1ea5t c\u1ea3 c\u00e1c kh\u00e1ch h\u00e0ng b\u1eb1ng nh\u1eefng c\u1ea3i ti\u1ebfn v\u00e0 c\u00f4ng d\u1ee5ng th\u00f4ng minh v\u00e0 s\u1ef1 ti\u1ec7n d\u1ee5ng c\u1ee7a ch\u00fang.<\/p>\n<p>Gi\u00e1 b\u00e1t \u0111\u0129a di \u0111\u1ed9ng thi\u1ebft k\u1ebf 2 t\u1ea7ng v\u1edbi ki\u1ec3u d\u00e1ng sang tr\u1ecdng, hi\u1ec7n \u0111\u1ea1i. Ch\u1ea5t li\u1ec7u INOX 304 cao c\u1ea5p si\u00eau b\u1ec1n b\u1ec9. T\u1ea7ng 1 v\u00e0 t\u1ea7ng 2 \u0111\u1ec1u c\u00f3 khay h\u1ee9ng n\u01b0\u1edbc gi\u00fap \u0111\u1ea3m b\u1ea3o b\u00e1t \u0111\u0129a lu\u00f4n \u0111\u01b0\u1ee3c kh\u00f4 tho\u00e1ng.<\/p>\n<p>C\u01a1 ch\u1ebf gi\u1ea3m ch\u1ea5n th\u00f4ng minh, tri\u1ec7t ti\u00eau m\u1ecdi va ch\u1ea1m khi n\u00e2ng h\u1ea1.<\/p>\n<p><strong>Gi\u00e1 b\u00e1t \u0111\u0129a th\u00f4ng minh<\/strong>\u00a0\u0111\u01b0\u1ee3c thi\u1ebft k\u1ebf ph\u00f9 h\u1ee3p v\u1edbi chi\u1ec1u cao v\u00e0 v\u00f3c d\u00e1ng c\u1ee7a m\u1ecdi \u0111\u1ed1i t\u01b0\u1ee3ng k\u1ec3 c\u1ea3 tr\u1ebb em, ng\u01b0\u1eddi gi\u00e0, hay nh\u1eefng ng\u01b0\u1eddi c\u00f3 chi\u1ec1u cao khi\u00eam t\u1ed1n, \u0111\u1ea3m b\u1ea3o s\u1ef1 an to\u00e0n khi v\u00e0o b\u1ebfp.<\/p>\n<p>Khi v\u1ec7 sinh ch\u1ec9 c\u1ea7n k\u00e9o xu\u1ed1ng nh\u1eb9 nh\u00e0ng m\u00e0 kh\u00f4ng c\u1ea7n ph\u1ea3i b\u1eafc gh\u1ebf cao \u0111\u1ec3 lau nh\u01b0 \u0111\u1ed1i v\u1edbi gi\u00e1 b\u00e1t c\u1ed1 \u0111\u1ecbnh.<\/p>\n<h2><strong>Th\u00f4ng s\u1ed1 k\u1ef9 thu\u1eadt c\u1ee7a gi\u00e1 b\u00e1t n\u00e2ng h\u1ea1 inox 304<\/strong><\/h2>\n<table width=\"682\">\n<tbody>\n<tr>\n<td width=\"82\"><strong>M\u00e3 h\u00e0ng<\/strong><\/td>\n<td width=\"124\"><strong>K\u00edch th\u01b0\u1edbc (mm)<\/strong><\/td>\n<td width=\"162\"><strong>K\u00edch th\u01b0\u1edbc c\u00e1nh (mm)<\/strong><\/td>\n<td width=\"72\"><strong>\u0110\u01a1n v\u1ecb<\/strong><\/td>\n<td width=\"100\"><strong>Gi\u00e1 b\u00e1n<\/strong><\/td>\n<\/tr>\n<tr>\n<td width=\"82\"><strong>DH.700<\/strong><\/td>\n<td width=\"124\"><strong>R665*S280*C650<\/strong><\/td>\n<td width=\"162\"><strong>700<\/strong><\/td>\n<td width=\"72\"><strong>B\u1ed9<\/strong><\/td>\n<td width=\"100\"><strong>Li\u00ean h\u00ea\u0323<\/strong><\/td>\n<\/tr>\n<tr>\n<td width=\"82\"><strong>DH.800<\/strong><\/td>\n<td width=\"124\"><strong>R765*S280*C650<\/strong><\/td>\n<td width=\"162\"><strong>800<\/strong><\/td>\n<td width=\"72\"><strong>B\u1ed9<\/strong><\/td>\n<td width=\"100\"><strong>Li\u00ean h\u00ea\u0323<\/strong><\/td>\n<\/tr>\n<tr>\n<td width=\"82\"><strong>DH.900<\/strong><\/td>\n<td width=\"124\"><strong>R865*S280*C650<\/strong><\/td>\n<td width=\"162\"><strong>900<\/strong><\/td>\n<td width=\"72\"><strong>B\u1ed9<\/strong><\/td>\n<td width=\"100\"><strong>Li\u00ean h\u00ea\u0323<\/strong><\/td>\n<\/tr>\n<\/tbody>\n<\/table>\n<\/div>\n<\/div>\n","protected":false},"excerpt":{"rendered":"<p>Th\u00f4ng tin chi ti\u1ebft Gi\u00e1 b\u00e1t n\u00e2ng h\u1ea1 inox 304\u00a0\u0111\u00e3 c\u00f3 m\u1eb7t kh\u1eafp h\u1ea7u h\u1ebft trong m\u1ed7i t\u1ee7 b\u1ebfp c\u1ee7a c\u00e1c gia \u0111\u00ecnh. Gi\u00e1 b\u00e1t \u0111\u0129a di \u0111\u1ed9ng n\u00e2ng h\u1ea1 \u0111\u00e3 v\u00e0 \u0111ang chinh ph\u1ee5c t\u1ea5t c\u1ea3 c\u00e1c kh\u00e1ch h\u00e0ng b\u1eb1ng nh\u1eefng c\u1ea3i ti\u1ebfn v\u00e0 c\u00f4ng d\u1ee5ng th\u00f4ng minh v\u00e0 s\u1ef1 ti\u1ec7n d\u1ee5ng c\u1ee7a ch\u00fang&#8230;.<\/p>\n","protected":false},"featured_media":4687,"comment_status":"open","ping_status":"closed","template":"","meta":[],"product_brand":[],"product_cat":[55,57],"product_tag":[],"class_list":{"0":"post-4686","1":"product","2":"type-product","3":"status-publish","4":"has-post-thumbnail","6":"product_cat-phu-kien-tu-bep","7":"product_cat-karfele","9":"first","10":"instock","11":"shipping-taxable","12":"product-type-simple"},"_links":{"self":[{"href":"https:\/\/nhadepbepxinh.com.vn\/index.php?rest_route=\/wp\/v2\/product\/4686","targetHints":{"allow":["GET"]}}],"collection":[{"href":"https:\/\/nhadepbepxinh.com.vn\/index.php?rest_route=\/wp\/v2\/product"}],"about":[{"href":"https:\/\/nhadepbepxinh.com.vn\/index.php?rest_route=\/wp\/v2\/types\/product"}],"replies":[{"embeddable":true,"href":"https:\/\/nhadepbepxinh.com.vn\/index.php?rest_route=%2Fwp%2Fv2%2Fcomments&post=4686"}],"wp:featuredmedia":[{"embeddable":true,"href":"https:\/\/nhadepbepxinh.com.vn\/index.php?rest_route=\/wp\/v2\/media\/4687"}],"wp:attachment":[{"href":"https:\/\/nhadepbepxinh.com.vn\/index.php?rest_route=%2Fwp%2Fv2%2Fmedia&parent=4686"}],"wp:term":[{"taxonomy":"product_brand","embeddable":true,"href":"https:\/\/nhadepbepxinh.com.vn\/index.php?rest_route=%2Fwp%2Fv2%2Fproduct_brand&post=4686"},{"taxonomy":"product_cat","embeddable":true,"href":"https:\/\/nhadepbepxinh.com.vn\/index.php?rest_route=%2Fwp%2Fv2%2Fproduct_cat&post=4686"},{"taxonomy":"product_tag","embeddable":true,"href":"https:\/\/nhadepbepxinh.com.vn\/index.php?rest_route=%2Fwp%2Fv2%2Fproduct_tag&post=4686"}],"curies":[{"name":"wp","href":"https:\/\/api.w.org\/{rel}","templated":true}]}}