{"id":4581,"date":"2025-04-10T11:08:45","date_gmt":"2025-04-10T04:08:45","guid":{"rendered":"https:\/\/nhadepbepxinh.com.vn\/?post_type=product&#038;p=4581"},"modified":"2025-04-13T11:25:59","modified_gmt":"2025-04-13T04:25:59","slug":"binh-thuy-dien-caso-hw770-27-l","status":"publish","type":"product","link":"https:\/\/nhadepbepxinh.com.vn\/?product=binh-thuy-dien-caso-hw770-27-l","title":{"rendered":"BI\u0300NH THU\u0309Y \u0110I\u00ca\u0323N CASO HW770 2,7 L"},"content":{"rendered":"<div class=\"title_module_main heading-bar d-flex justify-content-center align-items-center\">\n<h2 class=\"heading-bar__title \">\u0110\u1eb6C \u0110I\u1ec2M N\u1ed4I B\u1eacT<\/h2>\n<\/div>\n<div class=\"pro__desc\">\n<ul>\n<li>Ti\u1ebft ki\u1ec7m th\u1eddi gian, ch\u1ec9 7 gi\u00e2y \u0111\u1ec3 c\u00f3 n\u01b0\u1edbc n\u00f3ng<\/li>\n<li>Ti\u1ebft ki\u1ec7m n\u0103ng l\u01b0\u1ee3ng: 50% so v\u1edbi \u1ea5m \u0111un n\u01b0\u1edbc ti\u00eau chu\u1ea9n<\/li>\n<li>13 m\u1ee9c nhi\u1ec7t t\u1eeb 40 &#8211; 100\u00b0C, 7 m\u1ee9c dung t\u00edch<\/li>\n<li>N\u00fat y\u00eau th\u00edch ghi nh\u1edb nhi\u1ec7t \u0111\u1ed9 v\u00e0 l\u01b0\u1ee3ng n\u01b0\u1edbc hay s\u1eed d\u1ee5ng<\/li>\n<\/ul>\n<p>Kh\u00e1m ph\u00e1 ngay\u00a0<strong>B\u00ecnh th\u1ee7y \u0111i\u1ec7n<\/strong>\u00a0CASO HW770 2,7 L\u00a0&#8211; m\u1ed9t\u00a0<strong>thi\u1ebft b\u1ecb \u0111i\u1ec7n gia d\u1ee5ng<\/strong>\u00a0ti\u1ec7n l\u1ee3i v\u00e0 hi\u1ec7u qu\u1ea3 cho vi\u1ec7c \u0111un n\u01b0\u1edbc nhanh ch\u00f3ng v\u00e0 ti\u1ebft ki\u1ec7m n\u0103ng l\u01b0\u1ee3ng. V\u1edbi c\u00f4ng ngh\u1ec7 ti\u00ean ti\u1ebfn v\u00e0 thi\u1ebft k\u1ebf sang tr\u1ecdng,\u00a0<strong>thi\u1ebft b\u1ecb \u0111un n\u01b0\u1edbc<\/strong> CASO HW770 l\u00e0 tr\u1ee3 th\u1ee7 \u0111\u1eafc l\u1ef1c trong m\u1ecdi gia \u0111\u00ecnh v\u00e0 v\u0103n ph\u00f2ng. S\u1ea3n ph\u1ea9m l\u00e0 s\u1ef1 k\u1ebft h\u1ee3p ho\u00e0n h\u1ea3o gi\u1eefa c\u00f4ng ngh\u1ec7 ti\u00ean ti\u1ebfn v\u00e0 thi\u1ebft k\u1ebf hi\u1ec7n \u0111\u1ea1i, mang \u0111\u1ebfn cho ng\u01b0\u1eddi d\u00f9ng tr\u1ea3i nghi\u1ec7m \u0111un n\u01b0\u1edbc tuy\u1ec7t v\u1eddi v\u00e0 thu\u1eadn ti\u1ec7n. C\u00f9ng Nha\u0300 \u0111e\u0323p b\u00ea\u0301p xinh kh\u00e1m ph\u00e1 chi ti\u1ebft v\u1ec1 s\u1ea3n ph\u1ea9m ngay t\u1ea1i \u0111\u00e2y!<\/p>\n<p><img decoding=\"async\" src=\"https:\/\/file.hstatic.net\/200000661969\/file\/anh_bai_viet__binh_thuy_dien_caso_hw770_2_7_l_model_2024___2_.png\" \/><\/p>\n<p>&nbsp;<\/p>\n<p><em>B\u00ecnh th\u1ee7y \u0111i\u1ec7n CASO HW770 2,7 L\u00a0m\u1eabu m\u1edbi nh\u1ea5t<\/em><\/p>\n<h2><strong>V\u00ec sao n\u00ean s\u1edf h\u1eefu\u00a0B\u00ecnh th\u1ee7y \u0111i\u1ec7n CASO HW770 2,7 L?<\/strong><\/h2>\n<h3><strong>\u0110un n\u01b0\u1edbc nhanh v\u00e0 ti\u1ebft ki\u1ec7m n\u0103ng l\u01b0\u1ee3ng<\/strong><\/h3>\n<p><strong>CASO<\/strong>\u00a0HW770 l\u00e0 s\u1ea3n ph\u1ea9m ti\u00ean ti\u1ebfn v\u1edbi kh\u1ea3 n\u0103ng \u0111un n\u01b0\u1edbc nhanh ch\u00f3ng, cung c\u1ea5p n\u01b0\u1edbc n\u00f3ng \u0111\u1ebfn nhi\u1ec7t \u0111\u1ed9 t\u00f9y ch\u1ecdn ch\u1ec9 trong 7 gi\u00e2y. \u0110i\u1ec1u n\u00e0y nh\u1edd v\u00e0o c\u00f4ng su\u1ea5t m\u1ea1nh m\u1ebd v\u00e0 kh\u1ea3 n\u0103ng \u0111i\u1ec1u ch\u1ec9nh nhi\u1ec7t \u0111\u1ed9 linh ho\u1ea1t t\u1eeb 40 \u0111\u1ed9 C \u0111\u1ebfn 100 \u0111\u1ed9 C.<\/p>\n<p>V\u1edbi t\u00ednh n\u0103ng n\u00e0y, b\u1ea1n c\u00f3 th\u1ec3 d\u1ec5 d\u00e0ng chu\u1ea9n b\u1ecb m\u1ecdi lo\u1ea1i tr\u00e0 t\u1eeb tr\u00e0 xanh, tr\u00e0 \u0111en cho \u0111\u1ebfn c\u00e1c lo\u1ea1i th\u1ea3o m\u1ed9c y\u00eau c\u1ea7u nhi\u1ec7t \u0111\u1ed9 n\u01b0\u1edbc kh\u00e1c nhau, m\u00e0 kh\u00f4ng c\u1ea7n ch\u1edd \u0111\u1ee3i l\u00e2u. Kh\u00f4ng ch\u1ec9 v\u1eady, CASO HW770 c\u00f2n gi\u00fap ti\u1ebft ki\u1ec7m n\u0103ng l\u01b0\u1ee3ng \u0111\u00e1ng k\u1ec3, \u0111\u1ea3m b\u1ea3o hi\u1ec7u qu\u1ea3 s\u1eed d\u1ee5ng cao v\u00e0 th\u00e2n thi\u1ec7n v\u1edbi m\u00f4i tr\u01b0\u1eddng.<\/p>\n<p><img decoding=\"async\" src=\"https:\/\/file.hstatic.net\/200000661969\/file\/anh_bai_viet__binh_thuy_dien_caso_hw770_2_7_l_model_2024___4_.png\" \/><\/p>\n<p><em>C\u00f4ng su\u1ea5t m\u1ea1nh m\u1ebd<\/em><\/p>\n<h3><strong>Thi\u1ebft k\u1ebf ti\u1ec7n d\u1ee5ng v\u00e0 th\u00f4ng minh<\/strong><\/h3>\n<p>B\u00ecnh th\u1ee7y \u0111i\u1ec7n CASO HW770 kh\u00f4ng ch\u1ec9 n\u1ed5i b\u1eadt v\u1edbi c\u00f4ng ngh\u1ec7 ti\u00ean ti\u1ebfn m\u00e0 c\u00f2n s\u1edf h\u1eefu thi\u1ebft k\u1ebf ti\u1ec7n d\u1ee5ng v\u00e0 th\u00f4ng minh. M\u00e0n h\u00ecnh LED c\u1ea3m \u1ee9ng gi\u00fap ng\u01b0\u1eddi d\u00f9ng d\u1ec5 d\u00e0ng quan s\u00e1t v\u00e0 \u0111i\u1ec1u ch\u1ec9nh nhi\u1ec7t \u0111\u1ed9 theo \u00fd mu\u1ed1n ngay t\u1eeb l\u1ea7n s\u1eed d\u1ee5ng \u0111\u1ea7u ti\u00ean. \u0110i\u1ec1u n\u00e0y mang l\u1ea1i s\u1ef1 ti\u1ec7n l\u1ee3i v\u00e0 ch\u00ednh x\u00e1c khi s\u1eed d\u1ee5ng, \u0111\u00e1p \u1ee9ng nhu c\u1ea7u c\u00e1 nh\u00e2n h\u00f3a cao.<\/p>\n<p>T\u00ednh n\u0103ng Memory \u0111\u1ed9c \u0111\u00e1o cho ph\u00e9p ghi nh\u1edb nhi\u1ec7t \u0111\u1ed9 v\u00e0 l\u01b0\u1ee3ng n\u01b0\u1edbc \u01b0a th\u00edch c\u1ee7a ng\u01b0\u1eddi d\u00f9ng, gi\u00fap ti\u1ebft ki\u1ec7m th\u1eddi gian v\u00e0 mang l\u1ea1i s\u1ef1 tho\u1ea3i m\u00e1i trong qu\u00e1 tr\u00ecnh s\u1eed d\u1ee5ng. B\u1ea1n kh\u00f4ng c\u1ea7n ph\u1ea3i \u0111i\u1ec1u ch\u1ec9nh l\u1ea1i m\u1ed7i l\u1ea7n c\u1ea7n n\u01b0\u1edbc n\u00f3ng, CASO HW770 nh\u1edb ch\u00ednh x\u00e1c nh\u1eefng g\u00ec b\u1ea1n c\u1ea7n, gi\u00fap qu\u00e1 tr\u00ecnh s\u1eed d\u1ee5ng tr\u1edf n\u00ean d\u1ec5 d\u00e0ng v\u00e0 hi\u1ec7u qu\u1ea3 h\u01a1n.<\/p>\n<p><img decoding=\"async\" src=\"https:\/\/file.hstatic.net\/200000661969\/file\/anh_bai_viet__binh_thuy_dien_caso_hw770_2_7_l_model_2024___3_.png\" \/><\/p>\n<p><em>Thi\u1ebft k\u1ebf ti\u1ec7n d\u1ee5ng\u00a0<\/em><\/p>\n<h3><strong>Thi\u1ebft k\u1ebf v\u00e0 ch\u1ea5t li\u1ec7u cao c\u1ea5p<\/strong><\/h3>\n<p>V\u1edbi l\u1edbp v\u1ecf b\u1eb1ng th\u00e9p kh\u00f4ng g\u1ec9 cao c\u1ea5p, CASO HW770 kh\u00f4ng ch\u1ec9 mang \u0111\u1ebfn v\u1ebb ngo\u00e0i sang tr\u1ecdng m\u00e0 c\u00f2n \u0111\u1ea3m b\u1ea3o \u0111\u1ed9 b\u1ec1n v\u00e0 t\u00ednh h\u1ee3p v\u1ec7 sinh cao. Th\u00e9p kh\u00f4ng g\u1ec9 l\u00e0 v\u1eadt li\u1ec7u b\u1ec1n b\u1ec9, ch\u1ed1ng \u0103n m\u00f2n v\u00e0 d\u1ec5 d\u00e0ng v\u1ec7 sinh, \u0111\u1ea3m b\u1ea3o an to\u00e0n v\u1ec7 sinh th\u1ef1c ph\u1ea9m. Ng\u0103n ch\u1ee9a n\u01b0\u1edbc c\u00f3 th\u1ec3 th\u00e1o r\u1eddi gi\u00fap vi\u1ec7c \u0111\u1ed5 n\u01b0\u1edbc v\u00e0 l\u00e0m s\u1ea1ch tr\u1edf n\u00ean \u0111\u01a1n gi\u1ea3n h\u01a1n bao gi\u1edd h\u1ebft.<\/p>\n<p>\u0110\u1eb7c bi\u1ec7t, l\u00f5i l\u1ecdc n\u01b0\u1edbc t\u00edch h\u1ee3p trong b\u00ecnh th\u1ee7y \u0111i\u1ec7n CASO HW770 \u0111\u1ea3m b\u1ea3o cung c\u1ea5p n\u01b0\u1edbc s\u1ea1ch v\u00e0 tinh khi\u1ebft, mang l\u1ea1i s\u1ef1 an t\u00e2m v\u1ec1 ch\u1ea5t l\u01b0\u1ee3ng n\u01b0\u1edbc s\u1eed d\u1ee5ng h\u00e0ng ng\u00e0y. L\u00f5i l\u1ecdc n\u00e0y lo\u1ea1i b\u1ecf c\u00e1c t\u1ea1p ch\u1ea5t c\u00f3 h\u1ea1i, b\u1ea3o v\u1ec7 s\u1ee9c kh\u1ecfe ng\u01b0\u1eddi d\u00f9ng v\u00e0 n\u00e2ng cao tr\u1ea3i nghi\u1ec7m th\u01b0\u1edfng th\u1ee9c \u0111\u1ed3 u\u1ed1ng.<\/p>\n<p><img decoding=\"async\" src=\"https:\/\/file.hstatic.net\/200000661969\/file\/anh_bai_viet__binh_thuy_dien_caso_hw770_2_7_l_model_2024___5_.png\" \/><\/p>\n<p><em>M\u00e0n h\u00ecnh LED c\u1ea3m \u1ee9ng<\/em><\/p>\n<h3><strong>An to\u00e0n v\u00e0 ti\u1ec7n \u00edch<\/strong><\/h3>\n<p>An to\u00e0n lu\u00f4n l\u00e0 y\u1ebfu t\u1ed1 quan tr\u1ecdng khi s\u1eed d\u1ee5ng c\u00e1c thi\u1ebft b\u1ecb \u0111i\u1ec7n, v\u00e0 CASO HW770 kh\u00f4ng ph\u1ea3i l\u00e0 ngo\u1ea1i l\u1ec7. S\u1ea3n ph\u1ea9m n\u00e0y \u0111\u01b0\u1ee3c thi\u1ebft k\u1ebf v\u1edbi c\u00e1c t\u00ednh n\u0103ng an to\u00e0n nh\u01b0 nh\u1eafc nh\u1edf t\u1ea9y c\u1eb7n v\u00e0 b\u1ea3o v\u1ec7 khi thi\u1ebfu n\u01b0\u1edbc.<\/p>\n<p>T\u00ednh n\u0103ng nh\u1eafc nh\u1edf t\u1ea9y c\u1eb7n gi\u00fap ng\u01b0\u1eddi d\u00f9ng nh\u1eadn bi\u1ebft khi n\u00e0o c\u1ea7n v\u1ec7 sinh b\u00ecnh \u0111\u1ec3 \u0111\u1ea3m b\u1ea3o hi\u1ec7u su\u1ea5t v\u00e0 \u0111\u1ed9 b\u1ec1n. B\u1ea3o v\u1ec7 khi thi\u1ebfu n\u01b0\u1edbc ng\u0103n ch\u1eb7n ho\u1ea1t \u0111\u1ed9ng khi kh\u00f4ng c\u00f3 \u0111\u1ee7 n\u01b0\u1edbc, tr\u00e1nh h\u1ecfng h\u00f3c v\u00e0 \u0111\u1ea3m b\u1ea3o an to\u00e0n cho ng\u01b0\u1eddi s\u1eed d\u1ee5ng.<\/p>\n<p>T\u1ea5t c\u1ea3 nh\u1eefng t\u00ednh n\u0103ng n\u00e0y kh\u00f4ng ch\u1ec9 gi\u00fap b\u1ea3o v\u1ec7 b\u00ecnh v\u00e0 k\u00e9o d\u00e0i tu\u1ed5i th\u1ecd s\u1ea3n ph\u1ea9m m\u00e0 c\u00f2n \u0111\u1ea3m b\u1ea3o an to\u00e0n cho ng\u01b0\u1eddi s\u1eed d\u1ee5ng. B\u1ea1n s\u1ebd kh\u00f4ng c\u00f2n lo l\u1eafng v\u1ec1 vi\u1ec7c b\u00ecnh b\u1ecb h\u1ecfng do thi\u1ebfu n\u01b0\u1edbc ho\u1eb7c c\u1eb7n b\u1ea9n t\u00edch t\u1ee5, mang l\u1ea1i s\u1ef1 an t\u00e2m v\u00e0 tin t\u01b0\u1edfng khi s\u1eed d\u1ee5ng.<\/p>\n<p><img decoding=\"async\" src=\"https:\/\/file.hstatic.net\/200000661969\/file\/anh_bai_viet__binh_thuy_dien_caso_hw770_2_7_l_model_2024___1_.png\" \/><\/p>\n<p>&nbsp;<\/p>\n<p><em>Thi\u1ebft k\u1ebf an to\u00e0n\u00a0<\/em><\/p>\n<p>V\u1edbi nh\u1eefng t\u00ednh n\u0103ng v\u01b0\u1ee3t tr\u1ed9i v\u00e0 thi\u1ebft k\u1ebf \u0111\u1eb3ng c\u1ea5p,\u00a0<strong>B\u00ecnh th\u1ee7y \u0111i\u1ec7n CASO\u00a0HW770 2,7 L<\/strong> l\u00e0 l\u1ef1a ch\u1ecdn ho\u00e0n h\u1ea3o cho m\u1ecdi gia \u0111\u00ecnh v\u00e0 kh\u00f4ng gian l\u00e0m vi\u1ec7c. \u0110\u00e2y kh\u00f4ng ch\u1ec9 l\u00e0 m\u1ed9t s\u1ea3n ph\u1ea9m \u0111\u01a1n gi\u1ea3n m\u00e0 c\u00f2n l\u00e0 m\u1ed9t tr\u1ee3 th\u1ee7 \u0111\u1eafc l\u1ef1c trong vi\u1ec7c \u0111un n\u01b0\u1edbc nhanh ch\u00f3ng, ti\u1ebft ki\u1ec7m n\u0103ng l\u01b0\u1ee3ng v\u00e0 mang l\u1ea1i tr\u1ea3i nghi\u1ec7m s\u1eed d\u1ee5ng thu\u1eadn ti\u1ec7n v\u00e0 an to\u00e0n.<\/p>\n<div class=\"modal-header border-0 pb-0\">\n<h5 id=\"specification-modal-label\" class=\"modal-title\"><span style=\"font-size: 130%;\"><strong>Th\u00f4ng s\u1ed1 k\u1ef9 thu\u1eadt<\/strong><\/span><\/h5>\n<p><button class=\"close\" type=\"button\" data-dismiss=\"modal\" aria-label=\"Close\"><span aria-hidden=\"true\">\u00d7<\/span><\/button><\/p>\n<\/div>\n<div class=\"modal-body\">\n<table border=\"1\" cellspacing=\"0\" cellpadding=\"0\">\n<tbody>\n<tr>\n<td>M\u00e0u s\u1eafc<\/td>\n<td>\u0111en, inox<\/td>\n<\/tr>\n<tr>\n<td>K\u00edch th\u01b0\u1edbc (R x C x S)<\/td>\n<td>150 x 305 x 270 mm<\/td>\n<\/tr>\n<tr>\n<td>Tr\u1ecdng l\u01b0\u1ee3ng<\/td>\n<td>2,25 kg<\/td>\n<\/tr>\n<tr>\n<td>Dung t\u00edch<\/td>\n<td>2,7 l\u00edt<\/td>\n<\/tr>\n<tr>\n<td>\u0110i\u1ec7n \u00e1p<\/td>\n<td>220-240V ~, 50-60Hz<\/td>\n<\/tr>\n<tr>\n<td>C\u00f4ng su\u1ea5t<\/td>\n<td>2700 watt<\/td>\n<\/tr>\n<tr>\n<td>M\u1ee9c c\u00e0i \u0111\u1eb7t nhi\u1ec7t \u0111\u1ed9<\/td>\n<td>13<\/td>\n<\/tr>\n<tr>\n<td>Kho\u1ea3ng nhi\u1ec7t \u0111\u1ed9<\/td>\n<td>40-100 \u00b0C<\/td>\n<\/tr>\n<\/tbody>\n<\/table>\n<\/div>\n<\/div>\n","protected":false},"excerpt":{"rendered":"<p>\u0110\u1eb6C \u0110I\u1ec2M N\u1ed4I B\u1eacT Ti\u1ebft ki\u1ec7m th\u1eddi gian, ch\u1ec9 7 gi\u00e2y \u0111\u1ec3 c\u00f3 n\u01b0\u1edbc n\u00f3ng Ti\u1ebft ki\u1ec7m n\u0103ng l\u01b0\u1ee3ng: 50% so v\u1edbi \u1ea5m \u0111un n\u01b0\u1edbc ti\u00eau chu\u1ea9n 13 m\u1ee9c nhi\u1ec7t t\u1eeb 40 &#8211; 100\u00b0C, 7 m\u1ee9c dung t\u00edch N\u00fat y\u00eau th\u00edch ghi nh\u1edb nhi\u1ec7t \u0111\u1ed9 v\u00e0 l\u01b0\u1ee3ng n\u01b0\u1edbc hay s\u1eed d\u1ee5ng Kh\u00e1m ph\u00e1 ngay\u00a0B\u00ecnh th\u1ee7y&#8230;<\/p>\n","protected":false},"featured_media":4782,"comment_status":"open","ping_status":"closed","template":"","meta":[],"product_brand":[],"product_cat":[61,121],"product_tag":[],"class_list":{"0":"post-4581","1":"product","2":"type-product","3":"status-publish","4":"has-post-thumbnail","6":"product_cat-hang-gia-dung","7":"product_cat-binh-thuy-dien","9":"first","10":"instock","11":"shipping-taxable","12":"product-type-simple"},"_links":{"self":[{"href":"https:\/\/nhadepbepxinh.com.vn\/index.php?rest_route=\/wp\/v2\/product\/4581","targetHints":{"allow":["GET"]}}],"collection":[{"href":"https:\/\/nhadepbepxinh.com.vn\/index.php?rest_route=\/wp\/v2\/product"}],"about":[{"href":"https:\/\/nhadepbepxinh.com.vn\/index.php?rest_route=\/wp\/v2\/types\/product"}],"replies":[{"embeddable":true,"href":"https:\/\/nhadepbepxinh.com.vn\/index.php?rest_route=%2Fwp%2Fv2%2Fcomments&post=4581"}],"wp:featuredmedia":[{"embeddable":true,"href":"https:\/\/nhadepbepxinh.com.vn\/index.php?rest_route=\/wp\/v2\/media\/4782"}],"wp:attachment":[{"href":"https:\/\/nhadepbepxinh.com.vn\/index.php?rest_route=%2Fwp%2Fv2%2Fmedia&parent=4581"}],"wp:term":[{"taxonomy":"product_brand","embeddable":true,"href":"https:\/\/nhadepbepxinh.com.vn\/index.php?rest_route=%2Fwp%2Fv2%2Fproduct_brand&post=4581"},{"taxonomy":"product_cat","embeddable":true,"href":"https:\/\/nhadepbepxinh.com.vn\/index.php?rest_route=%2Fwp%2Fv2%2Fproduct_cat&post=4581"},{"taxonomy":"product_tag","embeddable":true,"href":"https:\/\/nhadepbepxinh.com.vn\/index.php?rest_route=%2Fwp%2Fv2%2Fproduct_tag&post=4581"}],"curies":[{"name":"wp","href":"https:\/\/api.w.org\/{rel}","templated":true}]}}