{"id":4417,"date":"2025-04-09T14:41:27","date_gmt":"2025-04-09T07:41:27","guid":{"rendered":"https:\/\/nhadepbepxinh.com.vn\/?post_type=product&#038;p=4417"},"modified":"2025-04-09T14:41:27","modified_gmt":"2025-04-09T07:41:27","slug":"may-xay-sinh-to-olivo-mb1000","status":"publish","type":"product","link":"https:\/\/nhadepbepxinh.com.vn\/?product=may-xay-sinh-to-olivo-mb1000","title":{"rendered":"MA\u0301Y XAY SINH T\u00d4\u0301 OLIVO MB1000"},"content":{"rendered":"<h2><strong>\u01afU \u0110I\u1ec2M V\u01af\u1ee2T TR\u1ed8I C\u1ee6A M\u00c1Y XAY SINH T\u1ed0 OLIVO MB1000<\/strong><\/h2>\n<ul>\n<li>M\u00e1y xay sinh t\u1ed1 OLIVO MB1000 l\u00e0 s\u1ea3n ph\u1ea9m ti\u1ec7n l\u1ee3i, \u0111a n\u0103ng gi\u00fap b\u1ea1n d\u1ec5 d\u00e0ng ch\u1ebf bi\u1ebfn c\u00e1c m\u00f3n sinh t\u1ed1, smoothie, \u0111\u1ed3 \u0103n d\u1eb7m cho b\u00e9, \u0111\u1ed3 kh\u00f4\u2026 M\u00e1y c\u00f3 c\u00f4ng su\u1ea5t l\u1edbn 1000W k\u1ebft h\u1ee3p v\u1edbi l\u01b0\u1ee1i dao s\u1eafc b\u00e9n c\u00f3 th\u1ec3 xay nhuy\u1ec5n m\u1ecbn m\u1ecdi lo\u1ea1i nguy\u00ean li\u1ec7u nhanh ch\u00f3ng. Ch\u1ea5t li\u1ec7u cao c\u1ea5p, an to\u00e0n khi s\u1eed d\u1ee5ng, thi\u1ebft k\u1ebf th\u00f4ng minh, d\u1ec5 d\u00e0ng v\u1ec7 sinh.<\/li>\n<li>N\u1ebfu b\u1ea1n \u0111ang t\u00ecm ki\u1ebfm m\u1ed9t chi\u1ebfc m\u00e1y xay sinh t\u1ed1 \u0111a n\u0103ng, ti\u1ec7n l\u1ee3i v\u00e0 gi\u00e1 c\u1ea3 h\u1ee3p l\u00fd th\u00ec m\u00e1y xay sinh t\u1ed1 \u0111a n\u0103ng 3 c\u1ed1c OLIVO MB1000 l\u00e0 m\u1ed9t l\u1ef1a ch\u1ecdn tuy\u1ec7t v\u1eddi d\u00e0nh cho b\u1ea1n.<\/li>\n<\/ul>\n<h3><strong>1. BA C\u1ed0C XAY LINH HO\u1ea0T S\u1eec D\u1ee4NG\u00a0<\/strong><\/h3>\n<ul>\n<li>B\u1ed9 s\u1ea3n ph\u1ea9m bao g\u1ed3m 3 c\u1ed1c v\u1edbi 3 dung t\u00edch kh\u00e1c nhau, k\u00e8m 3 n\u1eafp trong \u0111\u00f3 c\u00f3 1 n\u1eafp c\u00f3 g\u1eafn l\u01b0\u1ee1i dao. S\u1ea3n ph\u1ea9m c\u00f3 th\u1ec3 \u0111\u01b0\u1ee3c s\u1eed d\u1ee5ng linh ho\u1ea1t cho nhi\u1ec1u m\u1ee5c \u0111\u00edch kh\u00e1c nhau nh\u01b0 xay \u0111\u00e1 b\u00e0o, xay sinh t\u1ed1, xay \u0111\u1ed3 \u0103n d\u1eb7m cho b\u00e9 v\u00e0 xay \u0111\u1ed3 kh\u00f4.<\/li>\n<li>C\u1ed1c xay kh\u00f4 c\u00f3 dung t\u00edch 100G \u0111\u01b0\u1ee3c l\u00e0m t\u1eeb th\u1ee7y tinh Borosilicate cao c\u1ea5p d\u00e0y 8mm c\u00f3 kh\u1ea3 n\u0103ng ch\u1ecbu l\u1ef1c, ch\u1ecbu nhi\u1ec7t t\u1ed1t.<\/li>\n<li>C\u1ed1c xay sinh t\u1ed1 dung t\u00edch 500ML v\u00e0 700ML l\u00e0m t\u1eeb ch\u1ea5t li\u1ec7u nh\u1ef1a ABS kh\u00f4ng m\u00f9i, kh\u00f4ng ch\u1ee9a BPA v\u00e0 c\u00e1c ch\u1ea5t \u0111\u1ed9c h\u1ea1i kh\u00e1c. Ngo\u00e0i ra, v\u1edbi thi\u1ebft k\u1ebf trong su\u1ed1t d\u1ec5 d\u00e0ng quan s\u00e1t \u0111\u01b0\u1ee3c th\u00e0nh ph\u1ea9m b\u00ean trong. C\u1ea3 3 lo\u1ea1i c\u1ed1c xay \u0111\u1ec1u \u0111\u01b0\u1ee3c l\u00e0m t\u1eeb v\u1eadt li\u1ec7u cao c\u1ea5p, \u0111\u1ea3m b\u1ea3o an to\u00e0n cho s\u1ee9c kh\u1ecfe ng\u01b0\u1eddi d\u00f9ng.<\/li>\n<li>Ph\u1ee5 ki\u1ec7n \u0111a d\u1ea1ng t\u00edch h\u1ee3p \u0111\u01b0\u1ee3c nhi\u1ec1u t\u00ednh n\u0103ng trong m\u1ed9t s\u1ea3n ph\u1ea9m gi\u00fap ti\u1ebft ki\u1ec7m chi ph\u00ed, ti\u1ebft ki\u1ec7m kh\u00f4ng gian nh\u00e0 b\u1ebfp.<\/li>\n<\/ul>\n<h3><strong>2. S\u1eec D\u1ee4NG \u0110\u01a0N GI\u1ea2N\u00a0<\/strong><\/h3>\n<p>C\u00e1c b\u01b0\u1edbc v\u1eadn h\u00e0nh s\u1ea3n ph\u1ea9m \u0111\u01a1n gi\u1ea3n nh\u01b0 sau:<\/p>\n<ul>\n<li>B\u01b0\u1edbc 1: Cho nguy\u00ean li\u1ec7u \u0111\u00e3 chu\u1ea9n b\u1ecb v\u00e0o c\u1ed1i xay ph\u00f9 h\u1ee3p.<\/li>\n<li>B\u01b0\u1edbc 2: G\u1eafn n\u1eafp c\u00f3 l\u01b0\u1ee1i dao v\u00e0 c\u1ed1i v\u00e0o th\u00e2n m\u00e1y theo \u0111\u00fang v\u1ecb tr\u00ed.<\/li>\n<li>B\u01b0\u1edbc 3: Ch\u1ecdn ch\u1ee9c n\u0103ng xay t\u1ef1 \u0111\u1ed9ng ho\u1eb7c xay t\u00f9y ch\u1ec9nh \u0111\u1ec3 xay nguy\u00ean li\u1ec7u \u0111\u1ea1t \u0111\u1ed9 m\u1ecbn b\u1ea1n mong mu\u1ed1n, v\u1eady l\u00e0 xong. B\u1ea1n c\u00f3 th\u1ec3 b\u1ecf th\u00e0nh ph\u1ea9m ra ly \u0111\u1ec3 th\u01b0\u1edfng th\u1ee9c.<\/li>\n<\/ul>\n<h3><strong>3. L\u01af\u1ee0I DAO S\u1eaeC B\u00c9N\u00a0<\/strong><\/h3>\n<ul>\n<li>OLIVO MB1000 \u0111\u01b0\u1ee3c trang b\u1ecb l\u01b0\u1ee1i dao s\u1eafc b\u00e9n 6 c\u00e1nh l\u00e0m t\u1eeb th\u00e9p kh\u00f4ng g\u1ec9 cao c\u1ea5p v\u00e0 b\u1ec1n b\u1ec9. Thi\u1ebft k\u1ebf 3 t\u1ea7ng v\u1edbi 3 h\u00ecnh th\u00e1i kh\u00e1c nhau gi\u00fap l\u01b0\u1ee1i dao ti\u1ebfp x\u00fac v\u00e0 c\u1eaft nguy\u00ean li\u1ec7u t\u1ed1t h\u01a1n, cho k\u1ebft qu\u1ea3 xay nhuy\u1ec5n v\u00e0 m\u1ecbn h\u01a1n.<\/li>\n<\/ul>\n<h3><strong>4. C\u00d4NG SU\u1ea4T M\u1ea0NH M\u1ebc\u00a0<\/strong><\/h3>\n<ul>\n<li>C\u00f4ng su\u1ea5t xay 1000W, t\u1ed1c \u0111\u1ed9 xay 21.000 v\u00f2ng\/ph\u00fat k\u1ebft h\u1ee3p v\u1edbi l\u01b0\u1ee1i dao s\u1eafc b\u00e9n \u0111\u1ea3m b\u1ea3o xay nhuy\u1ec5n m\u1ecbn m\u1ecdi lo\u1ea1i nguy\u00ean li\u1ec7u.<\/li>\n<\/ul>\n<h3><strong>5. HO\u1ea0T \u0110\u1ed8NG \u00caM \u00c1I\u00a0<\/strong><\/h3>\n<ul>\n<li>T\u1ea1i ph\u00f2ng th\u1ef1c nghi\u1ec7m c\u1ee7a OLIVO, ch\u00fang t\u00f4i \u0111o \u0111\u01b0\u1ee3c \u0111\u1ed9 \u1ed3n c\u1ee7a OLIVO MB1000 ch\u1ec9 \u1edf m\u1ee9c 60dB. \u0110\u00e2y l\u00e0 m\u1ee9c \u0111\u1ed9 \u1ed3n ch\u1ea5p nh\u1eadn \u0111\u01b0\u1ee3c v\u00e0 kh\u00f4ng l\u00e0m \u1ea3nh h\u01b0\u1edfng t\u1edbi m\u1ecdi ng\u01b0\u1eddi xung quanh. \u0110\u1ea3m b\u1ea3o mang l\u1ea1i cho kh\u00e1ch h\u00e0ng tr\u1ea3i nghi\u1ec7m tuy\u1ec7t v\u1eddi nh\u1ea5t khi s\u1eed d\u1ee5ng s\u1ea3n ph\u1ea9m.<\/li>\n<\/ul>\n<h3><strong>6. V\u1ec6 SINH D\u1ec4 D\u00c0NG\u00a0<\/strong><\/h3>\n<ul>\n<li>C\u00e1c chi ti\u1ebft c\u1ee7a m\u00e1y \u0111\u01b0\u1ee3c thi\u1ebft k\u1ebf \u0111\u1ec3 th\u00e1o r\u1eddi d\u1ec5 d\u00e0ng, gi\u00fap b\u1ea1n c\u00f3 th\u1ec3 l\u00e0m s\u1ea1ch t\u1eebng chi ti\u1ebft m\u1ed9t c\u00e1ch nhanh ch\u00f3ng.<\/li>\n<\/ul>\n<h3><strong>7. THI\u1ebeT K\u1ebe TH\u00d4NG MINH\u00a0<\/strong><\/h3>\n<ul>\n<li>OLIVO th\u1ec3 hi\u1ec7n s\u1ef1 tinh t\u1ebf v\u00e0 quan t\u00e2m t\u1edbi kh\u00e1ch h\u00e0ng t\u1eeb nh\u1eefng chi ti\u1ebft nh\u1ecf c\u1ee7a s\u1ea3n ph\u1ea9m nh\u01b0:<\/li>\n<li>Thi\u1ebft k\u1ebf th\u00e2n m\u00e1y bo tr\u00f2n, v\u1edbi b\u1ea3ng \u0111i\u1ec1u khi\u1ec3n nghi\u00eang th\u00e2n thi\u1ec7n v\u1edbi ng\u01b0\u1eddi d\u00f9ng gi\u00fap d\u1ec5 d\u00e0ng quan s\u00e1t v\u00e0 thao t\u00e1c b\u1ea5m ch\u1ecdn ch\u1ee9c n\u0103ng ti\u1ec7n l\u1ee3i h\u01a1n.<\/li>\n<li>Khe t\u1ea3n nhi\u1ec7t l\u1edbn gi\u00fap l\u00e0m m\u00e1t \u0111\u1ed9ng c\u01a1 t\u1ed1t h\u01a1n v\u00e0 t\u0103ng \u0111\u1ed9 b\u1ec1n s\u1ea3n ph\u1ea9m. Ch\u00e2n \u0111\u1ebf cao su ch\u1eafc ch\u1eafn gi\u00fap m\u00e1y b\u00e1m s\u00e1t v\u00e0o m\u1eb7t b\u00e0n, kh\u00f4ng b\u1ecb rung l\u1eafc trong qu\u00e1 tr\u00ecnh ho\u1ea1t \u0111\u1ed9ng.<\/li>\n<\/ul>\n<h3><strong>8. C\u1ea4U T\u1ea0O S\u1ea2N PH\u1ea8M\u00a0<\/strong><\/h3>\n<ul>\n<li>B\u1ed9 s\u1ea3n ph\u1ea9m bao g\u1ed3m: th\u00e2n m\u00e1y, 3 c\u1ed1c xay, 1 n\u1eafp xay c\u00f3 g\u1eafn l\u01b0\u1ee1i dao, 1 n\u1eafp b\u00ecnh b\u1ea3o qu\u1ea3n, 1 n\u1eafp c\u00f3 khe c\u1eafm \u1ed1ng h\u00fat.<\/li>\n<\/ul>\n<h3><strong>9. TH\u00d9NG H\u1ed8P CH\u1eaeC CH\u1eaeN\u00a0<\/strong><\/h3>\n<ul>\n<li>Th\u00f9ng h\u1ed9p th\u1ec3 hi\u1ec7n t\u00ednh c\u00e1ch c\u1ee7a OLIVO lu\u00f4n ch\u1eafc ch\u1eafn v\u00e0 \u1ea5n t\u01b0\u1ee3ng \u0111\u1ea3m b\u1ea3o an to\u00e0n v\u00e0 kh\u00f4ng b\u1ecb m\u00f3p m\u00e9o trong qu\u00e1 tr\u00ecnh v\u1eadn chuy\u1ec3n.<\/li>\n<li>Th\u00f4ng s\u1ed1 k\u1ef9 thu\u1eadt c\u01a1 b\u1ea3n c\u1ee7a m\u00e1y c\u0169ng nh\u01b0 h\u00ecnh \u1ea3nh s\u1ea3n ph\u1ea9m th\u1ef1c t\u1ebf c\u0169ng \u0111\u01b0\u1ee3c th\u1ec3 hi\u1ec7n r\u00f5 r\u00e0ng, sinh \u0111\u1ed9ng ngay tr\u00ean v\u1ecf h\u1ed9p. Ch\u1ec9 c\u1ea7n \u0111\u1ecdc c\u00e1c th\u00f4ng s\u1ed1 tr\u00ean th\u00f9ng h\u1ed9p l\u00e0 b\u1ea1n n\u1eafm \u0111\u01b0\u1ee3c c\u00f4ng n\u0103ng v\u00e0 \u01b0u \u0111i\u1ec3m n\u1ed5i tr\u1ed9i c\u1ee7a s\u1ea3n ph\u1ea9m.<\/li>\n<\/ul>\n","protected":false},"excerpt":{"rendered":"<p><span style=\"font-size: 25.92px; color: #333333;\">Ba C\u1ed1c Xay Linh Ho\u1ea1t \u2013 Xay \u0110\u00e1 B\u00e0o, Xay Sinh T\u1ed1, Smoothie, \u0110\u1ed3 \u0102n D\u1eb7m Cho B\u00e9, Xay \u0110\u1ed3 Kh\u00f4 Nhuy\u1ec5n M\u1ecbn- C\u00f4ng Su\u1ea5t L\u1edbn 1000W<\/span><\/p>\n","protected":false},"featured_media":4418,"comment_status":"open","ping_status":"closed","template":"","meta":[],"product_brand":[],"product_cat":[61,71],"product_tag":[],"class_list":{"0":"post-4417","1":"product","2":"type-product","3":"status-publish","4":"has-post-thumbnail","6":"product_cat-hang-gia-dung","7":"product_cat-may-xay-sinh-to","9":"first","10":"instock","11":"shipping-taxable","12":"product-type-simple"},"_links":{"self":[{"href":"https:\/\/nhadepbepxinh.com.vn\/index.php?rest_route=\/wp\/v2\/product\/4417","targetHints":{"allow":["GET"]}}],"collection":[{"href":"https:\/\/nhadepbepxinh.com.vn\/index.php?rest_route=\/wp\/v2\/product"}],"about":[{"href":"https:\/\/nhadepbepxinh.com.vn\/index.php?rest_route=\/wp\/v2\/types\/product"}],"replies":[{"embeddable":true,"href":"https:\/\/nhadepbepxinh.com.vn\/index.php?rest_route=%2Fwp%2Fv2%2Fcomments&post=4417"}],"wp:featuredmedia":[{"embeddable":true,"href":"https:\/\/nhadepbepxinh.com.vn\/index.php?rest_route=\/wp\/v2\/media\/4418"}],"wp:attachment":[{"href":"https:\/\/nhadepbepxinh.com.vn\/index.php?rest_route=%2Fwp%2Fv2%2Fmedia&parent=4417"}],"wp:term":[{"taxonomy":"product_brand","embeddable":true,"href":"https:\/\/nhadepbepxinh.com.vn\/index.php?rest_route=%2Fwp%2Fv2%2Fproduct_brand&post=4417"},{"taxonomy":"product_cat","embeddable":true,"href":"https:\/\/nhadepbepxinh.com.vn\/index.php?rest_route=%2Fwp%2Fv2%2Fproduct_cat&post=4417"},{"taxonomy":"product_tag","embeddable":true,"href":"https:\/\/nhadepbepxinh.com.vn\/index.php?rest_route=%2Fwp%2Fv2%2Fproduct_tag&post=4417"}],"curies":[{"name":"wp","href":"https:\/\/api.w.org\/{rel}","templated":true}]}}