{"id":4124,"date":"2025-04-07T17:40:37","date_gmt":"2025-04-07T10:40:37","guid":{"rendered":"https:\/\/nhadepbepxinh.com.vn\/?post_type=product&#038;p=4124"},"modified":"2025-04-14T16:18:44","modified_gmt":"2025-04-14T09:18:44","slug":"noi-com-dien-tu-unie-urc612","status":"publish","type":"product","link":"https:\/\/nhadepbepxinh.com.vn\/?product=noi-com-dien-tu-unie-urc612","title":{"rendered":"N\u1ed3i c\u01a1m \u0111i\u1ec7n t\u1eed UNIE URC612"},"content":{"rendered":"<div>Ch\u1ecdn ch\u1ea5t s\u1ed1ng kh\u1ecfe l\u00e0nh c\u00f9ng \u201cN\u1ed3i c\u01a1m \u0111i\u1ec7n UNIE URC612\u201d<\/div>\n<div><\/div>\n<div>G\u1ea7n m\u1ed9t th\u1eadp k\u1ef7 \u0111\u1ed3ng h\u00e0nh vun v\u00e9n t\u1ed5 \u1ea5m gia \u0111\u00ecnh Vi\u1ec7t, UNIE th\u1ea5u hi\u1ec3u nh\u1eefng n\u1ed7i tr\u0103n tr\u1edf c\u1ee7a con c\u00e1i khi ch\u0103m lo cho cha m\u1eb9 b\u1ecb ti\u1ec3u \u0111\u01b0\u1eddng. v\u00e0 c\u0169ng hi\u1ec3u h\u01a1n ai h\u1ebft nh\u1eefng b\u0103n kho\u0103n c\u1ee7a c\u00e1c n\u00e0ng mu\u1ed1n gi\u1ea3m c\u00e2n, gi\u1eef d\u00e1ng m\u00e0 kh\u00f4ng mu\u1ed1n b\u1ecf qua b\u1eefa c\u01a1m ngon.<\/div>\n<div><\/div>\n<div>V\u1edbi s\u1ee9 m\u1ec7nh ch\u0103m lo cho t\u1eebng b\u1eefa c\u01a1m nh\u00e0 th\u1eadt v\u1eb9n tr\u00f2n, UNIE \u0111\u1eb7c bi\u1ec7t nghi\u00ean c\u1ee9u &amp; s\u1ea3n xu\u1ea5t ra N\u1ed3i c\u01a1m \u0111i\u1ec7n URC612 \u2013 ng\u01b0\u1eddi b\u1ea1n \u0111\u1ed3ng h\u00e0nh l\u00fd t\u01b0\u1edfng ch\u0103m s\u00f3c s\u1ee9c kh\u1ecfe gia \u0111\u00ecnh. N\u1ea5u c\u01a1m gi\u1ea3m \u0111\u01b0\u1eddng l\u00e0nh m\u1ea1nh m\u00e0 v\u1eabn gi\u1eef tr\u1ecdn v\u1ecb ngon c\u01a1m nh\u00e0.<\/div>\n<div><\/div>\n<div>Kh\u00f4ng ch\u1ec9 c\u00f3 v\u1eady, URC612 c\u00f2n s\u1edf h\u1eefu h\u00e0ng lo\u1ea1t t\u00ednh n\u0103ng hi\u1ec7n \u0111\u1ea1i kh\u00f4ng th\u1ec3 b\u1ecf qua:<\/div>\n<div>\u2013 Thi\u1ebft k\u1ebf g\u1ecdn nh\u1eb9 \/ Ngo\u1ea1i h\u00ecnh cao c\u1ea5p m\u1edbi nh\u1ea5t 2024<\/div>\n<div>\u2013 Dung t\u00edch 1,2L \/ V\u1eeba v\u1eb7n cho gia \u0111\u00ecnh 2-3 ng\u01b0\u1eddi<\/div>\n<div>\u2013 B\u1ea3ng \u0111i\u1ec1u khi\u1ec3n c\u1ea3m \u1ee9ng m\u00e0u IMD c\u1ef1c l\u1edbn, D\u1ec5 d\u00e0ng thao t\u00e1c ch\u1ec9 v\u1edbi 1 ch\u1ea1m<\/div>\n<div>\u2013 12 ch\u1ee9c n\u0103ng n\u1ea5u \u0111\u01b0\u1ee3c c\u00e0i \u0111\u1eb7t s\u1eb5n, bi\u1ebfn t\u1ea5u tri\u1ec7u m\u00f3n ngon<\/div>\n<div>\u2013 T\u00ednh n\u0103ng DIY \u0111\u1ed9c l\u1eadp, \u0111i\u1ec1u ch\u1ec9nh nhi\u1ec7t \u0111\u1ed9 v\u00e0 th\u1eddi gian theo \u00fd mu\u1ed1n<\/div>\n<div>\u2013 L\u00f2ng n\u1ed3i ni\u00eau bo tr\u00f2n b\u1eb1ng inox 304 c\u1ef1c d\u00e0y, Ch\u1ed1ng d\u00ednh t\u1ef1 nhi\u00ean, b\u1ec1n b\u1ec9 tr\u1ecdn \u0111\u1eddi<\/div>\n<div>\u2013 M\u00e2m nhi\u1ec7t cong \u00f4m tr\u1ecdn \u0111\u00e1y n\u1ed3i, Nhi\u1ec7t lan t\u1ecfa \u0111\u1ed3ng \u0111\u1ec1u cho c\u01a1m ch\u00edn \u0111\u1ec1u v\u00e0 ngon h\u01a1n<\/div>\n<div>\u2013 H\u1eb9n gi\u1edd 24 ti\u1ebfng, ch\u1ee9c n\u0103ng h\u00e2m n\u00f3ng \u0111\u1ed9c l\u1eadp<\/div>\n<div>\u2013 Trang b\u1ecb 2 c\u1ea3m bi\u1ebfn nhi\u1ec7t NTC \u1edf n\u1eafp n\u1ed3i &amp; l\u00f2ng n\u1ed3i, Ki\u1ec3m so\u00e1t nhi\u1ec7t \u0111\u1ed9 gi\u00fap c\u01a1m, \u0111\u1ed3 \u0103n ch\u00edn m\u1ec1m v\u1eeba t\u1edbi<\/div>\n<div>\u2013 T\u00ednh n\u0103ng t\u00e1ch \u0111\u01b0\u1eddng \u0111\u1ed9c \u0111\u00e1o gi\u1eef nguy\u00ean h\u01b0\u01a1ng v\u1ecb t\u1ef1 nhi\u00ean c\u1ee7a c\u01a1m<\/div>\n<div>\u2013 T\u00ednh n\u0103ng t\u1ef1 ng\u1eaft qu\u00e1 nhi\u1ec7t<\/div>\n<div><\/div>\n<div>N\u1ed3i c\u01a1m \u0111i\u1ec7n UNIE URC612 \u2013 Ch\u1ecdn c\u01a1m gi\u1ea3m \u0111\u01b0\u1eddng, Ngon kh\u1ecfe v\u1eb9n tr\u00f2n<\/div>\n","protected":false},"excerpt":{"rendered":"<h1 class=\"product-title product_title entry-title\">n\u1ea5u c\u01a1m gi\u1ea3m \u0111\u01b0\u1eddng, l\u00f2ng n\u1ed3i inox, dung t\u00edch 1,2L<\/h1>\n","protected":false},"featured_media":4835,"comment_status":"open","ping_status":"closed","template":"","meta":[],"product_brand":[],"product_cat":[61,62],"product_tag":[],"class_list":{"0":"post-4124","1":"product","2":"type-product","3":"status-publish","4":"has-post-thumbnail","6":"product_cat-hang-gia-dung","7":"product_cat-noi-com","9":"first","10":"instock","11":"shipping-taxable","12":"product-type-simple"},"_links":{"self":[{"href":"https:\/\/nhadepbepxinh.com.vn\/index.php?rest_route=\/wp\/v2\/product\/4124","targetHints":{"allow":["GET"]}}],"collection":[{"href":"https:\/\/nhadepbepxinh.com.vn\/index.php?rest_route=\/wp\/v2\/product"}],"about":[{"href":"https:\/\/nhadepbepxinh.com.vn\/index.php?rest_route=\/wp\/v2\/types\/product"}],"replies":[{"embeddable":true,"href":"https:\/\/nhadepbepxinh.com.vn\/index.php?rest_route=%2Fwp%2Fv2%2Fcomments&post=4124"}],"wp:featuredmedia":[{"embeddable":true,"href":"https:\/\/nhadepbepxinh.com.vn\/index.php?rest_route=\/wp\/v2\/media\/4835"}],"wp:attachment":[{"href":"https:\/\/nhadepbepxinh.com.vn\/index.php?rest_route=%2Fwp%2Fv2%2Fmedia&parent=4124"}],"wp:term":[{"taxonomy":"product_brand","embeddable":true,"href":"https:\/\/nhadepbepxinh.com.vn\/index.php?rest_route=%2Fwp%2Fv2%2Fproduct_brand&post=4124"},{"taxonomy":"product_cat","embeddable":true,"href":"https:\/\/nhadepbepxinh.com.vn\/index.php?rest_route=%2Fwp%2Fv2%2Fproduct_cat&post=4124"},{"taxonomy":"product_tag","embeddable":true,"href":"https:\/\/nhadepbepxinh.com.vn\/index.php?rest_route=%2Fwp%2Fv2%2Fproduct_tag&post=4124"}],"curies":[{"name":"wp","href":"https:\/\/api.w.org\/{rel}","templated":true}]}}