{"id":4089,"date":"2025-04-07T16:58:34","date_gmt":"2025-04-07T09:58:34","guid":{"rendered":"https:\/\/nhadepbepxinh.com.vn\/?post_type=product&#038;p=4089"},"modified":"2025-04-08T09:34:17","modified_gmt":"2025-04-08T02:34:17","slug":"quat-dung-toshiba-9-canh-dc-inverter-f-lsd10wvn-30w","status":"publish","type":"product","link":"https:\/\/nhadepbepxinh.com.vn\/?product=quat-dung-toshiba-9-canh-dc-inverter-f-lsd10wvn-30w","title":{"rendered":"Qu\u1ea1t \u0111\u1ee9ng Toshiba 9 c\u00e1nh DC inverter F-LSD10(W)VN 30W"},"content":{"rendered":"<div id=\"tab-spec\" class=\"tabs col2\">\n<h2 id=\"specification\" class=\"tab-link current\" data-tab=\"tab-1\">Th\u00f4ng s\u1ed1 k\u1ef9 thu\u1eadt<\/h2>\n<\/div>\n<div id=\"tab-1\" class=\"specifications tab-content current\">\n<div id=\"specification-img-166425\" class=\"img-main specification-img \"><img decoding=\"async\" class=\" lazyloaded\" src=\"https:\/\/cdn.tgdd.vn\/Products\/Images\/1992\/166425\/Kit\/toshiba-f-lsd10-w-vn.jpg\" alt=\"Qu\u1ea1t \u0111\u1ee9ng Toshiba 9 c\u00e1nh DC inverter F-LSD10(W)VN 30W\" data-src=\"\/\/cdn.tgdd.vn\/Products\/Images\/1992\/166425\/Kit\/toshiba-f-lsd10-w-vn.jpg\" \/><\/div>\n<div id=\"specification-item-166425\" class=\"specification-item \">\n<div class=\"box-specifi\">\n<ul class=\"text-specifi active\">\n<li>\n<aside><strong>Lo\u1ea1i qu\u1ea1t:<\/strong><\/aside>\n<aside><span class=\"\">Qu\u1ea1t \u0111\u1ee9ng &#8211; 30W &#8211; 26 m\u1ee9c gi\u00f3<\/span><\/aside>\n<\/li>\n<\/ul>\n<aside><strong>Ch\u1ebf \u0111\u1ed9 gi\u00f3:<\/strong><\/aside>\n<ul>\n<li>Gi\u00f3 ngu\u0309<\/li>\n<li><span class=\"circle\">Gi\u00f3 y\u00ean t\u0129nh<\/span><\/li>\n<li>Gi\u00f3 t\u1ef1 nhi\u00ean<\/li>\n<li>Gi\u00f3 th\u01b0\u1eddng<\/li>\n<\/ul>\n<aside><strong>B\u1ea3ng \u0111i\u1ec1u khi\u1ec3n:<\/strong><\/aside>\n<ul>\n<li><span class=\"circle\">Remote<\/span><\/li>\n<li><span class=\"circle\">N\u00fat xoay<\/span><\/li>\n<li><span class=\"circle\">N\u00fat nh\u1ea5n<\/span><\/li>\n<\/ul>\n<ul class=\"text-specifi active\">\n<li>\n<aside><strong>Lo\u1ea1i motor:<\/strong><\/aside>\n<aside>B\u1ea1c thau<\/aside>\n<\/li>\n<li>\n<aside><strong>\u0110\u01b0\u1eddng k\u00ednh c\u00e1nh qu\u1ea1t:<\/strong><\/aside>\n<aside><span class=\"\">9 c\u00e1nh &#8211; 40 cm<\/span><\/aside>\n<\/li>\n<li>\n<aside><strong>Chi\u1ec1u d\u00e0i d\u00e2y \u0111i\u1ec7n:<\/strong><\/aside>\n<aside><span class=\"\">180 cm<\/span><\/aside>\n<\/li>\n<li>\n<aside><strong>Th\u01b0\u01a1ng hi\u1ec7u c\u1ee7a:<\/strong><\/aside>\n<aside><span class=\"\">Nh\u1eadt B\u1ea3n<\/span><\/aside>\n<\/li>\n<li>\n<aside><strong>S\u1ea3n xu\u1ea5t t\u1ea1i:<\/strong><\/aside>\n<aside><span class=\"\">Trung Qu\u1ed1c<\/span><\/aside>\n<\/li>\n<li>\n<aside><strong>N\u0103m ra m\u1eaft:<\/strong><\/aside>\n<aside><span class=\"\">2021<\/span><\/aside>\n<\/li>\n<\/ul>\n<aside><strong>Ti\u1ec7n \u00edch:<\/strong><\/aside>\n<ul>\n<li><span class=\"circle\">C\u00f3 remote<\/span><\/li>\n<li>H\u1eb9n gi\u1edd t\u1eaft<\/li>\n<li><span class=\"circle\">DC Inverter ti\u1ebft ki\u1ec7m \u0111i\u1ec7n<\/span><\/li>\n<li><span class=\"circle\">\u0110i\u1ec1u ch\u1ec9nh \u0111\u01b0\u1ee3c chi\u1ec1u cao<\/span><\/li>\n<li><span class=\"circle\">L\u1ed3ng qu\u1ea1t c\u00f3 khe h\u1edf nan qu\u1ea1t nh\u1ecf<\/span><\/li>\n<li>M\u00e0n h\u00ecnh LED hi\u1ec3n th\u1ecb<\/li>\n<\/ul>\n<ul class=\"text-specifi active\">\n<li>\n<aside><strong>K\u00edch th\u01b0\u1edbc (Th\u1ef1c t\u1ebf):<\/strong><\/aside>\n<aside><span class=\"\">Ngang 40 cm &#8211; Cao 113 &#8211; 133 cm &#8211; S\u00e2u 40 cm<\/span><\/aside>\n<\/li>\n<li>\n<aside><strong>Kh\u1ed1i l\u01b0\u1ee3ng (H\u00e3ng cung c\u1ea5p):<\/strong><\/aside>\n<aside><span class=\"\">7 Kg<\/span><\/aside>\n<\/li>\n<li>\n<aside><strong>H\u00e3ng:<\/strong><\/aside>\n<aside><span class=\"\">Toshiba<\/span><\/aside>\n<\/li>\n<\/ul>\n<\/div>\n<\/div>\n<\/div>\n","protected":false},"excerpt":{"rendered":"<p>Th\u00f4ng s\u1ed1 k\u1ef9 thu\u1eadt Lo\u1ea1i qu\u1ea1t: Qu\u1ea1t \u0111\u1ee9ng &#8211; 30W &#8211; 26 m\u1ee9c gi\u00f3 Ch\u1ebf \u0111\u1ed9 gi\u00f3: Gi\u00f3 ngu\u0309 Gi\u00f3 y\u00ean t\u0129nh Gi\u00f3 t\u1ef1 nhi\u00ean Gi\u00f3 th\u01b0\u1eddng B\u1ea3ng \u0111i\u1ec1u khi\u1ec3n: Remote N\u00fat xoay N\u00fat nh\u1ea5n Lo\u1ea1i motor: B\u1ea1c thau \u0110\u01b0\u1eddng k\u00ednh c\u00e1nh qu\u1ea1t: 9 c\u00e1nh &#8211; 40 cm Chi\u1ec1u d\u00e0i d\u00e2y \u0111i\u1ec7n: 180 cm Th\u01b0\u01a1ng&#8230;<\/p>\n","protected":false},"featured_media":4090,"comment_status":"open","ping_status":"closed","template":"","meta":[],"product_brand":[],"product_cat":[87,120],"product_tag":[],"class_list":{"0":"post-4089","1":"product","2":"type-product","3":"status-publish","4":"has-post-thumbnail","6":"product_cat-quat-dien","7":"product_cat-toshiba","9":"first","10":"instock","11":"shipping-taxable","12":"product-type-simple"},"_links":{"self":[{"href":"https:\/\/nhadepbepxinh.com.vn\/index.php?rest_route=\/wp\/v2\/product\/4089","targetHints":{"allow":["GET"]}}],"collection":[{"href":"https:\/\/nhadepbepxinh.com.vn\/index.php?rest_route=\/wp\/v2\/product"}],"about":[{"href":"https:\/\/nhadepbepxinh.com.vn\/index.php?rest_route=\/wp\/v2\/types\/product"}],"replies":[{"embeddable":true,"href":"https:\/\/nhadepbepxinh.com.vn\/index.php?rest_route=%2Fwp%2Fv2%2Fcomments&post=4089"}],"wp:featuredmedia":[{"embeddable":true,"href":"https:\/\/nhadepbepxinh.com.vn\/index.php?rest_route=\/wp\/v2\/media\/4090"}],"wp:attachment":[{"href":"https:\/\/nhadepbepxinh.com.vn\/index.php?rest_route=%2Fwp%2Fv2%2Fmedia&parent=4089"}],"wp:term":[{"taxonomy":"product_brand","embeddable":true,"href":"https:\/\/nhadepbepxinh.com.vn\/index.php?rest_route=%2Fwp%2Fv2%2Fproduct_brand&post=4089"},{"taxonomy":"product_cat","embeddable":true,"href":"https:\/\/nhadepbepxinh.com.vn\/index.php?rest_route=%2Fwp%2Fv2%2Fproduct_cat&post=4089"},{"taxonomy":"product_tag","embeddable":true,"href":"https:\/\/nhadepbepxinh.com.vn\/index.php?rest_route=%2Fwp%2Fv2%2Fproduct_tag&post=4089"}],"curies":[{"name":"wp","href":"https:\/\/api.w.org\/{rel}","templated":true}]}}