{"id":3741,"date":"2025-04-04T15:45:47","date_gmt":"2025-04-04T08:45:47","guid":{"rendered":"https:\/\/nhadepbepxinh.com.vn\/?post_type=product&#038;p=3741"},"modified":"2025-04-04T15:45:47","modified_gmt":"2025-04-04T08:45:47","slug":"may-loc-nuoc-chungho-sanita-ice-model-sku-gwi-60c9560m","status":"publish","type":"product","link":"https:\/\/nhadepbepxinh.com.vn\/?product=may-loc-nuoc-chungho-sanita-ice-model-sku-gwi-60c9560m","title":{"rendered":"MA\u0301Y LO\u0323C N\u01af\u01a0\u0301C CHUNGHO SANITA ICE MODEL\/SKU: GWI-60C9560M"},"content":{"rendered":"<h3><strong>M\u00e1y L\u1ecdc N\u01b0\u1edbc ChungHo Sanita ICE: L\u00e0m \u0110\u00e1, N\u00f3ng L\u1ea1nh Ngu\u1ed9i, Nh\u1eadp Kh\u1ea9u H\u00e0n Qu\u1ed1c<\/strong><\/h3>\n<p><img decoding=\"async\" src=\"https:\/\/bizweb.dktcdn.net\/100\/527\/374\/files\/may-loc-nuoc-chungho-sanita-ice-gwi-60c9560m-d8eaf2ce-211c-4941-8ec1-f5725a194aa9.jpg?v=1732507730826\" data-thumb=\"original\" \/><\/p>\n<p><strong>M\u00e1y l\u1ecdc n\u01b0\u1edbc ChungHo Sanita ICE (GWI-60C9560M)<\/strong>\u00a0l\u00e0 m\u1ed9t ki\u1ec7t t\u00e1c c\u00f4ng ngh\u1ec7 \u0111\u1ebfn t\u1eeb H\u00e0n Qu\u1ed1c, mang \u0111\u1ebfn s\u1ef1 k\u1ebft h\u1ee3p ho\u00e0n h\u1ea3o gi\u1eefa\u00a0<strong>m\u00e1y l\u1ecdc n\u01b0\u1edbc RO cao c\u1ea5p<\/strong>,\u00a0<strong>m\u00e1y l\u00e0m \u0111\u00e1 vi\u00ean tinh khi\u1ebft\u00a0<\/strong>v\u00e0 3 ch\u1ebf \u0111\u1ed9 n\u01b0\u1edbc n\u00f3ng l\u1ea1nh ngu\u1ed9i. V\u1edbi thi\u1ebft k\u1ebf sang tr\u1ecdng, t\u00ednh n\u0103ng hi\u1ec7n \u0111\u1ea1i v\u00e0 kh\u1ea3 n\u0103ng ti\u1ebft ki\u1ec7m n\u0103ng l\u01b0\u1ee3ng,\u00a0<strong>ChungHo Sanita ICE<\/strong>\u00a0kh\u00f4ng ch\u1ec9 cung c\u1ea5p ngu\u1ed3n n\u01b0\u1edbc s\u1ea1ch an to\u00e0n m\u00e0 c\u00f2n n\u00e2ng t\u1ea7m \u0111\u1eb3ng c\u1ea5p cho kh\u00f4ng gian s\u1ed1ng c\u1ee7a b\u1ea1n.<\/p>\n<h3 data-sourcepos=\"38:1-38:80\"><strong>1. ChungHo Sanita ICE: Hi\u1ec7n Th\u1ef1c H\u00f3a Gi\u1ea5c M\u01a1 V\u1ec1 M\u1ed9t Cu\u1ed9c S\u1ed1ng Ti\u1ec7n Nghi<\/strong><\/h3>\n<p><img decoding=\"async\" src=\"https:\/\/bizweb.dktcdn.net\/100\/527\/374\/files\/may-loc-nuoc-chungho-sanita-ice-gwi-60c9560m-2-249912b3-7fb3-416c-b132-0f5ccdf25c40.jpg?v=1732507761348\" data-thumb=\"original\" \/><\/p>\n<h3 data-sourcepos=\"42:1-42:78\"><strong>1.1. C\u00f4ng Ngh\u1ec7 L\u1ecdc RO Ti\u00ean Ti\u1ebfn: Ngu\u1ed3n N\u01b0\u1edbc S\u1ea1ch Chu\u1ea9n U\u1ed1ng Tr\u1ef1c Ti\u1ebfp<\/strong><\/h3>\n<p data-sourcepos=\"46:1-46:264\"><strong>M\u00e1y l\u1ecdc n\u01b0\u1edbc ChungHo Sanita ICE<\/strong>\u00a0\u0111\u01b0\u1ee3c trang b\u1ecb\u00a0<strong>c\u00f4ng ngh\u1ec7 l\u1ecdc RO<\/strong>\u00a0ti\u00ean ti\u1ebfn, lo\u1ea1i b\u1ecf \u0111\u1ebfn 99.99% vi khu\u1ea9n, virus, kim lo\u1ea1i n\u1eb7ng, h\u00f3a ch\u1ea5t \u0111\u1ed9c h\u1ea1i v\u00e0 t\u1ea1p ch\u1ea5t, mang \u0111\u1ebfn ngu\u1ed3n n\u01b0\u1edbc tinh khi\u1ebft, \u0111\u1ea1t chu\u1ea9n u\u1ed1ng tr\u1ef1c ti\u1ebfp, b\u1ea3o v\u1ec7 s\u1ee9c kh\u1ecfe to\u00e0n di\u1ec7n cho gia \u0111\u00ecnh b\u1ea1n.<\/p>\n<p><img decoding=\"async\" src=\"https:\/\/bizweb.dktcdn.net\/100\/527\/374\/files\/may-loc-nuoc-chungho-sanita-ice-gwi-60c9560m-3-12b63f28-2921-4d5e-af04-03d2cc68c565.jpg?v=1732507775254\" data-thumb=\"original\" \/><\/p>\n<h3><strong>1.2. L\u00e0m \u0110\u00e1 Vi\u00ean Tinh Khi\u1ebft: \u0110\u1ed9t Ph\u00e1 C\u00f4ng Ngh\u1ec7 T\u1eeb ChungHo<\/strong><\/h3>\n<p><strong>ChungHo Sanita ICE<\/strong>\u00a0s\u1edf h\u1eefu\u00a0<strong>c\u00f4ng ngh\u1ec7 l\u00e0m \u0111\u00e1 vi\u00ean \u0111\u1ed9c quy\u1ec1n<\/strong>, \u1ee9ng d\u1ee5ng nguy\u00ean l\u00fd h\u1ea1 th\u1ea5p \u0111i\u1ec3m \u0111\u00f3ng b\u0103ng. Ch\u1ec9 c\u00f3 n\u01b0\u1edbc tinh khi\u1ebft kh\u00f4ng t\u1ea1p ch\u1ea5t m\u1edbi \u0111\u01b0\u1ee3c \u0111\u00f3ng b\u0103ng \u1edf 0\u00b0C, t\u1ea1o ra nh\u1eefng vi\u00ean \u0111\u00e1 trong su\u1ed1t, l\u00e2u tan, an to\u00e0n tuy\u1ec7t \u0111\u1ed1i v\u00e0 kh\u00f4ng l\u00e0m \u1ea3nh h\u01b0\u1edfng \u0111\u1ebfn h\u01b0\u01a1ng v\u1ecb \u0111\u1ed3 u\u1ed1ng.<\/p>\n<p><img decoding=\"async\" src=\"https:\/\/bizweb.dktcdn.net\/100\/527\/374\/files\/may-loc-nuoc-chungho-sanita-ice-gwi-60c9560m-4a-7cf73e51-4828-4191-86ab-18e22e7aa982.jpg?v=1732507791398\" data-thumb=\"original\" \/><\/p>\n<h3 data-sourcepos=\"60:1-60:67\"><strong>1.3. Thi\u1ebft K\u1ebf Sang Tr\u1ecdng, Tinh T\u1ebf: N\u00e2ng T\u1ea7m Kh\u00f4ng Gian B\u1ebfp<\/strong><\/h3>\n<p data-sourcepos=\"64:1-64:358\"><strong>M\u00e1y l\u1ecdc n\u01b0\u1edbc Sanita ICE<\/strong>\u00a0c\u00f3 thi\u1ebft k\u1ebf m\u1eb7t g\u01b0\u01a1ng \u0111en b\u00f3ng sang tr\u1ecdng, c\u00f9ng c\u00e1c \u0111\u01b0\u1eddng n\u00e9t tinh t\u1ebf. S\u1ea3n ph\u1ea9m kh\u00f4ng ch\u1ec9 l\u00e0\u00a0<strong>m\u00e1y l\u1ecdc n\u01b0\u1edbc<\/strong>\u00a0\u0111\u01a1n thu\u1ea7n m\u00e0 c\u00f2n l\u00e0 \u0111i\u1ec3m nh\u1ea5n th\u1ea9m m\u1ef9, g\u00f3p ph\u1ea7n ki\u1ebfn t\u1ea1o kh\u00f4ng gian b\u1ebfp hi\u1ec7n \u0111\u1ea1i v\u00e0 \u0111\u1eb3ng c\u1ea5p. N\u1ebfu b\u1ea1n \u0111ang t\u00ecm ki\u1ebfm m\u1ed9t chi\u1ebfc\u00a0<strong>m\u00e1y l\u1ecdc n\u01b0\u1edbc \u0111\u1eb7t b\u00e0n<\/strong>\u00a0hay\u00a0<strong>m\u00e1y l\u1ecdc n\u01b0\u1edbc b\u1ec7 b\u1ebfp<\/strong>\u00a0th\u00ec \u0111\u00e2y l\u00e0 m\u1ed9t l\u1ef1a ch\u1ecdn kh\u00f4ng th\u1ec3 b\u1ecf qua.<\/p>\n<p><img decoding=\"async\" src=\"https:\/\/bizweb.dktcdn.net\/100\/527\/374\/files\/may-loc-nuoc-chungho-sanita-ice-gwi-60c9560m-5-aa224e1f-b509-4d4f-8e25-ccec80df1069.jpg?v=1732507804544\" data-thumb=\"original\" \/><\/p>\n<h3 data-sourcepos=\"66:1-66:83\"><strong>2. ChungHo Sanita ICE: An To\u00e0n V\u01b0\u1ee3t Tr\u1ed9i V\u1edbi C\u00f4ng Ngh\u1ec7 An To\u00e0n G\u1ea5p B\u1ed1n L\u1ea7n<\/strong><\/h3>\n<p data-sourcepos=\"70:1-70:110\"><strong>ChungHo Sanita ICE<\/strong>\u00a0t\u00edch h\u1ee3p 4 c\u00f4ng ngh\u1ec7 an to\u00e0n \u0111\u1ed9c quy\u1ec1n, mang \u0111\u1ebfn s\u1ef1 an t\u00e2m tuy\u1ec7t \u0111\u1ed1i cho ng\u01b0\u1eddi s\u1eed d\u1ee5ng:<\/p>\n<ul data-sourcepos=\"72:1-76:0\">\n<li data-sourcepos=\"72:1-72:95\"><strong>H\u1ec7 th\u1ed1ng l\u1ecdc RO 4 b\u01b0\u1edbc:<\/strong>\u00a0Lo\u1ea1i b\u1ecf t\u1ea1p ch\u1ea5t, vi khu\u1ea9n, virus, kim lo\u1ea1i n\u1eb7ng.<\/li>\n<li data-sourcepos=\"73:1-73:94\"><strong>H\u1ec7 th\u1ed1ng tu\u1ea7n ho\u00e0n n\u01b0\u1edbc t\u1ef1 nhi\u00ean 24h (NWPW):<\/strong>\u00a0Gi\u1eef cho n\u01b0\u1edbc lu\u00f4n t\u01b0\u01a1i m\u1edbi.<\/li>\n<li data-sourcepos=\"74:1-74:94\"><strong>H\u1ec7 th\u1ed1ng t\u1ef1 \u0111\u1ed9ng l\u00e0m s\u1ea1ch (ACS):<\/strong>\u00a0\u0110\u1ea3m b\u1ea3o v\u1ec7 sinh, duy tr\u00ec hi\u1ec7u su\u1ea5t l\u1ecdc.<\/li>\n<li data-sourcepos=\"75:1-76:0\"><strong>Kh\u1eed tr\u00f9ng b\u1eb1ng n\u01b0\u1edbc \u0111i\u1ec7n ph\u00e2n:<\/strong>\u00a0Di\u1ec7t khu\u1ea9n hi\u1ec7u qu\u1ea3, an to\u00e0n.<\/li>\n<\/ul>\n<p><img decoding=\"async\" src=\"https:\/\/bizweb.dktcdn.net\/100\/527\/374\/files\/may-loc-nuoc-chungho-sanita-ice-gwi-60c9560m-8-53b20aec-354e-4589-83a9-906ec4a523ab.jpg?v=1732507844294\" data-thumb=\"original\" \/><\/p>\n<h3 data-sourcepos=\"77:1-77:62\"><strong>3. Ti\u1ebft Ki\u1ec7m N\u0103ng L\u01b0\u1ee3ng T\u1ed1i \u01afu: Linh Ho\u1ea1t v\u00e0 Hi\u1ec7u Qu\u1ea3<\/strong><\/h3>\n<p data-sourcepos=\"81:1-81:319\"><strong>M\u00e1y l\u1ecdc n\u01b0\u1edbc ChungHo Sanita ICE<\/strong>\u00a0\u0111\u01b0\u1ee3c trang b\u1ecb\u00a0<strong>h\u1ec7 th\u1ed1ng l\u00e0m n\u00f3ng k\u00e9p th\u00f4ng minh<\/strong>, cho ph\u00e9p ng\u01b0\u1eddi d\u00f9ng linh ho\u1ea1t l\u1ef1a ch\u1ecdn gi\u1eefa ch\u1ebf \u0111\u1ed9 b\u1ea3o qu\u1ea3n n\u01b0\u1edbc n\u00f3ng v\u00e0 l\u00e0m n\u00f3ng tr\u1ef1c ti\u1ebfp. \u0110\u1eb7c bi\u1ec7t, ch\u1ebf \u0111\u1ed9\u00a0<strong>t\u1eaft ch\u1ee9c n\u0103ng l\u00e0m \u0111\u00e1 v\u00e0 n\u01b0\u1edbc n\u00f3ng khi kh\u00f4ng c\u1ea7n thi\u1ebft<\/strong>\u00a0gi\u00fap ti\u1ebft ki\u1ec7m \u0111i\u1ec7n n\u0103ng t\u1ed1i \u0111a, \u0111\u1eb7c bi\u1ec7t h\u1eefu \u00edch v\u00e0o m\u00f9a \u0111\u00f4ng.<\/p>\n<p><img decoding=\"async\" src=\"https:\/\/bizweb.dktcdn.net\/100\/527\/374\/files\/may-loc-nuoc-chungho-sanita-ice-gwi-60c9560m-7-2d43a781-0c2c-41d4-9889-68fcb66ee3dc.jpg?v=1732507885168\" data-thumb=\"original\" \/><\/p>\n<h3 data-sourcepos=\"83:1-83:62\"><strong>4. Ti\u1ec7n \u00cdch Hi\u1ec7n \u0110\u1ea1i: N\u00e2ng T\u1ea7m Tr\u1ea3i Nghi\u1ec7m Ng\u01b0\u1eddi D\u00f9ng<\/strong><\/h3>\n<ul data-sourcepos=\"87:1-90:0\">\n<li data-sourcepos=\"87:1-87:128\"><strong>Thi\u1ebft k\u1ebf n\u00fat b\u1ea5m ch\u1ecdn dung t\u00edch n\u01b0\u1edbc:<\/strong>\u00a0D\u1ec5 d\u00e0ng l\u1ef1a ch\u1ecdn l\u01b0\u1ee3ng n\u01b0\u1edbc ph\u00f9 h\u1ee3p v\u1edbi nhu c\u1ea7u (120ml\/250ml\/500ml).<\/li>\n<li data-sourcepos=\"88:1-88:79\"><strong>Kh\u00f3a an to\u00e0n n\u01b0\u1edbc n\u00f3ng:<\/strong>\u00a0B\u1ea3o v\u1ec7 tr\u1ebb nh\u1ecf v\u00e0 ng\u01b0\u1eddi l\u1edbn tu\u1ed5i.<\/li>\n<li data-sourcepos=\"89:1-90:0\"><strong>Van t\u1ef1 kh\u00f3a khi r\u00f2 r\u1ec9 n\u01b0\u1edbc:<\/strong>\u00a0\u0110\u1ea3m b\u1ea3o an to\u00e0n tuy\u1ec7t \u0111\u1ed1i.<\/li>\n<\/ul>\n<p><img decoding=\"async\" src=\"https:\/\/bizweb.dktcdn.net\/100\/527\/374\/files\/tu-dong-lam-sach-acs-may-loc-nuoc-chungho-sanita-ice-gwi-60c9560m-9.jpg?v=1732507902775\" data-thumb=\"original\" \/><\/p>\n<h3 data-sourcepos=\"91:1-91:76\"><strong>5. Th\u00f4ng S\u1ed1 K\u1ef9 Thu\u1eadt M\u00e1y L\u1ecdc N\u01b0\u1edbc ChungHo Sanita ICE (GWI-60C9560M)<\/strong><\/h3>\n<ul data-sourcepos=\"95:1-103:0\">\n<li data-sourcepos=\"95:1-95:41\"><strong>Model:<\/strong>\u00a0GWI-60C9560M<\/li>\n<li data-sourcepos=\"96:1-96:53\"><strong>K\u00edch th\u01b0\u1edbc:<\/strong>\u00a0360 x 1420 x 496 mm<\/li>\n<li data-sourcepos=\"97:1-97:42\"><strong>Tr\u1ecdng l\u01b0\u1ee3ng:<\/strong>\u00a045.9 kg<\/li>\n<li data-sourcepos=\"98:1-98:101\"><strong>C\u00f4ng ngh\u1ec7 l\u1ecdc:<\/strong>\u00a0RO, h\u1ec7 th\u1ed1ng t\u1ef1 \u0111\u1ed9ng l\u00e0m s\u1ea1ch ACS, tu\u1ea7n ho\u00e0n n\u01b0\u1edbc t\u1ef1 nhi\u00ean NWPW.<\/li>\n<li data-sourcepos=\"99:1-99:121\"><strong>Ch\u1ee9c n\u0103ng:<\/strong>\u00a0cung c\u1ea5p n\u01b0\u1edbc n\u00f3ng\/l\u1ea1nh\/ngu\u1ed9i, l\u00e0m \u0111\u00e1 vi\u00ean, kh\u00f3a n\u01b0\u1edbc n\u00f3ng an to\u00e0n.<\/li>\n<li data-sourcepos=\"100:1-100:105\"><strong>Dung t\u00edch b\u00ecnh ch\u1ee9a:<\/strong>\u00a0N\u01b0\u1edbc n\u00f3ng 0.6L, n\u01b0\u1edbc l\u1ea1nh 1.4L, n\u01b0\u1edbc th\u01b0\u1eddng 2.6L, l\u00e0m \u0111\u00e1 0.5kg<\/li>\n<li data-sourcepos=\"101:1-101:66\"><strong>Xu\u1ea5t x\u1ee9:<\/strong>\u00a0Nh\u1eadp kh\u1ea9u nguy\u00ean chi\u1ebfc t\u1eeb H\u00e0n Qu\u1ed1c.<\/li>\n<li data-sourcepos=\"102:1-103:0\"><strong>B\u1ea3o h\u00e0nh:<\/strong>\u00a024 th\u00e1ng<\/li>\n<\/ul>\n<p><img decoding=\"async\" src=\"https:\/\/bizweb.dktcdn.net\/100\/527\/374\/files\/may-loc-nuoc-chungho-sanita-ice-gwi-60c9560m-6-87edbba9-c057-4902-998c-d16203850607.jpg?v=1732507935243\" data-thumb=\"original\" \/><\/p>\n<h3 data-sourcepos=\"104:1-104:80\"><strong>ChungHo Sanita ICE &#8211; L\u1ef1a Ch\u1ecdn X\u1ee9ng T\u1ea7m Cho Cu\u1ed9c S\u1ed1ng Hi\u1ec7n \u0110\u1ea1i<\/strong><\/h3>\n<p data-sourcepos=\"108:1-108:444\"><strong>M\u00e1y l\u1ecdc n\u01b0\u1edbc ChungHo Sanita ICE (GWI-60C9560M)<\/strong>\u00a0l\u00e0 m\u1ed9t trong nh\u1eefng\u00a0<strong>m\u00e1y l\u1ecdc n\u01b0\u1edbc n\u00f3ng l\u1ea1nh t\u1ed1t nh\u1ea5t<\/strong>\u00a0hi\u1ec7n nay, kh\u00f4ng ch\u1ec9 mang \u0111\u1ebfn ngu\u1ed3n n\u01b0\u1edbc s\u1ea1ch, an to\u00e0n, tinh khi\u1ebft m\u00e0 c\u00f2n t\u00edch h\u1ee3p nhi\u1ec1u t\u00ednh n\u0103ng v\u01b0\u1ee3t tr\u1ed9i, \u0111\u00e1p \u1ee9ng m\u1ecdi nhu c\u1ea7u s\u1eed d\u1ee5ng. V\u1edbi thi\u1ebft k\u1ebf sang tr\u1ecdng, c\u00f4ng ngh\u1ec7 hi\u1ec7n \u0111\u1ea1i v\u00e0 ch\u1ea5t l\u01b0\u1ee3ng \u0111\u1ea1t chu\u1ea9n qu\u1ed1c t\u1ebf,\u00a0<strong>ChungHo Sanita ICE<\/strong>\u00a0x\u1ee9ng \u0111\u00e1ng l\u00e0 s\u1ef1 l\u1ef1a ch\u1ecdn ho\u00e0n h\u1ea3o cho gia \u0111\u00ecnh v\u00e0 v\u0103n ph\u00f2ng, g\u00f3p ph\u1ea7n n\u00e2ng t\u1ea7m ch\u1ea5t l\u01b0\u1ee3ng cu\u1ed9c s\u1ed1ng.<\/p>\n<p><img decoding=\"async\" src=\"https:\/\/bizweb.dktcdn.net\/100\/527\/374\/files\/chung-nhan-kc-may-loc-nuoc-chungho-sanita-nong-lanh-gwi-60c9560m-10.jpg?v=1732507993946\" data-thumb=\"original\" \/><\/p>\n","protected":false},"excerpt":{"rendered":"<p>M\u00e1y L\u1ecdc N\u01b0\u1edbc ChungHo Sanita ICE: L\u00e0m \u0110\u00e1, N\u00f3ng L\u1ea1nh Ngu\u1ed9i, Nh\u1eadp Kh\u1ea9u H\u00e0n Qu\u1ed1c M\u00e1y l\u1ecdc n\u01b0\u1edbc ChungHo Sanita ICE (GWI-60C9560M)\u00a0l\u00e0 m\u1ed9t ki\u1ec7t t\u00e1c c\u00f4ng ngh\u1ec7 \u0111\u1ebfn t\u1eeb H\u00e0n Qu\u1ed1c, mang \u0111\u1ebfn s\u1ef1 k\u1ebft h\u1ee3p ho\u00e0n h\u1ea3o gi\u1eefa\u00a0m\u00e1y l\u1ecdc n\u01b0\u1edbc RO cao c\u1ea5p,\u00a0m\u00e1y l\u00e0m \u0111\u00e1 vi\u00ean tinh khi\u1ebft\u00a0v\u00e0 3 ch\u1ebf \u0111\u1ed9 n\u01b0\u1edbc n\u00f3ng l\u1ea1nh&#8230;<\/p>\n","protected":false},"featured_media":3742,"comment_status":"open","ping_status":"closed","template":"","meta":[],"product_brand":[],"product_cat":[83,110],"product_tag":[],"class_list":{"0":"post-3741","1":"product","2":"type-product","3":"status-publish","4":"has-post-thumbnail","6":"product_cat-may-loc-nuoc","7":"product_cat-chungho","9":"first","10":"instock","11":"shipping-taxable","12":"product-type-simple"},"_links":{"self":[{"href":"https:\/\/nhadepbepxinh.com.vn\/index.php?rest_route=\/wp\/v2\/product\/3741","targetHints":{"allow":["GET"]}}],"collection":[{"href":"https:\/\/nhadepbepxinh.com.vn\/index.php?rest_route=\/wp\/v2\/product"}],"about":[{"href":"https:\/\/nhadepbepxinh.com.vn\/index.php?rest_route=\/wp\/v2\/types\/product"}],"replies":[{"embeddable":true,"href":"https:\/\/nhadepbepxinh.com.vn\/index.php?rest_route=%2Fwp%2Fv2%2Fcomments&post=3741"}],"wp:featuredmedia":[{"embeddable":true,"href":"https:\/\/nhadepbepxinh.com.vn\/index.php?rest_route=\/wp\/v2\/media\/3742"}],"wp:attachment":[{"href":"https:\/\/nhadepbepxinh.com.vn\/index.php?rest_route=%2Fwp%2Fv2%2Fmedia&parent=3741"}],"wp:term":[{"taxonomy":"product_brand","embeddable":true,"href":"https:\/\/nhadepbepxinh.com.vn\/index.php?rest_route=%2Fwp%2Fv2%2Fproduct_brand&post=3741"},{"taxonomy":"product_cat","embeddable":true,"href":"https:\/\/nhadepbepxinh.com.vn\/index.php?rest_route=%2Fwp%2Fv2%2Fproduct_cat&post=3741"},{"taxonomy":"product_tag","embeddable":true,"href":"https:\/\/nhadepbepxinh.com.vn\/index.php?rest_route=%2Fwp%2Fv2%2Fproduct_tag&post=3741"}],"curies":[{"name":"wp","href":"https:\/\/api.w.org\/{rel}","templated":true}]}}