{"id":3663,"date":"2025-04-04T13:09:46","date_gmt":"2025-04-04T06:09:46","guid":{"rendered":"https:\/\/nhadepbepxinh.com.vn\/?post_type=product&#038;p=3663"},"modified":"2025-04-04T13:09:46","modified_gmt":"2025-04-04T06:09:46","slug":"may-loc-nuoc-karofi-slim-s-s038-8-loi-loc","status":"publish","type":"product","link":"https:\/\/nhadepbepxinh.com.vn\/?product=may-loc-nuoc-karofi-slim-s-s038-8-loi-loc","title":{"rendered":"M\u00c1Y L\u1eccC N\u01af\u1edaC KAROFI SLIM S-S038 \u2013 8 L\u00d5I L\u1eccC"},"content":{"rendered":"<div id=\"row-433274522\" class=\"row row-small\">\n<div id=\"col-1203925036\" class=\"col medium-7 small-12 large-7\">\n<div class=\"col-inner\">\n<div class=\"product-short-description\"><\/div>\n<\/div>\n<\/div>\n<div id=\"col-1401204378\" class=\"col medium-5 small-12 large-5\">\n<div class=\"col-inner\">\n<div id=\"row-512959317\" class=\"row row-small tt_contact\">\n<div id=\"col-1118584225\" class=\"col medium-6 small-12 large-6\">\n<div class=\"col-inner\">\n<div class=\"icon-box featured-box icon-box-left text-left\">\n<div class=\"icon-box-text last-reset\">\n<p><strong><span style=\"font-size: 14.4px;\">TH\u00d4NG S\u1ed0 K\u1ef8 THU\u1eacT M\u00c1Y L\u1eccC N\u01af\u1edaC KAROFI SLIM S-S038 \u2013 8 L\u00d5I L\u1eccC<\/span><\/strong><\/p>\n<\/div>\n<\/div>\n<\/div>\n<\/div>\n<\/div>\n<\/div>\n<\/div>\n<\/div>\n<div id=\"row-951641380\" class=\"row row-small\">\n<div id=\"col-1484072462\" class=\"col medium-8 small-12 large-8\">\n<div class=\"col-inner\">\n<div class=\"product-page-sections\">\n<div class=\"product-section\">\n<div class=\"row\">\n<div class=\"large-12 col pb-0 mb-0\">\n<div class=\"panel entry-content thong-so-ky-thuat\">\n<table>\n<tbody>\n<tr>\n<td>M\u00e0ng l\u1ecdc<\/td>\n<td>M\u00e0ng RO 100GPD thay nhanh H\u00e0n Qu\u1ed1c<\/td>\n<\/tr>\n<tr>\n<td>C\u00f4ng su\u1ea5t l\u1ecdc<\/td>\n<td>20 L\/h<\/td>\n<\/tr>\n<tr>\n<td>B\u00ecnh \u00e1p<\/td>\n<td>5L<\/td>\n<\/tr>\n<tr>\n<td>\u0110i\u1ec7n n\u0103ng ti\u00eau th\u1ee5<\/td>\n<td>25 w\/h<\/td>\n<\/tr>\n<tr>\n<td>H\u1ec7 th\u1ed1ng l\u1ecdc<\/td>\n<td>8 L\u00f5i (3 L\u00f5i l\u1ecdc th\u00f4, m\u00e0ng RO thay nhanh H\u00e0n Qu\u1ed1c, 4 L\u00f5i l\u1ecdc ch\u1ee9c n\u0103ng)<\/td>\n<\/tr>\n<tr>\n<td>C\u00e1c l\u00f5i ch\u1ee9c n\u0103ng<\/td>\n<td>L\u00f5i T33-GAC; L\u00f5i Far Infrared; L\u00f5i Mineral; L\u00f5i Nano Silver Plus<\/td>\n<\/tr>\n<tr>\n<td>T\u1ef7 l\u1ec7 thu h\u1ed3i n\u01b0\u1edbc tinh khi\u1ebft<\/td>\n<td>L\u00ean \u0111\u1ebfn 60% (Trong \u0111i\u1ec1u ki\u1ec7n ph\u00f2ng lab, s\u1eed d\u1ee5ng linh ki\u1ec7n\/thi\u1ebft b\u1ecb \u0111o l\u01b0\u1eddng ti\u00eau chu\u1ea9n)<\/td>\n<\/tr>\n<tr>\n<td>Kh\u1ed1i l\u01b0\u1ee3ng<\/td>\n<td>9 Kg<\/td>\n<\/tr>\n<\/tbody>\n<\/table>\n<div class=\"product-spec__item\">\n<div class=\"product-spec__title\">T\u00cdNH N\u0102NG S\u1ea2N PH\u1ea8M<\/div>\n<div class=\"product-spec__table\">\n<table>\n<tbody>\n<tr>\n<td>L\u1ecdc n\u01b0\u1edbc u\u1ed1ng tr\u1ef1c ti\u1ebfp<\/td>\n<td>C\u00f3<\/td>\n<\/tr>\n<\/tbody>\n<\/table>\n<\/div>\n<\/div>\n<div class=\"product-spec__item\">\n<div class=\"product-spec__title\">TI\u00caU CHU\u1ea8N CH\u1ea4T L\u01af\u1ee2NG<\/div>\n<div class=\"product-spec__table\">\n<table>\n<tbody>\n<tr>\n<td>QCVN6-1:2010\/BYT<\/td>\n<td>C\u00f3<\/td>\n<\/tr>\n<tr>\n<td>TCVN 11978:2017<\/td>\n<td>C\u00f3<\/td>\n<\/tr>\n<\/tbody>\n<\/table>\n<\/div>\n<\/div>\n<div class=\"kk-star-ratings kksr-auto kksr-align-right kksr-valign-bottom\" data-payload=\"{&quot;align&quot;:&quot;right&quot;,&quot;id&quot;:&quot;862&quot;,&quot;slug&quot;:&quot;default&quot;,&quot;valign&quot;:&quot;bottom&quot;,&quot;ignore&quot;:&quot;&quot;,&quot;reference&quot;:&quot;auto&quot;,&quot;class&quot;:&quot;&quot;,&quot;count&quot;:&quot;1&quot;,&quot;legendonly&quot;:&quot;&quot;,&quot;readonly&quot;:&quot;&quot;,&quot;score&quot;:&quot;5&quot;,&quot;starsonly&quot;:&quot;&quot;,&quot;best&quot;:&quot;5&quot;,&quot;gap&quot;:&quot;5&quot;,&quot;greet&quot;:&quot;M\u1eddi b\u1ea1n \u0111\u00e1nh gi\u00e1&quot;,&quot;legend&quot;:&quot;5\\\/5 - (1 b\u00ecnh ch\u1ecdn)&quot;,&quot;size&quot;:&quot;24&quot;,&quot;title&quot;:&quot;M\u00c1Y L\u1eccC N\u01af\u1edaC KAROFI SLIM S-S038 - 8 L\u00d5I L\u1eccC&quot;,&quot;width&quot;:&quot;142.5&quot;,&quot;_legend&quot;:&quot;{score}\\\/{best} - ({count} {votes})&quot;,&quot;font_factor&quot;:&quot;1.25&quot;}\">\n<div class=\"kksr-stars\">\n<div class=\"kksr-stars-inactive\">\n<div class=\"kksr-star\" data-star=\"1\">\n<div class=\"kksr-icon\"><\/div>\n<\/div>\n<div class=\"kksr-star\" data-star=\"2\"><\/div>\n<\/div>\n<\/div>\n<div class=\"kksr-legend\"><strong><span style=\"color: #555555; font-size: 14.4px;\">CHI TI\u1ebeT S\u1ea2N PH\u1ea8M M\u00c1Y L\u1eccC N\u01af\u1edaC KAROFI SLIM S-S038 \u2013 8 L\u00d5I L\u1eccC<\/span><\/strong><\/div>\n<\/div>\n<\/div>\n<\/div>\n<\/div>\n<\/div>\n<div class=\"product-section\">\n<div class=\"row\">\n<div class=\"large-12 col pb-0 mb-0\">\n<div class=\"panel entry-content description\">\n<h3>M\u00e1y L\u1ecdc N\u01b0\u1edbc Karofi Slim S-S038: S\u1ef1 L\u1ef1a Ch\u1ecdn Ho\u00e0n H\u1ea3o Cho N\u01b0\u1edbc S\u1ea1ch<\/h3>\n<h4>Hi\u1ec7u Su\u1ea5t V\u01b0\u1ee3t Tr\u1ed9i<\/h4>\n<p>M\u00e1y l\u1ecdc n\u01b0\u1edbc Karofi Slim S-S038 l\u00e0 gi\u1ea3i ph\u00e1p ho\u00e0n h\u1ea3o cho n\u01b0\u1edbc u\u1ed1ng tinh khi\u1ebft. V\u1edbi c\u00f4ng ngh\u1ec7 l\u1ecdc ti\u00ean ti\u1ebfn, m\u00e1y \u0111\u1ea3m b\u1ea3o lo\u1ea1i b\u1ecf t\u1ea1p ch\u1ea5t, vi khu\u1ea9n, v\u00e0 c\u00e1c kim lo\u1ea1i n\u1eb7ng, mang l\u1ea1i ngu\u1ed3n n\u01b0\u1edbc an to\u00e0n cho s\u1ee9c kh\u1ecfe.<\/p>\n<p><img loading=\"lazy\" decoding=\"async\" class=\"alignnone size-full wp-image-1523 lazy-load-active\" src=\"https:\/\/karofichinhhangvn.vn\/wp-content\/uploads\/2024\/05\/may-loc-nuoc-karofi-S-s038-hoang-uyen-1.jpg\" sizes=\"auto, (max-width: 1500px) 100vw, 1500px\" srcset=\"https:\/\/karofichinhhangvn.vn\/wp-content\/uploads\/2024\/05\/may-loc-nuoc-karofi-S-s038-hoang-uyen-1.jpg 1500w, https:\/\/karofichinhhangvn.vn\/wp-content\/uploads\/2024\/05\/may-loc-nuoc-karofi-S-s038-hoang-uyen-1-300x169.jpg 300w, https:\/\/karofichinhhangvn.vn\/wp-content\/uploads\/2024\/05\/may-loc-nuoc-karofi-S-s038-hoang-uyen-1-1024x575.jpg 1024w, https:\/\/karofichinhhangvn.vn\/wp-content\/uploads\/2024\/05\/may-loc-nuoc-karofi-S-s038-hoang-uyen-1-768x432.jpg 768w, https:\/\/karofichinhhangvn.vn\/wp-content\/uploads\/2024\/05\/may-loc-nuoc-karofi-S-s038-hoang-uyen-1-800x450.jpg 800w\" alt=\"\" width=\"1500\" height=\"843\" data-src=\"https:\/\/karofichinhhangvn.vn\/wp-content\/uploads\/2024\/05\/may-loc-nuoc-karofi-S-s038-hoang-uyen-1.jpg\" data-srcset=\"https:\/\/karofichinhhangvn.vn\/wp-content\/uploads\/2024\/05\/may-loc-nuoc-karofi-S-s038-hoang-uyen-1.jpg 1500w, https:\/\/karofichinhhangvn.vn\/wp-content\/uploads\/2024\/05\/may-loc-nuoc-karofi-S-s038-hoang-uyen-1-300x169.jpg 300w, https:\/\/karofichinhhangvn.vn\/wp-content\/uploads\/2024\/05\/may-loc-nuoc-karofi-S-s038-hoang-uyen-1-1024x575.jpg 1024w, https:\/\/karofichinhhangvn.vn\/wp-content\/uploads\/2024\/05\/may-loc-nuoc-karofi-S-s038-hoang-uyen-1-768x432.jpg 768w, https:\/\/karofichinhhangvn.vn\/wp-content\/uploads\/2024\/05\/may-loc-nuoc-karofi-S-s038-hoang-uyen-1-800x450.jpg 800w\" \/><\/p>\n<h4>C\u00f4ng Ngh\u1ec7 L\u1ecdc Smax Hi\u1ec7n \u0110\u1ea1i<\/h4>\n<ul>\n<li><strong>L\u00f5i Smax Duo 1:<\/strong>\u00a0Lo\u1ea1i b\u1ecf c\u00e1c c\u1eb7n b\u1ea9n k\u00edch th\u01b0\u1edbc tr\u00ean 5 micron.<\/li>\n<li><strong>L\u00f5i Smax Duo 2:<\/strong>\u00a0Lo\u1ea1i b\u1ecf ch\u1ea5t h\u1eefu c\u01a1 v\u00e0 m\u00f9i Clo kh\u00f3 ch\u1ecbu.<\/li>\n<li><strong>L\u00f5i Smax Duo 3:<\/strong>\u00a0Lo\u1ea1i b\u1ecf c\u1eb7n b\u00e3, ch\u1ea5t b\u1ea9n c\u00f3 k\u00edch th\u01b0\u1edbc tr\u00ean 1 micron.<\/li>\n<li><strong>M\u00e0ng RO:<\/strong>\u00a0Lo\u1ea1i b\u1ecf 99.99% t\u1ea1p ch\u1ea5t, virus, vi khu\u1ea9n.<\/li>\n<li><strong>L\u00f5i Smax Nano:<\/strong>\u00a0B\u1ed5 sung kho\u00e1ng ch\u1ea5t, \u1ed5n \u0111\u1ecbnh v\u1ecb ng\u1ecdt t\u1ef1 nhi\u00ean c\u1ee7a n\u01b0\u1edbc.<\/li>\n<\/ul>\n<h3>B\u1ea3ng Th\u00f4ng Tin L\u00f5i L\u1ecdc M\u00e1y L\u1ecdc N\u01b0\u1edbc Karofi Slim S-S038<\/h3>\n<table>\n<thead>\n<tr>\n<th>STT<\/th>\n<th>T\u00ean L\u00f5i<\/th>\n<th>C\u1ea5u T\u1ea1o<\/th>\n<th>Ch\u1ee9c N\u0103ng<\/th>\n<th>Th\u1eddi Gian Thay Th\u1ebf<\/th>\n<\/tr>\n<\/thead>\n<tbody>\n<tr>\n<td>1<\/td>\n<td>Smax Duo 1<\/td>\n<td>Vi l\u1ecdc<\/td>\n<td>Lo\u1ea1i b\u1ecf c\u1eb7n b\u1ea9n &gt; 5 micron v\u00e0 rong r\u00eau<\/td>\n<td>12 th\u00e1ng<\/td>\n<\/tr>\n<tr>\n<td>2<\/td>\n<td>Smax Duo 2<\/td>\n<td>Post Carbon<\/td>\n<td>Lo\u1ea1i b\u1ecf ch\u1ea5t h\u1eefu c\u01a1, m\u00f9i Clo, b\u1ea3o v\u1ec7 m\u00e0ng RO<\/td>\n<td>12 th\u00e1ng<\/td>\n<\/tr>\n<tr>\n<td>3<\/td>\n<td>Smax Duo 3<\/td>\n<td>Vi l\u1ecdc \u0111a \u0111i\u1ec3m<\/td>\n<td>Lo\u1ea1i b\u1ecf c\u1eb7n b\u00e3 &gt; 1 micron, ch\u1ea5t b\u1ea9n, c\u00e1t, s\u1ea1n, b\u00f9n, t\u1ea3o r\u00eau<\/td>\n<td>12 th\u00e1ng<\/td>\n<\/tr>\n<tr>\n<td>4<\/td>\n<td>RO<\/td>\n<td>M\u00e0ng RO<\/td>\n<td>Lo\u1ea1i b\u1ecf 99.99% t\u1ea1p ch\u1ea5t, Asen, kim lo\u1ea1i n\u1eb7ng, virus, vi khu\u1ea9n<\/td>\n<td>36 th\u00e1ng<\/td>\n<\/tr>\n<tr>\n<td>5<\/td>\n<td>T33-GAC<\/td>\n<td>Smax Nano<\/td>\n<td>X\u1eed l\u00fd m\u00f9i kh\u00f3 ch\u1ecbu, ch\u1ea5t h\u1eefu c\u01a1, \u1ed5n \u0111\u1ecbnh v\u1ecb ng\u1ecdt t\u1ef1 nhi\u00ean<\/td>\n<td>12 th\u00e1ng<\/td>\n<\/tr>\n<tr>\n<td>6<\/td>\n<td>Mineral<\/td>\n<td>Smax Nano<\/td>\n<td>B\u1ed5 sung kho\u00e1ng ch\u1ea5t, n\u00e2ng cao pH, trung ho\u00e0 axit d\u01b0<\/td>\n<td>12 th\u00e1ng<\/td>\n<\/tr>\n<tr>\n<td>7<\/td>\n<td>Far Infrared<\/td>\n<td>Smax Nano<\/td>\n<td>Chia nh\u1ecf ph\u00e2n t\u1eed n\u01b0\u1edbc, gi\u00fap c\u01a1 th\u1ec3 d\u1ec5 d\u00e0ng h\u1ea5p th\u1ee5<\/td>\n<td>12 th\u00e1ng<\/td>\n<\/tr>\n<tr>\n<td>8<\/td>\n<td>NanoSilver<\/td>\n<td>Smax Nano<\/td>\n<td>Ti\u00eau di\u1ec7t vi khu\u1ea9n, ch\u1ed1ng t\u00e1i nhi\u1ec5m khu\u1ea9n sau khi n\u01b0\u1edbc qua m\u00e0ng RO<\/td>\n<td>12 th\u00e1ng<\/td>\n<\/tr>\n<\/tbody>\n<\/table>\n<p>M\u00e1y l\u1ecdc n\u01b0\u1edbc Karofi Slim S-S038 l\u00e0 l\u1ef1a ch\u1ecdn l\u00fd t\u01b0\u1edfng cho gia \u0111\u00ecnh b\u1ea1n, v\u1edbi h\u1ec7 th\u1ed1ng l\u1ecdc ti\u00ean ti\u1ebfn gi\u00fap \u0111\u1ea3m b\u1ea3o ngu\u1ed3n n\u01b0\u1edbc tinh khi\u1ebft v\u00e0 an to\u00e0n cho s\u1ee9c kh\u1ecfe.<\/p>\n<h3>Thi\u1ebft K\u1ebf Ti\u1ec7n D\u1ee5ng<\/h3>\n<p>V\u1edbi thi\u1ebft k\u1ebf nh\u1ecf g\u1ecdn, Karofi Slim S-S038 d\u1ec5 d\u00e0ng l\u1eafp \u0111\u1eb7t trong m\u1ecdi kh\u00f4ng gian s\u1ed1ng, t\u1eeb ph\u00f2ng b\u1ebfp \u0111\u1ebfn v\u0103n ph\u00f2ng l\u00e0m vi\u1ec7c. H\u1ec7 th\u1ed1ng c\u1ea3nh b\u00e1o th\u00f4ng minh gi\u00fap ng\u01b0\u1eddi d\u00f9ng d\u1ec5 d\u00e0ng ki\u1ec3m so\u00e1t v\u00e0 b\u1ea3o tr\u00ec m\u00e1y.<\/p>\n<p><img loading=\"lazy\" decoding=\"async\" class=\"alignnone size-full wp-image-1525 lazy-load-active\" src=\"https:\/\/karofichinhhangvn.vn\/wp-content\/uploads\/2024\/05\/may-loc-nuoc-karofi-S-s038-hoang-uyen-2.jpg\" sizes=\"auto, (max-width: 750px) 100vw, 750px\" srcset=\"https:\/\/karofichinhhangvn.vn\/wp-content\/uploads\/2024\/05\/may-loc-nuoc-karofi-S-s038-hoang-uyen-2.jpg 750w, https:\/\/karofichinhhangvn.vn\/wp-content\/uploads\/2024\/05\/may-loc-nuoc-karofi-S-s038-hoang-uyen-2-300x169.jpg 300w\" alt=\"\" width=\"750\" height=\"422\" data-src=\"https:\/\/karofichinhhangvn.vn\/wp-content\/uploads\/2024\/05\/may-loc-nuoc-karofi-S-s038-hoang-uyen-2.jpg\" data-srcset=\"https:\/\/karofichinhhangvn.vn\/wp-content\/uploads\/2024\/05\/may-loc-nuoc-karofi-S-s038-hoang-uyen-2.jpg 750w, https:\/\/karofichinhhangvn.vn\/wp-content\/uploads\/2024\/05\/may-loc-nuoc-karofi-S-s038-hoang-uyen-2-300x169.jpg 300w\" \/><\/p>\n<p><strong>Ti\u1ec7n \u00cdch:<\/strong><\/p>\n<p>Karofi Slim S-S038 kh\u00f4ng ch\u1ec9 \u0111\u1ea3m b\u1ea3o ngu\u1ed3n n\u01b0\u1edbc s\u1ea1ch m\u00e0 c\u00f2n ti\u1ebft ki\u1ec7m chi ph\u00ed, th\u1eddi gian v\u00e0 c\u00f4ng s\u1ee9c cho ng\u01b0\u1eddi s\u1eed d\u1ee5ng.<\/p>\n<ul>\n<li><strong>B\u1ea3o h\u00e0nh:<\/strong>\u00a0B\u1ea3o h\u00e0nh \u0111\u1ebfn 36 th\u00e1ng, mang l\u1ea1i s\u1ef1 an t\u00e2m khi s\u1eed d\u1ee5ng.<\/li>\n<\/ul>\n<p><img loading=\"lazy\" decoding=\"async\" class=\"alignnone size-full wp-image-1489 lazy-load-active\" src=\"https:\/\/karofichinhhangvn.vn\/wp-content\/uploads\/2024\/05\/may-loc-nuoc-karofi-kad-x39-hoang-uyen-5.jpg\" sizes=\"auto, (max-width: 1921px) 100vw, 1921px\" srcset=\"https:\/\/karofichinhhangvn.vn\/wp-content\/uploads\/2024\/05\/may-loc-nuoc-karofi-kad-x39-hoang-uyen-5.jpg 1921w, https:\/\/karofichinhhangvn.vn\/wp-content\/uploads\/2024\/05\/may-loc-nuoc-karofi-kad-x39-hoang-uyen-5-300x169.jpg 300w, https:\/\/karofichinhhangvn.vn\/wp-content\/uploads\/2024\/05\/may-loc-nuoc-karofi-kad-x39-hoang-uyen-5-1024x576.jpg 1024w, https:\/\/karofichinhhangvn.vn\/wp-content\/uploads\/2024\/05\/may-loc-nuoc-karofi-kad-x39-hoang-uyen-5-768x432.jpg 768w, https:\/\/karofichinhhangvn.vn\/wp-content\/uploads\/2024\/05\/may-loc-nuoc-karofi-kad-x39-hoang-uyen-5-1536x864.jpg 1536w, https:\/\/karofichinhhangvn.vn\/wp-content\/uploads\/2024\/05\/may-loc-nuoc-karofi-kad-x39-hoang-uyen-5-800x450.jpg 800w\" alt=\"\" width=\"1921\" height=\"1081\" data-src=\"https:\/\/karofichinhhangvn.vn\/wp-content\/uploads\/2024\/05\/may-loc-nuoc-karofi-kad-x39-hoang-uyen-5.jpg\" data-srcset=\"https:\/\/karofichinhhangvn.vn\/wp-content\/uploads\/2024\/05\/may-loc-nuoc-karofi-kad-x39-hoang-uyen-5.jpg 1921w, https:\/\/karofichinhhangvn.vn\/wp-content\/uploads\/2024\/05\/may-loc-nuoc-karofi-kad-x39-hoang-uyen-5-300x169.jpg 300w, https:\/\/karofichinhhangvn.vn\/wp-content\/uploads\/2024\/05\/may-loc-nuoc-karofi-kad-x39-hoang-uyen-5-1024x576.jpg 1024w, https:\/\/karofichinhhangvn.vn\/wp-content\/uploads\/2024\/05\/may-loc-nuoc-karofi-kad-x39-hoang-uyen-5-768x432.jpg 768w, https:\/\/karofichinhhangvn.vn\/wp-content\/uploads\/2024\/05\/may-loc-nuoc-karofi-kad-x39-hoang-uyen-5-1536x864.jpg 1536w, https:\/\/karofichinhhangvn.vn\/wp-content\/uploads\/2024\/05\/may-loc-nuoc-karofi-kad-x39-hoang-uyen-5-800x450.jpg 800w\" \/><\/p>\n<\/div>\n<\/div>\n<\/div>\n<\/div>\n<\/div>\n<\/div>\n<\/div>\n<\/div>\n","protected":false},"excerpt":{"rendered":"<ul>\n<li>M\u00e1y l\u1ecdc n\u01b0\u1edbc kh\u00f4ng t\u1ee7 si\u00eau m\u1ecfng g\u1ecdn.<\/li>\n<li>8 l\u00f5i l\u1ecdc \u01b0u vi\u1ec7t\u00a0(3 L\u00f5i l\u1ecdc th\u00f4, m\u00e0ng RO thay nhanh H\u00e0n Qu\u1ed1c, 4 L\u00f5i l\u1ecdc ch\u1ee9c n\u0103ng).<\/li>\n<li>Lo\u1ea1i b\u1ecf 99,99% ch\u1ea5t \u00f4 nhi\u1ec5m c\u00f3 trong n\u01b0\u1edbc.<\/li>\n<li>G\u1ea5p \u0111\u00f4i c\u00f4ng su\u1ea5t l\u1ecdc.<\/li>\n<li>B\u1ea3o h\u00e0nh: 36 Th\u00e1ng.<\/li>\n<\/ul>\n","protected":false},"featured_media":3664,"comment_status":"open","ping_status":"closed","template":"","meta":[],"product_brand":[],"product_cat":[83,108],"product_tag":[],"class_list":{"0":"post-3663","1":"product","2":"type-product","3":"status-publish","4":"has-post-thumbnail","6":"product_cat-may-loc-nuoc","7":"product_cat-karofi","9":"first","10":"instock","11":"shipping-taxable","12":"product-type-simple"},"_links":{"self":[{"href":"https:\/\/nhadepbepxinh.com.vn\/index.php?rest_route=\/wp\/v2\/product\/3663","targetHints":{"allow":["GET"]}}],"collection":[{"href":"https:\/\/nhadepbepxinh.com.vn\/index.php?rest_route=\/wp\/v2\/product"}],"about":[{"href":"https:\/\/nhadepbepxinh.com.vn\/index.php?rest_route=\/wp\/v2\/types\/product"}],"replies":[{"embeddable":true,"href":"https:\/\/nhadepbepxinh.com.vn\/index.php?rest_route=%2Fwp%2Fv2%2Fcomments&post=3663"}],"wp:featuredmedia":[{"embeddable":true,"href":"https:\/\/nhadepbepxinh.com.vn\/index.php?rest_route=\/wp\/v2\/media\/3664"}],"wp:attachment":[{"href":"https:\/\/nhadepbepxinh.com.vn\/index.php?rest_route=%2Fwp%2Fv2%2Fmedia&parent=3663"}],"wp:term":[{"taxonomy":"product_brand","embeddable":true,"href":"https:\/\/nhadepbepxinh.com.vn\/index.php?rest_route=%2Fwp%2Fv2%2Fproduct_brand&post=3663"},{"taxonomy":"product_cat","embeddable":true,"href":"https:\/\/nhadepbepxinh.com.vn\/index.php?rest_route=%2Fwp%2Fv2%2Fproduct_cat&post=3663"},{"taxonomy":"product_tag","embeddable":true,"href":"https:\/\/nhadepbepxinh.com.vn\/index.php?rest_route=%2Fwp%2Fv2%2Fproduct_tag&post=3663"}],"curies":[{"name":"wp","href":"https:\/\/api.w.org\/{rel}","templated":true}]}}