{"id":3293,"date":"2025-04-01T11:46:01","date_gmt":"2025-04-01T04:46:01","guid":{"rendered":"https:\/\/nhadepbepxinh.com.vn\/?post_type=product&#038;p=3293"},"modified":"2025-04-01T14:45:17","modified_gmt":"2025-04-01T07:45:17","slug":"vien-rua-bat-finish-quantum","status":"publish","type":"product","link":"https:\/\/nhadepbepxinh.com.vn\/?product=vien-rua-bat-finish-quantum","title":{"rendered":"VI\u00caN R\u1eecA B\u00c1T FINISH QUANTUM"},"content":{"rendered":"<h3 id=\"gioi-thieu-vien-rua-bat-finish-quantum-64-vien\"><strong>Gi\u1edbi thi\u1ec7u vi\u00ean r\u1eeda b\u00e1t Finish Quantum 64 vi\u00ean<\/strong><\/h3>\n<p>Vi\u00ean r\u1eeda b\u00e1t Finish Quantum 64 vi\u00ean l\u00e0 m\u1ed9t trong nh\u1eefng s\u1ea3n ph\u1ea9m ch\u1ea5t l\u01b0\u1ee3ng cao c\u1ee7a Finish. \u0110\u01b0\u1ee3c thi\u1ebft k\u1ebf t\u00edch h\u1ee3p v\u1edbi 13 ch\u1ee9c n\u0103ng trong 1 vi\u00ean s\u1ea3n ph\u1ea9m \u0111\u1ec3 cung c\u1ea5p hi\u1ec7u qu\u1ea3 t\u1ed1i \u0111a trong qu\u00e1 tr\u00ecnh r\u1eeda. Finish Quantum s\u1eed d\u1ee5ng c\u00f4ng ngh\u1ec7 hi\u1ec7n \u0111\u1ea1i gi\u00fap tan nhanh v\u00e0 ho\u00e0n to\u00e0n trong qu\u00e1 tr\u00ecnh r\u1eeda, ng\u0103n ng\u1eeba hi\u1ec7n t\u01b0\u1ee3ng b\u00e1m c\u1eb7n tr\u00ean \u0111\u1ed3 d\u00f9ng.<\/p>\n<p>Vi\u00ean r\u1eeda b\u00e1t Finish Quantum 64 vi\u00ean l\u00e0 s\u1ef1 l\u1ef1a ch\u1ecdn l\u00fd t\u01b0\u1edfng cho gia \u0111\u00ecnh b\u1ea1n n\u1ebfu b\u1ea1n \u0111ang t\u00ecm ki\u1ebfm m\u1ed9t s\u1ea3n ph\u1ea9m c\u00f3 hi\u1ec7u qu\u1ea3 cao v\u00e0 \u0111\u00e1ng tin c\u1eady \u0111\u1ec3 gi\u00fap b\u1ea3o v\u1ec7 v\u00e0 l\u00e0m s\u1ea1ch c\u00e1c \u0111\u1ed3 d\u00f9ng m\u1ed9t c\u00e1ch hi\u1ec7u qu\u1ea3 trong m\u00e1y r\u1eeda b\u00e1t.<\/p>\n<h3 id=\"cong-dung-va-chuc-nang-vien-rua-bat-finish-quantum-64-vien\"><strong>C\u00f4ng d\u1ee5ng v\u00e0 ch\u1ee9c n\u0103ng vi\u00ean r\u1eeda b\u00e1t Finish Quantum 64 vi\u00ean<\/strong><\/h3>\n<p>Vi\u00ean r\u1eeda b\u00e1t Finish Quantum 64 vi\u00ean \u0111\u00e1nh bay t\u1ea5t c\u1ea3 nh\u1eefng v\u1ebft b\u1ea9n c\u1ee9ng \u0111\u1ea7u,d\u1ea7u m\u1ee1 l\u00e2u ng\u00e0y, b\u1ea3o v\u1ec7 cho b\u00e1t \u0111\u0129a v\u00e0 c\u00e1c \u0111\u1ed3 d\u00f9ng sau khi r\u1eeda lu\u00f4n s\u00e1ng b\u00f3ng,th\u01a1m tho v\u00e0 n\u1ed7i lo c\u1ee7a ch\u1ecb em khi v\u00e0o b\u1ebfp s\u1ebd tr\u1edf th\u00e0nh c\u1ea3m h\u1ee9ng,ni\u1ec1m vui trong cu\u1ed9c s\u1ed1ng, v\u1edbi c\u00e1c c\u00f4ng d\u1ee5ng c\u1ee7a vi\u00ean r\u1eeda ch\u00e9n Finish Quantum:<\/p>\n<div class=\"image-center\">\n<figure class=\"image-captioned\"><figcaption><em>B\u1ea3ng hi\u1ec7u qu\u1ea3 l\u00e0m s\u1ea1ch<\/em><\/figcaption><\/figure>\n<\/div>\n<ul>\n<li aria-level=\"1\">L\u00e0m s\u1ea1ch v\u01b0\u1ee3t tr\u1ed9i: 3 \u0111i\u1ec3m<\/li>\n<li aria-level=\"1\">S\u00e1ng b\u00f3ng ho\u00e0n h\u1ea3o: 3 \u0111i\u1ec3m<\/li>\n<li aria-level=\"1\">L\u00e0m s\u1ea1ch v\u1ebft b\u1ea9n kh\u00f4 c\u1ee9ng 48 ti\u1ebfng: 2 \u0111i\u1ec3m<\/li>\n<li aria-level=\"1\">\u0110\u00e1nh bay d\u1ea7u m\u1ee1<\/li>\n<li aria-level=\"1\">B\u1ecf qua r\u1eeda tr\u01b0\u1edbc<\/li>\n<li aria-level=\"1\">Kh\u00f4ng c\u00f3 v\u1ecf b\u1ecdc nilong t\u1eebng vi\u00ean r\u1eeda<\/li>\n<li aria-level=\"1\">H\u00f2a tan nhanh ch\u00f3ng<\/li>\n<li aria-level=\"1\">\u00cdt l\u01b0\u1ee3ng h\u00f3a ch\u1ea5t<\/li>\n<\/ul>\n<p>Ngo\u00e0i ra vi\u00ean r\u1eeda b\u00e1t Finish Quantum 64 vi\u00ean c\u0169ng ti\u1ebft ki\u1ec7m chi ph\u00ed cho ng\u01b0\u1eddi d\u00f9ng h\u01a1n nhi\u1ec1u so v\u1edbi c\u00e1ch d\u00f9ng r\u1eeda truy\u1ec1n th\u1ed1ng. V\u1edbi s\u1ef1 k\u1ebft h\u1ee3p 3 ch\u1ee9c n\u0103ng ch\u00ednh trong m\u1ed9t vi\u00ean duy nh\u1ea5t: r\u1eeda s\u1ea1ch, t\u1ea9y b\u1ee5i v\u00e0 b\u1ea3o v\u1ec7 ch\u1ed1ng l\u1ea1i v\u1ebft c\u1eb7n b\u00e1m.<\/p>\n<h3 id=\"thanh-phan-cua-vien-rua-bat-finish-quantum-64-vien\"><strong>Th\u00e0nh ph\u1ea7n c\u1ee7a vi\u00ean r\u1eeda b\u00e1t Finish Quantum 64 vi\u00ean<\/strong><\/h3>\n<p>Vi\u00ean r\u1eeda ch\u00e9n Finish Quantum 64 vi\u00ean \u0111\u00e1p \u1ee9ng ti\u00eau chu\u1ea9n Ch\u00e2u \u00c2u kh\u00f4ng g\u00e2y \u0111\u1ed9c h\u1ea1i, d\u1ecb \u1ee9ng, \u0111\u1ea3m b\u1ea3o an to\u00e0n s\u1ee9c kho\u1ebb, th\u00e2n thi\u1ec7n v\u1edbi m\u00f4i tr\u01b0\u1eddng. C\u00e1c th\u00e0nh ph\u1ea7n ch\u00ednh c\u00f3 trong vi\u00ean r\u1eeda b\u00e1t Finish Quantum 64 vi\u00ean bao g\u1ed3m:<\/p>\n<ul>\n<li aria-level=\"1\">5-15% oxy-based t\u1ea9y tr\u1eafng.<\/li>\n<li aria-level=\"1\">&lt;5% Phosphonate.<\/li>\n<li aria-level=\"1\">Ch\u1ee9a c\u00e1c enzym ho\u1ea1t t\u00ednh (v\u00ed d\u1ee5 nh\u01b0 subtilisin, amylase).<\/li>\n<li aria-level=\"1\">&lt; 5% ch\u1ea5t ho\u1ea1t \u0111\u1ed9ng b\u1ec1 m\u1eb7t kh\u00f4ng ion<\/li>\n<li aria-level=\"1\">&lt; 5% Polycarboxylates<\/li>\n<\/ul>\n<h3 id=\"tinh-nang-vuot-troi-cua-vien-rua-bat-finish-quantum-64-vien\"><strong>T\u00ednh n\u0103ng v\u01b0\u1ee3t tr\u1ed9i c\u1ee7a vi\u00ean r\u1eeda b\u00e1t Finish Quantum 64 vi\u00ean<\/strong><\/h3>\n<p>Vi\u00ean r\u1eeda b\u00e1t Finish Quantum 64 vi\u00ean mang \u0111\u1ebfn cho ng\u01b0\u1eddi d\u00f9ng tr\u1ea3i nghi\u1ec7m tuy\u1ec7t v\u1eddi qua c\u00e1c t\u00ednh n\u0103ng v\u01b0\u1ee3t tr\u1ed9i \u0111\u01b0\u1ee3c t\u00edch h\u1ee3p trong m\u1ed9t vi\u00ean nh\u01b0:<\/p>\n<ul>\n<li aria-level=\"1\">C\u00e1c ho\u1ea1t ch\u1ea5t an to\u00e0n l\u00e0nh t\u00ednh, \u0111\u1ea1t ti\u00eau chu\u1ea9n Ch\u00e2u \u00c2u th\u00e2n thi\u1ec7n v\u1edbi ng\u01b0\u1eddi d\u00f9ng<\/li>\n<\/ul>\n<ul>\n<li aria-level=\"1\">Kh\u1ea3 n\u0103ng h\u00f2a tan nhanh ch\u00f3ng v\u00e0 ho\u00e0n to\u00e0n trong n\u01b0\u1edbc, gi\u00fap kh\u00f4ng g\u00e2y l\u1eafng \u0111\u1ecdng ho\u1ea1t ch\u1ea5t tr\u00ean b\u00e1t \u0111\u0129a<\/li>\n<li aria-level=\"1\">B\u00e1t \u0111\u0129a c\u00f3 h\u01b0\u01a1ng th\u01a1m d\u1ecbu nh\u1eb9, th\u01a1m m\u00e1t sau qu\u00e1 tr\u00ecnh r\u1eeda<\/li>\n<li aria-level=\"1\">Kh\u1ea3 n\u0103ng lo\u1ea1i b\u1ecf c\u1eb7n v\u00f4i nh\u1edd l\u01b0\u1ee3ng mu\u1ed1i c\u00f3 s\u1eb5n trong m\u1ed7i vi\u00ean r\u1eeda<\/li>\n<li aria-level=\"1\">Ti\u1ebft ki\u1ec7m th\u1eddi gian, chi ph\u00ed, b\u1ea3o v\u1ec7 b\u00e1t \u0111\u0129a c\u00f9ng m\u1ed9t l\u00fac, kh\u00f4ng c\u1ea7n d\u00f9ng n\u01b0\u1edbc s\u1ea1ch \u0111\u1ec3 tr\u00e1ng l\u1ea1i sau khi s\u1eed d\u1ee5ng<\/li>\n<li aria-level=\"1\">S\u1eed d\u1ee5ng \u0111\u01b0\u1ee3c cho \u0111a d\u1ea1ng c\u00e1c d\u00f2ng m\u00e1y nh\u01b0 Electrolux, Candy, Galanz, Bosch, Panasonic, Beko, Gorenje, Siemens, Smeg, Gaggenau, Aeg, Haier, Samsung, Zanussi,\u2026<\/li>\n<\/ul>\n<h3 id=\"cach-su-dung-vien-rua-bat-finish-quantum-64-vien\"><strong>C\u00e1ch s\u1eed d\u1ee5ng vi\u00ean r\u1eeda b\u00e1t Finish Quantum 64 vi\u00ean<\/strong><\/h3>\n<ul>\n<li aria-level=\"1\">B\u01b0\u1edbc 1: S\u1eafp x\u1ebfp c\u00e1c v\u1eadt d\u1ee5ng c\u1ea7n r\u1eeda theo \u0111\u00fang gi\u00e0n. Sau \u0111\u00f3 m\u1edf n\u1eafp khay ch\u1ee9a vi\u00ean r\u1eeda b\u00ean trong m\u00e1y r\u1eeda b\u00e1t<\/li>\n<li aria-level=\"1\">B\u01b0\u1edbc 2: L\u1ea5y ra m\u1ed9t vi\u00ean r\u1eeda b\u00e1t \u0111\u1eb7t v\u00e0o khay ch\u1ee9a vi\u00ean r\u1eeda (Kh\u00f4ng ph\u1ea3i x\u00e9 l\u1edbp b\u00f3ng b\u1ea3o v\u1ec7)<\/li>\n<li aria-level=\"1\">B\u01b0\u1edbc 3: \u0110\u00f3ng n\u1eafp khay ch\u1ee9a l\u1ea1i<\/li>\n<li aria-level=\"1\">B\u01b0\u1edbc 4: Ch\u1ecdn ch\u01b0\u01a1ng tr\u00ecnh r\u1eeda ph\u00f9 h\u1ee3p r\u1ed3i \u1ea5n kh\u1edfi \u0111\u1ed9ng m\u00e1y nh\u01b0 b\u00ecnh th\u01b0\u1eddng.<\/li>\n<\/ul>\n","protected":false},"excerpt":{"rendered":"<ul>\n<li aria-level=\"1\"><strong>T\u00ean s\u1ea3n ph\u1ea9m:\u00a0<\/strong>\u00a0Vi\u00ean r\u1eeda b\u00e1t Finish Quantum 64 vi\u00ean<\/li>\n<li aria-level=\"1\"><strong>Th\u01b0\u01a1ng hi\u1ec7u:\u00a0<\/strong>Finish<\/li>\n<li aria-level=\"1\"><strong>Tr\u1ecdng l\u01b0\u1ee3ng:<\/strong>\u00a0665,6g<\/li>\n<li aria-level=\"1\"><strong>Xu\u1ea5t x\u1ee9:<\/strong>\u00a0Ba Lan<\/li>\n<li><strong>Th\u1eddi gian s\u1eed d\u1ee5ng t\u1ed1t nh\u1ea5t:<\/strong>\u00a02 n\u0103m<\/li>\n<\/ul>\n","protected":false},"featured_media":3294,"comment_status":"open","ping_status":"closed","template":"","meta":[],"product_brand":[],"product_cat":[88,97],"product_tag":[],"class_list":{"0":"post-3293","1":"product","2":"type-product","3":"status-publish","4":"has-post-thumbnail","6":"product_cat-chat-tay-rua","7":"product_cat-finish","9":"first","10":"instock","11":"shipping-taxable","12":"product-type-simple"},"_links":{"self":[{"href":"https:\/\/nhadepbepxinh.com.vn\/index.php?rest_route=\/wp\/v2\/product\/3293","targetHints":{"allow":["GET"]}}],"collection":[{"href":"https:\/\/nhadepbepxinh.com.vn\/index.php?rest_route=\/wp\/v2\/product"}],"about":[{"href":"https:\/\/nhadepbepxinh.com.vn\/index.php?rest_route=\/wp\/v2\/types\/product"}],"replies":[{"embeddable":true,"href":"https:\/\/nhadepbepxinh.com.vn\/index.php?rest_route=%2Fwp%2Fv2%2Fcomments&post=3293"}],"wp:featuredmedia":[{"embeddable":true,"href":"https:\/\/nhadepbepxinh.com.vn\/index.php?rest_route=\/wp\/v2\/media\/3294"}],"wp:attachment":[{"href":"https:\/\/nhadepbepxinh.com.vn\/index.php?rest_route=%2Fwp%2Fv2%2Fmedia&parent=3293"}],"wp:term":[{"taxonomy":"product_brand","embeddable":true,"href":"https:\/\/nhadepbepxinh.com.vn\/index.php?rest_route=%2Fwp%2Fv2%2Fproduct_brand&post=3293"},{"taxonomy":"product_cat","embeddable":true,"href":"https:\/\/nhadepbepxinh.com.vn\/index.php?rest_route=%2Fwp%2Fv2%2Fproduct_cat&post=3293"},{"taxonomy":"product_tag","embeddable":true,"href":"https:\/\/nhadepbepxinh.com.vn\/index.php?rest_route=%2Fwp%2Fv2%2Fproduct_tag&post=3293"}],"curies":[{"name":"wp","href":"https:\/\/api.w.org\/{rel}","templated":true}]}}