{"id":3277,"date":"2025-04-01T11:30:42","date_gmt":"2025-04-01T04:30:42","guid":{"rendered":"https:\/\/nhadepbepxinh.com.vn\/?post_type=product&#038;p=3277"},"modified":"2025-04-01T14:46:06","modified_gmt":"2025-04-01T07:46:06","slug":"bot-rua-bat-finish-1-2kg-huong-chanh","status":"publish","type":"product","link":"https:\/\/nhadepbepxinh.com.vn\/?product=bot-rua-bat-finish-1-2kg-huong-chanh","title":{"rendered":"B\u00d4\u0323T R\u01af\u0309A BA\u0301T FINISH 1.2Kg H\u01af\u01a0NG CHANH"},"content":{"rendered":"<h2><strong>1.\u00a0B\u1ed8T R\u1eecA B\u00c1T FINISH\u00a01.2 KG H\u01af\u01a0NG CHANH<\/strong><\/h2>\n<p>Finish l\u00e0 th\u01b0\u01a1ng hi\u1ec7u ch\u1ea5t t\u1ea9y r\u1eeda chuy\u00ean d\u1ee5ng cho m\u00e1y r\u1eeda b\u00e1t\u00a0thu\u1ed9c t\u1eadp \u0111o\u00e0n\u00a0Reckitt Benckiser. V\u1edbi l\u1ecbch s\u1eed ho\u1ea1t \u0111\u1ed9ng\u00a0l\u00e2u n\u0103m tr\u00ean c\u00e1c th\u1ecb tr\u01b0\u1eddng ch\u00e2u \u00c2u, gi\u1edd \u0111\u00e2y Finish \u0111ang l\u1ea5n d\u1ea7n sang ch\u00e2u \u00c1. Nhanh ch\u00f3ng th\u00edch nghi, c\u00e1c s\u1ea3n ph\u1ea9m c\u1ee7a Finish nh\u1eadn \u0111\u01b0\u1ee3c s\u1ef1 \u1ee7ng h\u1ed9 v\u00e0 tin t\u01b0\u1edfng c\u1ee7a c\u00e1c b\u00e0 n\u1ed9i tr\u1ee3 Vi\u1ec7t. Finish c\u00e0ng kh\u1eb3ng \u0111\u1ecbnh \u0111\u01b0\u1ee3c v\u1ecb tr\u00ed th\u1ed1ng tr\u1ecb c\u1ee7a m\u00ecnh tr\u00ean th\u1ecb tr\u01b0\u1eddng s\u1ea3n ph\u1ea9m r\u1eeda b\u00e1t.<\/p>\n<p>\u0110\u00e3 bao gi\u1edd b\u1ea1n t\u1ef1 h\u1ecfi t\u1ea1i sao m\u00e1y r\u1eeda b\u00e1t c\u1ee7a gia \u0111\u00ecnh r\u1ea5t ch\u1ea5t l\u01b0\u1ee3ng nh\u01b0ng b\u00e1t \u0111\u0129a v\u1eabn kh\u00f4ng \u0111\u01b0\u1ee3c l\u00e0m s\u1ea1ch hi\u1ec7u qu\u1ea3 ch\u01b0a?\u00a0M\u1ed9t trong nh\u1eefng nguy\u00ean nh\u00e2n ch\u00ednh d\u1eabn \u0111\u1ebfn t\u00ecnh tr\u1ea1ng n\u00e0y\u00a0l\u00e0 vi\u1ec7c s\u1eed d\u1ee5ng ch\u1ea5t t\u1ea9y r\u1eeda k\u00e9m ch\u1ea5t l\u01b0\u1ee3ng.<\/p>\n<p>Finish Vi\u1ec7t Nam\u00a0gi\u1edbi thi\u1ec7u\u00a0B\u1ed9t r\u1eeda b\u00e1t Finish 1.2kg h\u01b0\u01a1ng Chanh. S\u1eed d\u1ee5ng c\u00e1c th\u00e0nh ph\u1ea7n h\u00f3a h\u1ecdc,\u00a0b\u1ed9t r\u1eeda b\u00e1t\u00a0t\u1ef1 \u0111\u1ed9ng tan trong n\u01b0\u1edbc l\u00e0m s\u1ea1ch b\u00e1t \u0111\u0129a hi\u1ec7u qu\u1ea3 v\u00e0 l\u01b0u l\u1ea1i h\u01b0\u01a1ng th\u01a1m d\u1ec5 ch\u1ecbu.<\/p>\n<h2><strong>2. L\u00dd DO N\u00caN S\u1eec D\u1ee4NG B\u1ed8T R\u1eecA B\u00c1T FINISH 1.2KG H\u01af\u01a0NG CHANH<\/strong><\/h2>\n<ul>\n<li>Di\u1ec7t khu\u1ea9n, l\u00e0m s\u1ea1ch s\u00e2u, lo\u1ea1i b\u1ecf d\u1ea7u m\u1ee1, th\u1ee9c \u0103n th\u1eeba tr\u00ean b\u00e1t \u0111\u0129a. Kh\u00f4ng nh\u1eefng th\u1ebf, s\u1ea3n ph\u1ea9m Finish c\u00f2n di\u1ec7t s\u1ea1ch c\u00e1c v\u1ebft b\u1ea9n kh\u00f4, v\u1ebft ch\u00e1y hay v\u1ebft b\u1ea9n c\u1ee9ng \u0111\u1ea7u nh\u01b0 tr\u00e0 hay c\u00e0 ph\u00ea.<\/li>\n<li>Kh\u1ea3 n\u0103ng h\u00f2a tan nhanh ch\u00f3ng, kh\u00f4ng \u0111\u1ec3 l\u1ea1i t\u00e0n d\u01b0 tr\u00ean v\u1eadt d\u1ee5ng b\u1ebfp v\u00e0 c\u00e1c b\u1ed9 ph\u1eadn c\u1ee7a m\u00e1y.<\/li>\n<li>Ti\u1ebft ki\u1ec7m th\u1eddi gian v\u00e0 chi ph\u00ed.<\/li>\n<li>Thu\u1eadn ti\u1ec7n v\u00e0 d\u1ec5 d\u00e0ng s\u1eed d\u1ee5ng.<\/li>\n<li>Duy tr\u00ec \u0111\u1ed9 tu\u1ed5i cho m\u00e1y m\u00f3c, thi\u1ebft b\u1ecb.<\/li>\n<\/ul>\n<h2><strong>3. CH\u1ee8C N\u0102NG C\u1ee6A\u00a0B\u1ed8T R\u1eecA B\u00c1T FINISH 1.2KG H\u01af\u01a0NG CHANH<\/strong><\/h2>\n<p>B\u1ed9t r\u1eeda b\u00e1t Finish 1.2kg h\u01b0\u01a1ng chanh \u0111\u01b0\u1ee3c d\u00f9ng cho m\u00e1y r\u1eeda ch\u00e9n b\u00e1t v\u1edbi m\u1ee5c \u0111\u00edch l\u00e0m s\u1ea1ch c\u00e1c v\u1ebft b\u1ea9n tr\u00ean b\u00e1t, \u0111\u0129a, xoong n\u1ed3i.<\/p>\n<p><em>Can b\u1ed9t r\u1eeda Finish Classic 1.2kg h\u01b0\u01a1ng chanh\u00a0v\u1edbi 2 t\u00e1c d\u1ee5ng ch\u00ednh:\u00a0<\/em><\/p>\n<p><strong>Pre-Soaking Action:<\/strong>\u00a0Ch\u1ee9c n\u0103ng ng\u00e2m, gi\u00fap b\u1ea1n kh\u00f4ng ph\u1ea3i tr\u00e1ng b\u00e1t \u0111\u0129a tr\u01b0\u1edbc khi \u0111\u01b0a v\u00e0o m\u00e1y.<\/p>\n<p><strong>Powerful Cleaning:<\/strong>\u00a0L\u00e0m s\u1ea1ch hi\u1ec7u qu\u1ea3 s\u1ebd x\u1eed l\u00fd t\u1ea5t c\u1ea3 c\u00e1c v\u1ebft b\u1ea9n th\u1ee9c \u0103n \u201cc\u1ee9ng \u0111\u1ea7u nh\u1ea5t\u201d.<\/p>\n<h2><strong>4. T\u00cdNH N\u0102NG V\u01af\u1ee2T TR\u1ed8I C\u1ee6A B\u1ed8T R\u1eecA B\u00c1T FINISH 1.2KG H\u01af\u01a0NG CHANH<\/strong><\/h2>\n<ul>\n<li>B\u1ed9t r\u1eeda ch\u00e9n Finish Dishwasher Power Powder \u0111\u00e1p \u1ee9ng ti\u00eau chu\u1ea9n Ch\u00e2u \u00c2u, \u0111\u1ea3m b\u1ea3o an to\u00e0n s\u1ee9c kh\u1ecfe, th\u00e2n thi\u1ec7n v\u1edbi m\u00f4i tr\u01b0\u1eddng.<\/li>\n<li>Di\u1ec7t khu\u1ea9n, l\u00e0m s\u1ea1ch s\u00e2u, lo\u1ea1i b\u1ecf d\u1ea7u m\u1ee1, th\u1ee9c \u0103n th\u1eeba tr\u00ean ch\u00e9n \u0111\u0129a v\u00e0 c\u00e1c v\u1ebft b\u1ea9n kh\u00f4, v\u1ebft ch\u00e1y hay v\u1ebft b\u1ea9n c\u1ee9ng \u0111\u1ea7u nh\u01b0 tr\u00e0 hay c\u00e0 ph\u00ea.<\/li>\n<li>H\u00f2a tan nhanh ch\u00f3ng, kh\u00f4ng \u0111\u1ec3 l\u1ea1i d\u01b0 l\u01b0\u1ee3ng tr\u00ean ch\u00e9n \u0111\u0129a v\u00e0 c\u00e1c b\u1ed9 ph\u1eadn c\u1ee7a m\u00e1y.<\/li>\n<li>C\u00f3 th\u1ec3 cho nhi\u1ec1u ho\u1eb7c \u00edt b\u1ed9t t\u00f9y theo s\u1ed1 l\u01b0\u1ee3ng ch\u00e9n \u0111\u0129a nhi\u1ec1u hay \u00edt, ti\u1ebft ki\u1ec7m th\u1eddi gian v\u00e0 chi ph\u00ed.<\/li>\n<li>Thu\u1eadn ti\u1ec7n v\u00e0 d\u1ec5 d\u00e0ng s\u1eed d\u1ee5ng, b\u1ea3o v\u1ec7 m\u00e1y trong qu\u00e1 tr\u00ecnh ho\u1ea1t \u0111\u1ed9ng, cho ch\u00e9n, \u0111\u0129a, d\u1ee5ng c\u1ee5 nh\u00e0 b\u1ebfp lu\u00f4n s\u00e1ng b\u00f3ng.<\/li>\n<\/ul>\n<p>\u0110\u1ec3 c\u00f3 k\u1ebft qu\u1ea3 ho\u00e0n h\u1ea3o, h\u00e3y k\u1ebft h\u1ee3p s\u1eed d\u1ee5ng B\u1ed9t r\u1eeda b\u00e1t Finish c\u00f9ng\u00a0Mu\u1ed1i r\u1eeda ch\u00e9n\u00a0Finish v\u00e0\u00a0N\u01b0\u1edbc l\u00e0m b\u00f3ng ch\u00e9n \u0111\u0129a\u00a0Finish.<\/p>\n<p>S\u1eed d\u1ee5ng \u0111\u01b0\u1ee3c cho \u0111a d\u1ea1ng c\u00e1c d\u00f2ng m\u00e1y nh\u01b0 Electrolux, Candy, Galanz, Bosch, Panasonic, Beko, Gorenje, Siemens, Smeg, Gaggenau, Aeg, Haier, Samsung, Zanussi&#8230;<\/p>\n<h2><strong>5. C\u00c1CH S\u1eec D\u1ee4NG B\u1ed8T R\u1eecA B\u00c1T FINISH\u00a01.2KG H\u01af\u01a0NG CHANH<\/strong><\/h2>\n<ul>\n<li><em>B\u01b0\u1edbc 1:<\/em>\u00a0T\u00ecm v\u1ecb tr\u00ed \u0111\u1ed5 mu\u1ed1i trong m\u00e1y r\u1eeda b\u00e1t. H\u1ed9c ch\u1ee9a mu\u1ed1i r\u1eeda b\u00e1t th\u01b0\u1eddng \u0111\u01b0\u1ee3c \u0111\u1eb7t \u1edf d\u01b0\u1edbi c\u00f9ng c\u1ee7a m\u00e1y r\u1eeda ch\u00e9n b\u00e1t.<\/li>\n<li><em>B\u01b0\u1edbc 2:<\/em>\u00a0M\u1edf n\u1eafp v\u00e0 \u0111\u1ed5 mu\u1ed1i v\u00e0o khoang chuy\u00ean d\u1ee5ng t\u00f9y theo lo\u1ea1i m\u00e1y v\u00e0 k\u00edch th\u01b0\u1edbc m\u00e1y. N\u1ebfu kh\u00f4ng ph\u1ea3i l\u00e0 l\u1ea7n \u0111\u1ea7u s\u1eed d\u1ee5ng cho m\u00e1y m\u1edbi, trong khoang s\u1ebd \u0111\u1ea7y n\u01b0\u1edbc, y\u00ean t\u00e2m, b\u1ea1n v\u1eabn c\u00f3 th\u1ec3 \u0111\u1ed5 mu\u1ed1i v\u00ec n\u00f3 s\u1ebd l\u1eafng xu\u1ed1ng \u0111\u00e1y. Mu\u1ed1i v\u1eabn s\u1ebd \u0111\u01b0\u1ee3c tr\u1ed9n v\u1edbi n\u01b0\u1edbc sau \u0111\u00f3 v\u00ec v\u1eady vi\u1ec7c c\u00f3 s\u1eb5n n\u01b0\u1edbc b\u00ean trong khoang mu\u1ed1i l\u00e0 ho\u00e0n to\u00e0n b\u00ecnh th\u01b0\u1eddng.<\/li>\n<li><em>B\u01b0\u1edbc 3:<\/em>\u00a0\u0110\u00f3ng ch\u1eb7t n\u1eafp khay \u0111\u1ef1ng mu\u1ed1i c\u1ee7a m\u00e1y tr\u01b0\u1edbc khi v\u1eadn h\u00e0nh v\u00e0 xoay n\u00fat \u0111\u1ec3 m\u00e1y ho\u1ea1t \u0111\u1ed9ng. N\u1ebfu n\u1eafp b\u1ecb \u0111\u1eady l\u1ecfng, ch\u1ea5t t\u1ea9y r\u1eeda c\u00f3 th\u1ec3 l\u1ecdt v\u00e0o trong h\u1ed9c v\u00e0 c\u00f3 th\u1ec3 khi\u1ebfn h\u1ed9c b\u1ecb v\u1ee1.<\/li>\n<\/ul>\n<h2><strong>6. L\u01afU \u00dd KHI S\u1eec D\u1ee4NG B\u1ed8T R\u1eecA B\u00c1T FINISH 1.2KG H\u01af\u01a0NG CHANH<\/strong><\/h2>\n<ul>\n<li>N\u1ebfu tr\u01b0\u1eddng h\u1ee3p v\u1eabn c\u00f2n t\u1ed3n l\u1ea1i b\u1ed9t r\u1eeda b\u00e1t \u0111\u1ecdng tr\u00ean b\u00e1t \u0111\u0129a ho\u1eb7c tr\u00ean khay \u0111\u1ef1ng, b\u1ea1n\u00a0c\u1ea7n s\u1eed d\u1ee5ng th\u00eam 1 l\u1ea7n tr\u00e1ng (chu k\u1ef3 r\u1eeda ng\u1eafn) m\u00e0 kh\u00f4ng cho th\u00eam ch\u1ea5t t\u1ea9y r\u1eeda \u0111\u1ec3 \u0111\u1ea3m b\u1ea3o an to\u00e0n.<\/li>\n<li>C\u00e1c \u0111\u1ed3 v\u1eadt kh\u00f4ng th\u1ec3 s\u1eed d\u1ee5ng: B\u1ed9 \u0111\u1ed3 \u0103n b\u1eb1ng nh\u00f4m, th\u1ee7y tinh pha l\u00ea, th\u1ee7y tinh c\u1eaft, b\u1ed9 \u0111\u1ed3 \u0103n b\u1eb1ng b\u1ea1c, b\u1ed9 \u0111\u1ed3 \u0103n b\u1eb1ng d\u00e2y v\u00e0ng, d\u00e2y \u0111\u1ed3ng, h\u00ecnh tr\u00ean, nh\u1eefng th\u1ee9 b\u1ecb c\u1ea5m b\u1edfi h\u01b0\u1edbng d\u1eabn s\u1eed d\u1ee5ng c\u1ee7a m\u00e1y s\u1ea5y r\u1eeda ch\u00e9n kh\u00e1c m\u00e0 b\u1ea1n c\u00f3.<\/li>\n<li>Kh\u00f4ng \u0111\u1eb7t B\u1ed9t r\u1eeda b\u00e1t\u00a0trong t\u1ea7m tay c\u1ee7a tr\u1ebb em.<\/li>\n<li>\u0110\u00e2y kh\u00f4ng ph\u1ea3i l\u00e0 th\u1ef1c ph\u1ea9m. \u0110\u1eebng nu\u1ed1t ho\u1eb7c nu\u1ed1t.<\/li>\n<li>Tr\u00e1nh \u0111\u1ec3 B\u1ed9t r\u1eeda m\u1eaft v\u0103ng\u00a0v\u00e0o m\u1eaft ho\u1eb7c tr\u00ean da. Kh\u00f4ng x\u1eed l\u00fd s\u1ea3n ph\u1ea9m b\u1eb1ng tay \u01b0\u1edbt.<\/li>\n<li>R\u1eeda tay k\u1ef9 b\u1eb1ng n\u01b0\u1edbc sau khi s\u1eed d\u1ee5ng.<\/li>\n<\/ul>\n<h2><strong>7. H\u01af\u1edaNG\u00a0D\u1eaaN B\u1ea2O QU\u1ea2N\u00a0B\u1ed8T R\u1eecA B\u00c1T FINISH\u00a01.2KG\u00a0H\u01af\u01a0NG CHANH<\/strong><\/h2>\n<ul>\n<li>Lu\u00f4n \u0111\u00f3ng n\u1eafp sau khi s\u1eed d\u1ee5ng.<\/li>\n<li>B\u1ea3o qu\u1ea3n n\u01a1i tho\u00e1n m\u00e1t, kh\u00f4 r\u00e1o v\u00e0 tr\u00e1nh \u00e1nh n\u1eafng m\u1eb7t tr\u1eddi.<\/li>\n<\/ul>\n","protected":false},"excerpt":{"rendered":"<h2><strong>M\u00f4 t\u1ea3 s\u1ea3n ph\u1ea9m<\/strong><\/h2>\n<table border=\"1\" cellspacing=\"0\" cellpadding=\"0\">\n<tbody>\n<tr>\n<td><strong>Th\u01b0\u01a1ng hi\u1ec7u<\/strong><\/td>\n<td>Finish<\/td>\n<\/tr>\n<tr>\n<td><strong>Xu\u1ea5t x\u1ee9\u00a0<\/strong><\/td>\n<td>Ch\u00e2u \u00c2u<\/td>\n<\/tr>\n<tr>\n<td><strong>H\u1ea1n s\u1eed d\u1ee5ng<\/strong><\/td>\n<td>3 n\u0103m<\/td>\n<\/tr>\n<tr>\n<td><strong>Kh\u1ed1i l\u01b0\u1ee3ng<\/strong><\/td>\n<td>1.2 kg\/ can<\/td>\n<\/tr>\n<tr>\n<td><strong>Ph\u00e2n lo\u1ea1i<\/strong><\/td>\n<td>B\u1ed9t r\u1eeda b\u00e1t<\/td>\n<\/tr>\n<tr>\n<td><strong>M\u00f9i h\u01b0\u01a1ng<\/strong><\/td>\n<td>H\u01b0\u01a1ng Chanh<\/td>\n<\/tr>\n<\/tbody>\n<\/table>\n","protected":false},"featured_media":3278,"comment_status":"open","ping_status":"closed","template":"","meta":[],"product_brand":[],"product_cat":[88,97],"product_tag":[],"class_list":{"0":"post-3277","1":"product","2":"type-product","3":"status-publish","4":"has-post-thumbnail","6":"product_cat-chat-tay-rua","7":"product_cat-finish","9":"first","10":"instock","11":"shipping-taxable","12":"product-type-simple"},"_links":{"self":[{"href":"https:\/\/nhadepbepxinh.com.vn\/index.php?rest_route=\/wp\/v2\/product\/3277","targetHints":{"allow":["GET"]}}],"collection":[{"href":"https:\/\/nhadepbepxinh.com.vn\/index.php?rest_route=\/wp\/v2\/product"}],"about":[{"href":"https:\/\/nhadepbepxinh.com.vn\/index.php?rest_route=\/wp\/v2\/types\/product"}],"replies":[{"embeddable":true,"href":"https:\/\/nhadepbepxinh.com.vn\/index.php?rest_route=%2Fwp%2Fv2%2Fcomments&post=3277"}],"wp:featuredmedia":[{"embeddable":true,"href":"https:\/\/nhadepbepxinh.com.vn\/index.php?rest_route=\/wp\/v2\/media\/3278"}],"wp:attachment":[{"href":"https:\/\/nhadepbepxinh.com.vn\/index.php?rest_route=%2Fwp%2Fv2%2Fmedia&parent=3277"}],"wp:term":[{"taxonomy":"product_brand","embeddable":true,"href":"https:\/\/nhadepbepxinh.com.vn\/index.php?rest_route=%2Fwp%2Fv2%2Fproduct_brand&post=3277"},{"taxonomy":"product_cat","embeddable":true,"href":"https:\/\/nhadepbepxinh.com.vn\/index.php?rest_route=%2Fwp%2Fv2%2Fproduct_cat&post=3277"},{"taxonomy":"product_tag","embeddable":true,"href":"https:\/\/nhadepbepxinh.com.vn\/index.php?rest_route=%2Fwp%2Fv2%2Fproduct_tag&post=3277"}],"curies":[{"name":"wp","href":"https:\/\/api.w.org\/{rel}","templated":true}]}}