{"id":3260,"date":"2025-04-01T11:18:13","date_gmt":"2025-04-01T04:18:13","guid":{"rendered":"https:\/\/nhadepbepxinh.com.vn\/?post_type=product&#038;p=3260"},"modified":"2025-04-01T14:46:39","modified_gmt":"2025-04-01T07:46:39","slug":"nuoc-lam-bong-finish-800ml","status":"publish","type":"product","link":"https:\/\/nhadepbepxinh.com.vn\/?product=nuoc-lam-bong-finish-800ml","title":{"rendered":"N\u01af\u1edaC L\u00c0M B\u00d3NG FINISH 800ML"},"content":{"rendered":"<h2><strong>1.\u00a0N\u01af\u1edaC L\u00c0M B\u00d3NG FINISH\u00a0800ML:<\/strong><\/h2>\n<p>N\u01b0\u1edbc\u00a0l\u00e0m b\u00f3ng v\u00e0 kh\u00f4 ch\u00e9n, \u0111\u0129a\u00a0Finish\u00a0Dishwasher Shine &amp; Dry Regular l\u00e0 ch\u1ea5t tr\u1ee3 r\u1eeda ri\u00eang bi\u1ec7t c\u00f3 t\u00e1c d\u1ee5ng l\u00e0m b\u00f3ng \u0111\u1ec3 ch\u00e9n \u0111\u0129a, c\u00e1c \u0111\u1ed3 s\u00e0nh s\u1ee9, th\u1ee7y tinh, inox v\u00e0 c\u00e1c d\u1ee5ng c\u1ee5 nh\u00e0 b\u1ebfp c\u1ee7a b\u1ea1n \u0111\u01b0\u1ee3c l\u00e0m kh\u00f4 m\u00e0 ch\u01b0a c\u1ea7n \u0111\u1ebfn kh\u00e2u s\u1ea5y kh\u00f4.<\/p>\n<p>Kh\u00f4ng nh\u1eefng th\u1ebf ch\u00fang c\u00f2n l\u00e0m cho nh\u1eefng d\u1ee5ng c\u1ee5 nh\u00e0 b\u1ebfp kh\u00f4ng b\u1ecb m\u1edd khi r\u1eeda nhi\u1ec1u trong m\u00e1y m\u00e0 ch\u00fang s\u1ebd tr\u1edf n\u00ean s\u00e1ng b\u00f3ng v\u00e0 s\u1ea1ch s\u1ebd h\u01a1n. \u0110\u1eb7c bi\u1ec7t n\u01b0\u1edbc l\u00e0m b\u00f3ng v\u00e0 kh\u00f4 ch\u00e9n, \u0111\u0129a Finish Dishwasher Shine &amp; Dry Regular s\u1ebd h\u1ed7 tr\u1ee3 cho qu\u00e1 tr\u00ecnh s\u1ea5y kh\u00f4 \u0111\u01b0\u1ee3c nhanh h\u01a1n, s\u00e1ng b\u00f3ng h\u01a1n, ch\u00e9n \u0111\u0129a s\u1ebd \u0111\u01b0\u1ee3c s\u1ea5y kh\u00f4 ho\u00e0n to\u00e0n v\u00e0 l\u01b0u l\u1ea1i h\u01b0\u01a1ng th\u01a1m t\u01b0\u01a1i m\u00e1t d\u00e0i l\u00e2u.<\/p>\n<h3><strong>L\u00fd do n\u00ean ch\u1ecdn\u00a0N\u01b0\u1edbc l\u00e0m b\u00f3ng Finish 800ml:<\/strong><\/h3>\n<p>&nbsp;<\/p>\n<p>&#8211; \u0110\u1ea3m b\u1ea3o c\u00e1c m\u00f3n \u0103n r\u1ea1ng r\u1ee1 v\u00e0 kh\u00f4 h\u01a1n.<\/p>\n<p>&#8211; Ch\u1ed1ng l\u1ea1i gi\u1ecdt n\u01b0\u1edbc, v\u1ebft b\u1ea9n v\u00e0 m\u1ea1ng che m\u1eb7t.<\/p>\n<p>&#8211; Cho ph\u00e9p n\u01b0\u1edbc tho\u00e1t \u0111\u1ec1u t\u1eeb c\u00e1c b\u1ec1 m\u1eb7t \u0111\u1ec3 c\u00f3 k\u1ebft qu\u1ea3 t\u1ed1t nh\u1ea5t.<\/p>\n<p>&#8211; Cho t\u1edbi 150 l\u1ea7n r\u1eeda.<\/p>\n<p>&#8211; \u0110\u1ec3 c\u00f3 hi\u1ec7u su\u1ea5t m\u00e1y r\u1eeda ch\u00e9n t\u1ed1t h\u01a1n, h\u00e3y s\u1eed d\u1ee5ng K\u1ebft th\u00fac Rinse Aid c\u00f9ng v\u1edbi K\u1ebft th\u00fac M\u00e1y r\u1eeda ch\u00e9n.<\/p>\n<p><strong>&gt;&gt; T\u00ecm hi\u1ec3u s\u1ea3n ph\u1ea9m li\u00ean quan:\u00a0N\u01b0\u1edbc l\u00e0m b\u00f3ng Finish 1150ml.<\/strong><\/p>\n<p>&nbsp;<\/p>\n<h2><strong>2. T\u00cdNH N\u0102NG C\u1ee6A\u00a0N\u01af\u1edaC L\u00c0M B\u00d3NG FINISH 800ML :<\/strong><\/h2>\n<ul>\n<li>\n<h2>N\u01b0\u1edbc l\u00e0m b\u00f3ng v\u00e0 kh\u00f4 ch\u00e9n, \u0111\u0129a Finish \u0111\u00e1p \u1ee9ng ti\u00eau chu\u1ea9n Ch\u00e2u \u00c2u kh\u00f4ng g\u00e2y \u0111\u1ed9c h\u1ea1i, d\u1ecb \u1ee9ng, \u0111\u1ea3m b\u1ea3o an to\u00e0n s\u1ee9c kho\u1ebb, th\u00e2n thi\u1ec7n v\u1edbi m\u00f4i tr\u01b0\u1eddng.<\/h2>\n<\/li>\n<li>\n<h2>C\u00f4ng th\u1ee9c 5 trong 1 v\u1edbi c\u00e1c ho\u1ea1t ch\u1ea5t cao c\u1ea5p \u0111\u1eb7c bi\u1ec7t, l\u00e0m s\u1ea1ch c\u00e1c c\u1eb7n canxi b\u00e1m tr\u00ean ch\u00e9n \u0111\u0129a, lo\u1ea1i b\u1ecf c\u00e1c v\u1ebft n\u01b0\u1edbc v\u00e0 hi\u1ec7n t\u01b0\u1ee3ng b\u1ecb h\u01a1i n\u01b0\u1edbc b\u00e1m tr\u00ean b\u1ec1 m\u1eb7t ch\u00e9n \u0111\u0129a, l\u00e0m ch\u00e9n \u0111\u0129a kh\u00f4 nhanh h\u01a1n, an to\u00e0n v\u1ec7 sinh v\u00e0 cho hi\u1ec7u qu\u1ea3 l\u00e0m s\u1ea1ch t\u1ed1t h\u01a1n, c\u00e1c d\u1ee5ng c\u1ee5 nh\u00e0 b\u1ebfp s\u00e1ng b\u00f3ng h\u01a1n, gi\u1ea3m thi\u1ec3u c\u00e1c v\u1ebft tr\u1ea7y x\u01b0\u1edbc.<\/h2>\n<\/li>\n<li>\n<h2>Ti\u1ebft ki\u1ec7m th\u1eddi gian, chi ph\u00ed ch\u0103m s\u00f3c b\u1edfi c\u00f4ng th\u1ee9c t\u00edch h\u1ee3p b\u1ea3o v\u1ec7 ch\u00e9n \u0111\u0129a c\u00f9ng m\u1ed9t l\u00fac.<\/h2>\n<\/li>\n<li>\n<h2>Di\u1ec7t khu\u1ea9n, kh\u1eed m\u00f9i, mang l\u1ea1i h\u01b0\u01a1ng th\u01a1m t\u01b0\u01a1i m\u00e1t, d\u1ec5 ch\u1ecbu d\u00e0i l\u00e2u.<\/h2>\n<\/li>\n<li>\n<h2>N\u01b0\u1edbc l\u00e0m b\u00f3ng ch\u00e9n, \u0111\u0129a \u0111\u01b0\u1ee3c d\u00f9ng k\u1ebft h\u1ee3p l\u00e0 dung d\u1ecbch tr\u1ee3 x\u1ea3 \u0111\u1ec3 h\u1ed7 tr\u1ee3 l\u00e0m b\u00f3ng, kh\u00f4 ch\u00e9n \u0111\u0129a, th\u01b0\u1eddng \u0111\u01b0\u1ee3c s\u1eed d\u1ee5ng k\u1ebft h\u1ee3p c\u00e1c s\u1ea3n ph\u1ea9m nh\u01b0: b\u1ed9t r\u1eeda ch\u00e9n, vi\u00ean r\u1eeda ch\u00e9n chuy\u00ean d\u1ee5ng d\u00e0nh cho m\u00e1y r\u1eeda ch\u00e9n v\u00e0 mu\u1ed1i l\u00e0m m\u1ec1m n\u01b0\u1edbc trong m\u00e1y r\u1eeda ch\u00e9n \u0111\u1ec3 c\u00f3 k\u1ebft qu\u1ea3 ho\u00e0n h\u1ea3o.<\/h2>\n<\/li>\n<\/ul>\n<h2><strong>3. H\u01af\u1edaNG D\u1eaaN S\u1eec D\u1ee4NG\u00a0N\u01af\u1edaC L\u00c0M B\u00d3NG FINISH 800ML :<\/strong><\/h2>\n<h2>&#8211; M\u1edf ng\u0103n ch\u1ee9a dung d\u1ecbch l\u00e0m b\u00f3ng chuy\u00ean d\u1ee5ng tr\u00ean m\u00e1y r\u1eeda ch\u00e9n r\u1ed3i \u0111\u1ed5 \u0111\u1ea7y n\u01b0\u1edbc l\u00e0m b\u00f3ng v\u00e0 kh\u00f4 ch\u00e9n, \u0111\u0129a Finish v\u00e0o ng\u0103n ch\u1ee9a<\/h2>\n<h2>&#8211; Ch\u1ecdn m\u1ee9c \u0111\u1ed9 l\u00e0m b\u00f3ng 1, 2, 3, 4, 5, 6 tr\u00ean m\u00e1y r\u1ed3i \u0111\u00f3ng n\u1eafp l\u1ea1i.<\/h2>\n<h2>&#8211; V\u1eadn h\u00e0nh m\u00e1y r\u1eeda ch\u00e9n b\u00ecnh th\u01b0\u1eddng, m\u00e1y s\u1ebd t\u1ef1 \u0111\u1ed9ng l\u1ea5y n\u01b0\u1edbc l\u00e0m b\u00f3ng v\u00e0 kh\u00f4 ch\u00e9n \u0111\u0129a ra \u0111\u1ec3 s\u1eed d\u1ee5ng \u1edf cu\u1ed1i chu tr\u00ecnh r\u1eeda ch\u00e9n.<\/h2>\n","protected":false},"excerpt":{"rendered":"<h2><strong>M\u00f4 t\u1ea3 s\u1ea3n ph\u1ea9m<\/strong><\/h2>\n<table border=\"1\" cellspacing=\"0\" cellpadding=\"0\">\n<tbody>\n<tr>\n<td><strong>Th\u01b0\u01a1ng hi\u1ec7u<\/strong><\/td>\n<td>Finish<\/td>\n<\/tr>\n<tr>\n<td><strong>Xu\u1ea5t x\u1ee9\u00a0<\/strong><\/td>\n<td>Ch\u00e2u \u00c2u<\/td>\n<\/tr>\n<tr>\n<td><strong>H\u1ea1n s\u1eed d\u1ee5ng<\/strong><\/td>\n<td>3 n\u0103m<\/td>\n<\/tr>\n<tr>\n<td><strong>Kh\u1ed1i l\u01b0\u1ee3ng<\/strong><\/td>\n<td>800ml\/chai<\/td>\n<\/tr>\n<tr>\n<td><strong>Ph\u00e2n lo\u1ea1i<\/strong><\/td>\n<td>N\u01b0\u1edbc l\u00e0m b\u00f3ng<\/td>\n<\/tr>\n<tr>\n<td><strong>M\u00f9i h\u01b0\u01a1ng<\/strong><\/td>\n<td>H\u01b0\u01a1ng Th\u01b0\u1eddng<\/td>\n<\/tr>\n<\/tbody>\n<\/table>\n","protected":false},"featured_media":3261,"comment_status":"open","ping_status":"closed","template":"","meta":[],"product_brand":[],"product_cat":[88,97],"product_tag":[],"class_list":{"0":"post-3260","1":"product","2":"type-product","3":"status-publish","4":"has-post-thumbnail","6":"product_cat-chat-tay-rua","7":"product_cat-finish","9":"first","10":"instock","11":"shipping-taxable","12":"product-type-simple"},"_links":{"self":[{"href":"https:\/\/nhadepbepxinh.com.vn\/index.php?rest_route=\/wp\/v2\/product\/3260","targetHints":{"allow":["GET"]}}],"collection":[{"href":"https:\/\/nhadepbepxinh.com.vn\/index.php?rest_route=\/wp\/v2\/product"}],"about":[{"href":"https:\/\/nhadepbepxinh.com.vn\/index.php?rest_route=\/wp\/v2\/types\/product"}],"replies":[{"embeddable":true,"href":"https:\/\/nhadepbepxinh.com.vn\/index.php?rest_route=%2Fwp%2Fv2%2Fcomments&post=3260"}],"wp:featuredmedia":[{"embeddable":true,"href":"https:\/\/nhadepbepxinh.com.vn\/index.php?rest_route=\/wp\/v2\/media\/3261"}],"wp:attachment":[{"href":"https:\/\/nhadepbepxinh.com.vn\/index.php?rest_route=%2Fwp%2Fv2%2Fmedia&parent=3260"}],"wp:term":[{"taxonomy":"product_brand","embeddable":true,"href":"https:\/\/nhadepbepxinh.com.vn\/index.php?rest_route=%2Fwp%2Fv2%2Fproduct_brand&post=3260"},{"taxonomy":"product_cat","embeddable":true,"href":"https:\/\/nhadepbepxinh.com.vn\/index.php?rest_route=%2Fwp%2Fv2%2Fproduct_cat&post=3260"},{"taxonomy":"product_tag","embeddable":true,"href":"https:\/\/nhadepbepxinh.com.vn\/index.php?rest_route=%2Fwp%2Fv2%2Fproduct_tag&post=3260"}],"curies":[{"name":"wp","href":"https:\/\/api.w.org\/{rel}","templated":true}]}}