{"id":3187,"date":"2025-04-01T10:02:21","date_gmt":"2025-04-01T03:02:21","guid":{"rendered":"https:\/\/nhadepbepxinh.com.vn\/?post_type=product&#038;p=3187"},"modified":"2025-04-01T14:50:08","modified_gmt":"2025-04-01T07:50:08","slug":"may-hut-am-fujie-hm-950ec-new","status":"publish","type":"product","link":"https:\/\/nhadepbepxinh.com.vn\/?product=may-hut-am-fujie-hm-950ec-new","title":{"rendered":"MA\u0301Y HU\u0301T \u00c2\u0309M FUJIE HM-950EC NEW"},"content":{"rendered":"<h2>M\u00e1y h\u00fat \u1ea9m c\u00f4ng nghi\u1ec7p FujiE HM-950EC NEW Th\u1ebf h\u1ec7 s\u1ea3n ph\u1ea9m m\u1edbi t\u00edch h\u1ee3p c\u00f4ng ngh\u1ec7 cao, th\u00e2n thi\u1ec7n v\u1edbi m\u00f4i tr\u01b0\u1eddng, ki\u1ec3u d\u00e1ng th\u1eddi trang, tinh t\u1ebf v\u00e0 hi\u1ec7n \u0111\u1ea1i.<\/h2>\n<h2>\u0110\u1ed9 \u1ed3n th\u1ea5p ch\u1ea1y \u00eam h\u01a1n model 950EC \u0111\u1eddi c\u0169 v\u00e0 th\u00edch h\u1ee3p cho c\u1ea3 m\u1ee5c \u0111\u00edch s\u1eed d\u1ee5ng gia \u0111\u00ecnh, th\u01b0\u01a1ng m\u1ea1i, trong c\u00f4ng nghi\u1ec7p nh\u01b0 b\u1ec7nh vi\u1ec7n, c\u01a1 quan, nh\u00e0 h\u00e0ng, kh\u00e1ch s\u1ea1n, tr\u01b0\u1eddng h\u1ecdc, nh\u00e0 m\u00e1y, x\u00ed nghi\u1ec7p&#8230;. c\u0169ng nh\u01b0 trong gia \u0111\u00ecnh nh\u01b0 ph\u00f2ng ng\u1ee7, ph\u00f2ng kh\u00e1ch, ph\u00f2ng b\u1ebfp&#8230;<\/h2>\n<p><img decoding=\"async\" src=\"https:\/\/fujie.com.vn\/image\/catalog\/may-hut-am-cong-nghiep\/hm-950ec\/06.jpg\" alt=\"HM-950EC\" width=\"600\" \/><\/p>\n<h3><\/h3>\n<p><img decoding=\"async\" src=\"https:\/\/fujie.com.vn\/image\/catalog\/may-hut-am-cong-nghiep\/hm-950ec\/04.jpg\" alt=\"HM-950EC\" width=\"600\" \/><\/p>\n<h3><strong>\u0110\u1eb6C \u0110I\u1ec2M K\u1ef8 THU\u1eacT:<\/strong><\/h3>\n<p>M\u00e1y h\u00fat \u1ea9m c\u00f4ng nghi\u1ec7p FujiEHM-950EC NEW<\/p>\n<p>Th\u1ebf h\u1ec7 s\u1ea3n ph\u1ea9m m\u1edbi t\u00edch h\u1ee3p c\u00f4ng ngh\u1ec7 cao, th\u00e2n thi\u1ec7n v\u1edbi m\u00f4i tr\u01b0\u1eddng, ki\u1ec3u d\u00e1ng th\u1eddi trang, tinh t\u1ebf v\u00e0 hi\u1ec7n \u0111\u1ea1i<\/p>\n<p>D\u00f2ng m\u00e1y c\u01a1 : Compressor ( l\u1ed1c ), s\u1eed d\u1ee5ng m\u00e1y n\u00e9n tr\u1ee5c quay<\/p>\n<p>C\u00f4ng su\u1ea5t h\u00fat \u1ea9m 50 l\u00edt\/ng\u00e0y.<\/p>\n<p><img decoding=\"async\" src=\"https:\/\/fujie.com.vn\/image\/catalog\/may-hut-am-cong-nghiep\/hm-950ec\/01.jpg\" alt=\"HM-950EC\" width=\"600\" \/><\/p>\n<h3><strong>TH\u00d4NG S\u1ed0 K\u1ef8 THU\u1eacT:<\/strong><\/h3>\n<p>C\u00f4ng su\u1ea5t h\u00fat \u1ea9m 50 l\u00edt \/24 gi\u1edd (\u1edf \u0111i\u1ec1u ki\u1ec7n 30oC, 80%)<\/p>\n<p>B\u1ed9 h\u1eb9n gi\u1edd t\u1eeb 1-24 gi\u1edd<\/p>\n<p>B\u1ea3o v\u1ec7 thi\u1ebft b\u1ecb n\u00e9n kh\u00ed:c\u00f3. M\u00e1y n\u00e9n Tr\u1ee5c quay<\/p>\n<p>T\u1ef1 \u0111\u1ed9ng r\u00e3 \u0111\u00f4ng d\u00e0n l\u1ea1nh: c\u00f3<\/p>\n<p>T\u1ef1 \u0111\u1ed9ng d\u1eebng khi b\u00ecnh ch\u1ee9a n\u01b0\u1edbc \u0111\u1ea7y:c\u00f3<\/p>\n<p>B\u1ea3ng \u0111i\u1ec1u khi\u1ec3n LED\/\u0110i\u1ec1u khi\u1ec3n n\u00fat b\u1ea5m c\u1ea3m \u1ee9ng<\/p>\n<p>Power Supply 220V-240V \/ 50Hz<\/p>\n<p>C\u00f4ng su\u1ea5t \u0111\u1ecbnh danh: 750W(27oC, 60%)\/880W(35oC, 80%)<\/p>\n<p>Kh\u00f4ng kh\u00ed l\u01b0u h\u00e0nh H:270m3\/h, M:24532\/h, L:235m3\/h; 3 m\u1ee9c qu\u1ea1t gi\u00f3<\/p>\n<p>M\u00e1y trang b\u1ecb k\u00e8m theo m\u00e0ng l\u1ecdc th\u00f4 (l\u1ecdc th\u00f4 c\u00f3 th\u1ec3 r\u1eeda s\u1ea1ch b\u1eb1ng n\u01b0\u1edbc).<\/p>\n<p>B\u1ed3n ch\u1ee9a n\u01b0\u1edbc th\u1ea3i c\u1ef1c l\u1edbn : 6.5 l\u00edt. C\u00f3 th\u1ebb l\u1eafp \u1ed1ng n\u01b0\u1edbc th\u1ea3i li\u00ean t\u1ee5c<\/p>\n<p>\u0110\u1ed9 \u1ed3n : H:48dB(A), M:46dB(A), L:45dB(A)<\/p>\n<p>\u0110i\u1ec1u ki\u1ec7n ho\u1ea1t \u0111\u1ed9ng : 5\u00b0C &#8211; 35\u00b0C<\/p>\n<p>Ch\u1ea5t l\u00e0m l\u1ea1nh : R410a th\u00e2n thi\u1ec7n m\u00f4i tr\u01b0\u1eddng\/gas:0.24kg<\/p>\n<p>K\u00edch th\u01b0\u1edbc m\u00e1y &#8211; Chi\u1ec1u r\u1ed9ng x s\u00e2u x cao 396 \u00d7 341 \u00d7 637 mm<\/p>\n<p>K\u00edch th\u01b0\u1edbc c\u1ea3 bao b\u00ec &#8211; Chi\u1ec1u r\u1ed9ng x s\u00e2u x cao 460 \u00d7 400 \u00d7 700 mm<\/p>\n<p>Tr\u1ecdng l\u01b0\u1ee3ng s\u1ea3n ph\u1ea9m\/bao b\u00ec : 22\/23.8kg<\/p>\n<p>S\u1ea3n ph\u1ea9m h\u1ee3p t\u00e1c c\u00f9ng v\u1edbi Newage Technology Japan (Nh\u1eadt B\u1ea3n), s\u1ea3n xu\u1ea5t t\u1ea1i Trung Qu\u1ed1c<\/p>\n<p>Ch\u1ee9ng ch\u1ec9 ch\u1ea5t l\u01b0\u1ee3ng CE<\/p>\n<p>&#8211; B\u1ea3o h\u00e0nh: 2 N\u0103m t\u1ea1i to\u00e0n b\u1ed9 63 T\u1ec9nh, TP tr\u00ean To\u00e0n qu\u1ed1c, xem chi ti\u1ebft danh s\u00e1ch c\u00e1c tr\u1ea1m b\u1ea3o h\u00e0nh t\u1ea1i \u0111\u00e2y .<\/p>\n<p>Ch\u00ednh s\u00e1ch b\u1ea3o h\u00e0nh s\u1ea3n ph\u1ea9m, vui l\u00f2ng xem t\u1ea1i \u0111\u00e2y<\/p>\n<p><strong>H\u01af\u1edaNG D\u1eaaN S\u1eec D\u1ee4NG M\u00c1Y H\u00daT \u1ea8M AN TO\u00c0N.<\/strong><\/p>\n<p>&#8211; B\u1ea1n n\u00ean \u0111\u1ec3 s\u1ea3n ph\u1ea9m c\u00e1ch t\u01b0\u1eddng kho\u1ea3ng 30cm.<\/p>\n<p>&#8211; Kh\u00f4ng \u0111\u01b0\u1ee3c m\u1edf c\u1eeda ho\u0103c h\u1ea1n ch\u1ebf khi s\u1eed d\u1ee5ng s\u1ea3n ph\u1ea9m.<\/p>\n<p>&#8211; \u0110\u1ec3 \u0111\u1ea3m b\u1ea3o \u0111\u1ed9 b\u1ec1n cho m\u00e1y, ng\u01b0\u1eddi s\u1eed d\u1ee5ng c\u1ea7n th\u1ef1c hi\u1ec7n t\u1ed1t vi\u1ec7c b\u1ea3o d\u01b0\u1ee1ng nh\u01b0: x\u1ea3 h\u1ebft n\u01b0\u1edbc trong m\u00e1y h\u00fat \u1ea9m khi kh\u00f4ng s\u1eed d\u1ee5ng\u2026<\/p>\n<h3>H\u01af\u1edaNG D\u1eaaN S\u1eec D\u1ee4NG M\u00c1Y H\u00daT \u1ea8M AN TO\u00c0N.<\/h3>\n<p>&#8211; B\u1ea1n\u00a0n\u00ean \u0111\u1ec3 s\u1ea3n ph\u1ea9m c\u00e1ch t\u01b0\u1eddng kho\u1ea3ng 30cm.<\/p>\n<p>&#8211; Kh\u00f4ng \u0111\u01b0\u1ee3c m\u1edf c\u1eeda ho\u0103c h\u1ea1n ch\u1ebf khi s\u1eed d\u1ee5ng s\u1ea3n ph\u1ea9m.<\/p>\n<p>&#8211; \u0110\u1ec3 \u0111\u1ea3m b\u1ea3o \u0111\u1ed9 b\u1ec1n cho m\u00e1y, ng\u01b0\u1eddi s\u1eed d\u1ee5ng c\u1ea7n th\u1ef1c hi\u1ec7n t\u1ed1t vi\u1ec7c b\u1ea3o d\u01b0\u1ee1ng nh\u01b0: x\u1ea3 h\u1ebft n\u01b0\u1edbc trong m\u00e1y h\u00fat \u1ea9m khi kh\u00f4ng s\u1eed d\u1ee5ng\u2026<\/p>\n","protected":false},"excerpt":{"rendered":"<h3><strong>TH\u00d4NG S\u1ed0 K\u1ef8 THU\u1eacT:<\/strong><\/h3>\n<p>C\u00f4ng su\u1ea5t h\u00fat \u1ea9m 50 l\u00edt \/24 gi\u1edd (\u1edf \u0111i\u1ec1u ki\u1ec7n 30oC, 80%)<\/p>\n<p>B\u1ed9 h\u1eb9n gi\u1edd t\u1eeb 1-24 gi\u1edd<\/p>\n<p>B\u1ea3o v\u1ec7 thi\u1ebft b\u1ecb n\u00e9n kh\u00ed:c\u00f3. M\u00e1y n\u00e9n Tr\u1ee5c quay<\/p>\n<p>T\u1ef1 \u0111\u1ed9ng r\u00e3 \u0111\u00f4ng d\u00e0n l\u1ea1nh: c\u00f3<\/p>\n<p>T\u1ef1 \u0111\u1ed9ng d\u1eebng khi b\u00ecnh ch\u1ee9a n\u01b0\u1edbc \u0111\u1ea7y:c\u00f3<\/p>\n<p>B\u1ea3ng \u0111i\u1ec1u khi\u1ec3n LED\/\u0110i\u1ec1u khi\u1ec3n n\u00fat b\u1ea5m c\u1ea3m \u1ee9ng<\/p>\n<p>Power Supply 220V-240V \/ 50Hz<\/p>\n<p>C\u00f4ng su\u1ea5t \u0111\u1ecbnh danh: 750W(27oC, 60%)\/880W(35oC, 80%)<\/p>\n<p>Kh\u00f4ng kh\u00ed l\u01b0u h\u00e0nh H:270m3\/h, M:24532\/h, L:235m3\/h; 3 m\u1ee9c qu\u1ea1t gi\u00f3<\/p>\n<p>M\u00e1y trang b\u1ecb k\u00e8m theo m\u00e0ng l\u1ecdc th\u00f4 (l\u1ecdc th\u00f4 c\u00f3 th\u1ec3 r\u1eeda s\u1ea1ch b\u1eb1ng n\u01b0\u1edbc).<\/p>\n<p>B\u1ed3n ch\u1ee9a n\u01b0\u1edbc th\u1ea3i c\u1ef1c l\u1edbn : 6.5 l\u00edt. C\u00f3 th\u1ebb l\u1eafp \u1ed1ng n\u01b0\u1edbc th\u1ea3i li\u00ean t\u1ee5c<\/p>\n<p>\u0110\u1ed9 \u1ed3n : H:48dB(A), M:46dB(A), L:45dB(A)<\/p>\n","protected":false},"featured_media":3188,"comment_status":"open","ping_status":"closed","template":"","meta":[],"product_brand":[],"product_cat":[81,95],"product_tag":[],"class_list":{"0":"post-3187","1":"product","2":"type-product","3":"status-publish","4":"has-post-thumbnail","6":"product_cat-may-hut-am-may-loc-khong-khi","7":"product_cat-fujie","9":"first","10":"instock","11":"shipping-taxable","12":"product-type-simple"},"_links":{"self":[{"href":"https:\/\/nhadepbepxinh.com.vn\/index.php?rest_route=\/wp\/v2\/product\/3187","targetHints":{"allow":["GET"]}}],"collection":[{"href":"https:\/\/nhadepbepxinh.com.vn\/index.php?rest_route=\/wp\/v2\/product"}],"about":[{"href":"https:\/\/nhadepbepxinh.com.vn\/index.php?rest_route=\/wp\/v2\/types\/product"}],"replies":[{"embeddable":true,"href":"https:\/\/nhadepbepxinh.com.vn\/index.php?rest_route=%2Fwp%2Fv2%2Fcomments&post=3187"}],"wp:featuredmedia":[{"embeddable":true,"href":"https:\/\/nhadepbepxinh.com.vn\/index.php?rest_route=\/wp\/v2\/media\/3188"}],"wp:attachment":[{"href":"https:\/\/nhadepbepxinh.com.vn\/index.php?rest_route=%2Fwp%2Fv2%2Fmedia&parent=3187"}],"wp:term":[{"taxonomy":"product_brand","embeddable":true,"href":"https:\/\/nhadepbepxinh.com.vn\/index.php?rest_route=%2Fwp%2Fv2%2Fproduct_brand&post=3187"},{"taxonomy":"product_cat","embeddable":true,"href":"https:\/\/nhadepbepxinh.com.vn\/index.php?rest_route=%2Fwp%2Fv2%2Fproduct_cat&post=3187"},{"taxonomy":"product_tag","embeddable":true,"href":"https:\/\/nhadepbepxinh.com.vn\/index.php?rest_route=%2Fwp%2Fv2%2Fproduct_tag&post=3187"}],"curies":[{"name":"wp","href":"https:\/\/api.w.org\/{rel}","templated":true}]}}