{"id":2621,"date":"2025-03-28T16:46:10","date_gmt":"2025-03-28T09:46:10","guid":{"rendered":"https:\/\/nhadepbepxinh.com.vn\/?post_type=product&#038;p=2621"},"modified":"2025-03-28T16:46:10","modified_gmt":"2025-03-28T09:46:10","slug":"am-dun-nuoc-ecosun-5l","status":"publish","type":"product","link":"https:\/\/nhadepbepxinh.com.vn\/?product=am-dun-nuoc-ecosun-5l","title":{"rendered":"\u00c2\u0301M \u0110UN N\u01af\u01a0\u0301C ECOSUN 5L"},"content":{"rendered":"<h2><strong>\u2022 \u0110\u1eb7c \u0111i\u1ec3m n\u1ed5i b\u1eadt<\/strong><\/h2>\n<h2>\u2022 Si\u00eau\u00a0\u0111i\u1ec7n \u0111un n\u01b0\u1edbc Ecosun BM-SD50\u00a0inox 5 l\u00edt \u0111\u01b0\u1ee3c l\u00e0m t\u1eeb ch\u1ea5t li\u1ec7u inox 201 cao c\u1ea5p, \u0111\u1ed9 b\u1ec1n cao v\u00e0 an to\u00e0n v\u1edbi s\u1ee9c kh\u1ecfe ng\u01b0\u1eddi d\u00f9ng, kh\u00f4ng b\u00e1m b\u1ea9n, gi\u00fap thu nhi\u1ec7t nhanh v\u00e0 t\u1ecfa \u0111\u1ec1u kh\u1eafp, \u0111\u1ed3ng th\u1eddi kh\u00f4ng r\u1ec9 s\u00e9t, gi\u1eef \u0111\u01b0\u1ee3c v\u1ebb s\u00e1ng b\u00f3ng trong th\u1eddi gian d\u00e0i v\u00e0 gi\u00fap vi\u1ec7c ch\u00f9i r\u1eeda d\u1ec5 d\u00e0ng h\u01a1n.<\/h2>\n<h2>\u2022\u00a0\u1ea4m \u0111\u01b0\u1ee3c thi\u1ebft k\u1ebf \u0111\u01a1n gi\u1ea3n, v\u1edbi tay c\u1ea7m b\u1eb1ng nh\u1ef1a cao c\u1ea5p\u00a0v\u00e0 c\u00e1ch nhi\u1ec7t t\u1ed1t gi\u00fap b\u1ea1n y\u00ean t\u00e2m kh\u00f4ng b\u1ecb n\u00f3ng b\u1ecfng tay khi s\u1eed d\u1ee5ng \u1ea5m \u0111ang ch\u1ee9a n\u01b0\u1edbc s\u00f4i.<\/h2>\n<h2>\u2022 R\u01a1 le t\u1ef1 ng\u1eaft<\/h2>\n<h2>\u2022 D\u00e2y \u0111\u1ed3ng<\/h2>\n<h2>\u2022 Tay c\u1ea7m nh\u1ef1a c\u00e1ch nhi\u1ec7t<\/h2>\n<h2>\u2022 S\u1ea3n ph\u1ea9m \u0111\u01b0\u1ee3c trang b\u1ecb c\u00f2i b\u00e1o \u0111\u1ed9ng khi n\u01b0\u1edbc s\u00f4i gi\u00fap ti\u1ebft ki\u1ec7m nhi\u00ean li\u1ec7u c\u0169ng nh\u01b0 b\u1ea3o \u0111\u1ea3m an to\u00e0n cho b\u1ea1n khi s\u1eed d\u1ee5ng.<\/h2>\n<h2>\u2022 C\u00f3 3 m\u00e0u: v\u00e0ng \u2013 \u0111\u1ecf &#8211; tr\u1eafng<\/h2>\n","protected":false},"excerpt":{"rendered":"<ul>\n<li>\u0110\u00e8n b\u00e1o hi\u1ec7u b\u1eadt t\u1eaft<\/li>\n<li>C\u00f3 c\u00f2i k\u00eau b\u00e1o khi s\u00f4i<\/li>\n<li>Th\u00e2n \u1ea5m \u0111i\u1ec7n b\u1eb1ng th\u00e9p kh\u00f4ng g\u1ec9<\/li>\n<li>Dung t\u00edch \u1ea5m si\u00eau t\u1ed1c \u0111i\u1ec7n l\u1edbn 5 l\u00edt<\/li>\n<\/ul>\n<p>&nbsp;<\/p>\n","protected":false},"featured_media":2622,"comment_status":"open","ping_status":"closed","template":"","meta":[],"product_brand":[],"product_cat":[61,77],"product_tag":[],"class_list":{"0":"post-2621","1":"product","2":"type-product","3":"status-publish","4":"has-post-thumbnail","6":"product_cat-hang-gia-dung","7":"product_cat-am-dun-nuoc","9":"first","10":"instock","11":"shipping-taxable","12":"product-type-simple"},"_links":{"self":[{"href":"https:\/\/nhadepbepxinh.com.vn\/index.php?rest_route=\/wp\/v2\/product\/2621","targetHints":{"allow":["GET"]}}],"collection":[{"href":"https:\/\/nhadepbepxinh.com.vn\/index.php?rest_route=\/wp\/v2\/product"}],"about":[{"href":"https:\/\/nhadepbepxinh.com.vn\/index.php?rest_route=\/wp\/v2\/types\/product"}],"replies":[{"embeddable":true,"href":"https:\/\/nhadepbepxinh.com.vn\/index.php?rest_route=%2Fwp%2Fv2%2Fcomments&post=2621"}],"wp:featuredmedia":[{"embeddable":true,"href":"https:\/\/nhadepbepxinh.com.vn\/index.php?rest_route=\/wp\/v2\/media\/2622"}],"wp:attachment":[{"href":"https:\/\/nhadepbepxinh.com.vn\/index.php?rest_route=%2Fwp%2Fv2%2Fmedia&parent=2621"}],"wp:term":[{"taxonomy":"product_brand","embeddable":true,"href":"https:\/\/nhadepbepxinh.com.vn\/index.php?rest_route=%2Fwp%2Fv2%2Fproduct_brand&post=2621"},{"taxonomy":"product_cat","embeddable":true,"href":"https:\/\/nhadepbepxinh.com.vn\/index.php?rest_route=%2Fwp%2Fv2%2Fproduct_cat&post=2621"},{"taxonomy":"product_tag","embeddable":true,"href":"https:\/\/nhadepbepxinh.com.vn\/index.php?rest_route=%2Fwp%2Fv2%2Fproduct_tag&post=2621"}],"curies":[{"name":"wp","href":"https:\/\/api.w.org\/{rel}","templated":true}]}}