{"id":2616,"date":"2025-03-28T16:38:44","date_gmt":"2025-03-28T09:38:44","guid":{"rendered":"https:\/\/nhadepbepxinh.com.vn\/?post_type=product&#038;p=2616"},"modified":"2025-04-14T08:30:45","modified_gmt":"2025-04-14T01:30:45","slug":"am-sieu-toc-thuy-tinh-lebenlang-dung-tich-1-7l","status":"publish","type":"product","link":"https:\/\/nhadepbepxinh.com.vn\/?product=am-sieu-toc-thuy-tinh-lebenlang-dung-tich-1-7l","title":{"rendered":"\u00c2\u0301M SI\u00caU T\u00d4\u0301C INOX LEBENLANG DUNG TI\u0301CH 1.7L"},"content":{"rendered":"<div class=\"title_text\">\u0110\u1eb7c \u0111i\u1ec3m n\u1ed5i b\u1eadt<\/div>\n<div class=\"detail\">\n<p>\u2611\ufe0f\u1ea4m \u0111un Lebenlang LBE2662 \u0111\u01b0\u1ee3c l\u00e0m t\u1eeb inox 304 gi\u00fap th\u00e0nh b\u00ecnh ch\u1eafc ch\u1eafn<br \/>\n\u2611\ufe0fM\u00e2m nhi\u1ec7t b\u1eb1ng ch\u1ea5t li\u1ec7u inox kh\u00f4ng g\u1ec9 s\u00e9t, gi\u00fap h\u1ea5p thu nhi\u1ec7t nhanh, h\u1ea1n ch\u1ebf r\u00f2 r\u1ec9 \u0111i\u1ec7n \u0111\u1ea3m b\u1ea3o an to\u00e0n khi s\u1eed d\u1ee5ng.<br \/>\n\u2611\ufe0fV\u1eadt li\u1ec7u s\u1ea3n xu\u1ea5t kh\u00f4ng ch\u1ee9a BPA, an to\u00e0n v\u1edbi s\u1ee9c kh\u1ecfe ng\u01b0\u1eddi s\u1eed d\u1ee5ng.<br \/>\n\u2611\ufe0fDung t\u00edch s\u1eed d\u1ee5ng l\u00ean t\u1edbi 1.7L ph\u00f9 h\u1ee3p cho nhu c\u1ea7u c\u1ee7a nhi\u1ec1u ng\u01b0\u1eddi s\u1eed d\u1ee5ng<\/p>\n<\/div>\n","protected":false},"excerpt":{"rendered":"<div class=\"title_text\">\u0110\u1eb7c \u0111i\u1ec3m n\u1ed5i b\u1eadt<\/div>\n<div class=\"detail\">\n<p>\u2611\ufe0f\u1ea4m \u0111un Lebenlang LBE2662 \u0111\u01b0\u1ee3c l\u00e0m t\u1eeb inox 304 gi\u00fap th\u00e0nh b\u00ecnh ch\u1eafc ch\u1eafn<br \/>\n\u2611\ufe0fM\u00e2m nhi\u1ec7t b\u1eb1ng ch\u1ea5t li\u1ec7u inox kh\u00f4ng g\u1ec9 s\u00e9t, gi\u00fap h\u1ea5p thu nhi\u1ec7t nhanh, h\u1ea1n ch\u1ebf r\u00f2 r\u1ec9 \u0111i\u1ec7n \u0111\u1ea3m b\u1ea3o an to\u00e0n khi s\u1eed d\u1ee5ng.<br \/>\n\u2611\ufe0fV\u1eadt li\u1ec7u s\u1ea3n xu\u1ea5t kh\u00f4ng ch\u1ee9a BPA, an to\u00e0n v\u1edbi s\u1ee9c kh\u1ecfe ng\u01b0\u1eddi s\u1eed d\u1ee5ng.<br \/>\n\u2611\ufe0fDung t\u00edch s\u1eed d\u1ee5ng l\u00ean t\u1edbi 1.7L ph\u00f9 h\u1ee3p cho nhu c\u1ea7u c\u1ee7a nhi\u1ec1u ng\u01b0\u1eddi s\u1eed d\u1ee5ng<\/p>\n<\/div>\n","protected":false},"featured_media":4829,"comment_status":"open","ping_status":"closed","template":"","meta":[],"product_brand":[],"product_cat":[61,76],"product_tag":[],"class_list":{"0":"post-2616","1":"product","2":"type-product","3":"status-publish","4":"has-post-thumbnail","6":"product_cat-hang-gia-dung","7":"product_cat-am-dun-sieu-toc","9":"first","10":"instock","11":"shipping-taxable","12":"product-type-simple"},"_links":{"self":[{"href":"https:\/\/nhadepbepxinh.com.vn\/index.php?rest_route=\/wp\/v2\/product\/2616","targetHints":{"allow":["GET"]}}],"collection":[{"href":"https:\/\/nhadepbepxinh.com.vn\/index.php?rest_route=\/wp\/v2\/product"}],"about":[{"href":"https:\/\/nhadepbepxinh.com.vn\/index.php?rest_route=\/wp\/v2\/types\/product"}],"replies":[{"embeddable":true,"href":"https:\/\/nhadepbepxinh.com.vn\/index.php?rest_route=%2Fwp%2Fv2%2Fcomments&post=2616"}],"wp:featuredmedia":[{"embeddable":true,"href":"https:\/\/nhadepbepxinh.com.vn\/index.php?rest_route=\/wp\/v2\/media\/4829"}],"wp:attachment":[{"href":"https:\/\/nhadepbepxinh.com.vn\/index.php?rest_route=%2Fwp%2Fv2%2Fmedia&parent=2616"}],"wp:term":[{"taxonomy":"product_brand","embeddable":true,"href":"https:\/\/nhadepbepxinh.com.vn\/index.php?rest_route=%2Fwp%2Fv2%2Fproduct_brand&post=2616"},{"taxonomy":"product_cat","embeddable":true,"href":"https:\/\/nhadepbepxinh.com.vn\/index.php?rest_route=%2Fwp%2Fv2%2Fproduct_cat&post=2616"},{"taxonomy":"product_tag","embeddable":true,"href":"https:\/\/nhadepbepxinh.com.vn\/index.php?rest_route=%2Fwp%2Fv2%2Fproduct_tag&post=2616"}],"curies":[{"name":"wp","href":"https:\/\/api.w.org\/{rel}","templated":true}]}}