{"id":2609,"date":"2025-03-28T16:34:46","date_gmt":"2025-03-28T09:34:46","guid":{"rendered":"https:\/\/nhadepbepxinh.com.vn\/?post_type=product&#038;p=2609"},"modified":"2025-04-14T08:20:15","modified_gmt":"2025-04-14T01:20:15","slug":"am-sieu-toc-thuy-tinh-lebenlang-dung-tich-1-8l","status":"publish","type":"product","link":"https:\/\/nhadepbepxinh.com.vn\/?product=am-sieu-toc-thuy-tinh-lebenlang-dung-tich-1-8l","title":{"rendered":"\u00c2\u0301M SI\u00caU T\u00d4\u0301C THU\u0309Y TINH LEBENLANG DUNG TI\u0301CH 1.8L"},"content":{"rendered":"<div>\n<p><strong>\u01afu \u0111i\u1ebfm s\u1ea3n ph\u1ea9m \u00e2\u0301m \u0111un n\u01b0\u1edbc si\u00eau t\u1ed1c th\u1ee7y tinh Lebenlang 1.8L<\/strong><\/p>\n<ul>\n<li>C\u00f4ng su\u1ea5t l\u1edbn v\u1edbi kh\u1ea3 n\u0103ng \u0111un s\u00f4i nhanh ch\u00f3ng ch\u1ec9 trong \u00edt ph\u00fat.<\/li>\n<li>\u1ea4m \u0111\u01b0\u1ee3c l\u00e0m t\u1eeb ch\u1ea5t li\u1ec7u th\u1ee7y tinh trong su\u1ed1t mang l\u1ea1i v\u1ebb \u0111\u1eb9p sang tr\u1ecdng, tinh t\u1ebf v\u00e0 trang nh\u00e3 cho c\u0103n b\u1ebfp c\u1ee7a gia \u0111\u00ecnh b\u1ea1n.<\/li>\n<li>Th\u1ee7y tinh an to\u00e0n do kh\u00f4ng th\u00f4i nhi\u1ec5m ch\u1ea5t \u0111\u1ed9c h\u1ea1i v\u00e0o n\u01b0\u1edbc u\u1ed1ng.<\/li>\n<li>S\u1eed d\u1ee5ng c\u1ee5m \u0111\u00e8n LED m\u00e0u xanh d\u01b0\u01a1ng s\u00e1ng l\u00ean khi \u0111un n\u01b0\u1edbc, t\u1ea1o n\u00ean v\u1ebb \u0111\u1ed9c \u0111\u00e1o cho s\u1ea3n ph\u1ea9m.<\/li>\n<li>\u1ea4m c\u00f3 ch\u1ee9c n\u0103ng t\u1ef1 ng\u1eaft khi n\u01b0\u1edbc s\u00f4i, c\u1ea1n \u0111\u1ea3m b\u1ea3o an to\u00e0n v\u00e0 ti\u1ebft ki\u1ec7m \u0111i\u1ec7n cho ng\u01b0\u1eddi s\u1eed d\u1ee5ng.<\/li>\n<li>L\u00f5i l\u1ecdc th\u00e1o l\u1eafp d\u1ec5 d\u00e0ng.<\/li>\n<\/ul>\n<\/div>\n<p>&nbsp;<\/p>\n<p>&nbsp;<\/p>\n","protected":false},"excerpt":{"rendered":"<h1 class=\"title-head\">LBE2819 &#8211; \u1ea4m si\u00eau t\u1ed1c, \u1ea5m \u0111un n\u01b0\u1edbc th\u1ee7y tinh LEBENLANG dung t\u00edch 1800ml<\/h1>\n","protected":false},"featured_media":4823,"comment_status":"open","ping_status":"closed","template":"","meta":[],"product_brand":[],"product_cat":[61,76],"product_tag":[],"class_list":{"0":"post-2609","1":"product","2":"type-product","3":"status-publish","4":"has-post-thumbnail","6":"product_cat-hang-gia-dung","7":"product_cat-am-dun-sieu-toc","9":"first","10":"instock","11":"shipping-taxable","12":"product-type-simple"},"_links":{"self":[{"href":"https:\/\/nhadepbepxinh.com.vn\/index.php?rest_route=\/wp\/v2\/product\/2609","targetHints":{"allow":["GET"]}}],"collection":[{"href":"https:\/\/nhadepbepxinh.com.vn\/index.php?rest_route=\/wp\/v2\/product"}],"about":[{"href":"https:\/\/nhadepbepxinh.com.vn\/index.php?rest_route=\/wp\/v2\/types\/product"}],"replies":[{"embeddable":true,"href":"https:\/\/nhadepbepxinh.com.vn\/index.php?rest_route=%2Fwp%2Fv2%2Fcomments&post=2609"}],"wp:featuredmedia":[{"embeddable":true,"href":"https:\/\/nhadepbepxinh.com.vn\/index.php?rest_route=\/wp\/v2\/media\/4823"}],"wp:attachment":[{"href":"https:\/\/nhadepbepxinh.com.vn\/index.php?rest_route=%2Fwp%2Fv2%2Fmedia&parent=2609"}],"wp:term":[{"taxonomy":"product_brand","embeddable":true,"href":"https:\/\/nhadepbepxinh.com.vn\/index.php?rest_route=%2Fwp%2Fv2%2Fproduct_brand&post=2609"},{"taxonomy":"product_cat","embeddable":true,"href":"https:\/\/nhadepbepxinh.com.vn\/index.php?rest_route=%2Fwp%2Fv2%2Fproduct_cat&post=2609"},{"taxonomy":"product_tag","embeddable":true,"href":"https:\/\/nhadepbepxinh.com.vn\/index.php?rest_route=%2Fwp%2Fv2%2Fproduct_tag&post=2609"}],"curies":[{"name":"wp","href":"https:\/\/api.w.org\/{rel}","templated":true}]}}