{"id":2496,"date":"2025-03-28T10:57:45","date_gmt":"2025-03-28T03:57:45","guid":{"rendered":"https:\/\/nhadepbepxinh.com.vn\/?post_type=product&#038;p=2496"},"modified":"2025-03-28T10:57:45","modified_gmt":"2025-03-28T03:57:45","slug":"noi-ap-suat-dien-da-nang-tefal-home-chef-cy601868","status":"publish","type":"product","link":"https:\/\/nhadepbepxinh.com.vn\/?product=noi-ap-suat-dien-da-nang-tefal-home-chef-cy601868","title":{"rendered":"N\u00d4\u0300I A\u0301P SU\u00c2\u0301T \u0110I\u00ca\u0323N \u0110A N\u0102NG TEFAL HOME CHEF CY601868"},"content":{"rendered":"<p><strong>\u0110\u0102\u0323C \u0110I\u00ca\u0309M SA\u0309N PH\u00c2\u0309M<\/strong><\/p>\n<ul>\n<li>N\u1ea5u nhanh:N\u1ed3i \u00e1p su\u1ea5t n\u1ea5u nhanh h\u01a1n t\u1edbi 80% gi\u00fap b\u1ea1n ti\u1ebft ki\u1ec7m th\u1eddi gian*<\/li>\n<li>\u0110a n\u0103ng: N\u1ed3i n\u1ea5u \u0111a n\u0103ng cung c\u1ea5p nhi\u1ec1u ch\u01b0\u01a1ng tr\u00ecnh kh\u00e1c nhau \u0111\u1ec3 thay \u0111\u1ed5i b\u1eefa \u0103n h\u00e0ng ng\u00e0y c\u1ee7a b\u1ea1n, bao g\u1ed3m 15 ch\u01b0\u01a1ng tr\u00ecnh c\u00e0i \u0111\u1eb7t s\u1eb5n v\u00e0 2 ch\u1ee9c n\u0103ng \u0111\u1eb7c bi\u1ec7t<\/li>\n<li>D\u1ec5 s\u1eed d\u1ee5ng: S\u1eed d\u1ee5ng 15 ch\u01b0\u01a1ng tr\u00ecnh c\u00e0i \u0111\u1eb7t s\u1eb5n v\u00e0 2 ch\u1ee9c n\u0103ng \u0111\u1eb7c bi\u1ec7t b\u1eb1ng c\u00e1chnh\u1ea5n n\u00fat<\/li>\n<li>C\u00f4ng th\u1ee9c n\u1ea5u \u0103n \u0111\u1eb7c bi\u1ec7t: C\u00e1c ch\u1ee9c n\u0103ng d\u00e0nh cho nh\u1eefng c\u00f4ng th\u1ee9c n\u1ea5u \u0103n \u0111\u1eb7c bi\u1ec7t nh\u01b0 Sous-Vide, B\u00e0o ng\u01b0 v\u00e0 C\u01a1m nhanh<\/li>\n<li>C\u00e1c ch\u1ee9c n\u0103ng \u0111\u1eb7c bi\u1ec7t: Ch\u1eb3ng h\u1ea1n nh\u01b0 L\u00e0m \u0111\u1eb7c n\u01b0\u1edbc s\u1ed1t<\/li>\n<li>Ti\u1ec7n d\u1ee5ng: Ch\u1ee9c n\u0103ng gi\u1eef \u1ea5m t\u1ef1 \u0111\u1ed9ng v\u00e0 h\u1eb9n gi\u1edd c\u00e0i \u0111\u1eb7t tr\u01b0\u1edbc, c\u1ea3 hai \u0111\u1ec1uc\u00f3 th\u1eddi gian l\u00ean \u0111\u1ebfn 24 gi\u1edd<\/li>\n<li>An to\u00e0n: 12 t\u00ednh n\u0103ng an to\u00e0n gi\u00fap b\u1ea3o m\u1eadt t\u1ed1i \u01b0u trong qu\u00e1 tr\u00ecnh s\u1eed d\u1ee5ng<\/li>\n<li>Dung t\u00edch l\u1edbn: L\u00fd t\u01b0\u1edfng cho c\u1ea3 gia \u0111\u00ecnh (6 L)<\/li>\n<li>Ph\u1ee5 ki\u1ec7n d\u1ec5 l\u00e0m s\u1ea1ch: Ph\u1ee5 ki\u1ec7n d\u00f9ng \u0111\u01b0\u1ee3c trong m\u00e1y r\u1eeda ch\u00e9n, bao g\u1ed3mca \u0111ong, th\u00eca x\u1edbi c\u01a1m, th\u00eca s\u00fap, khay h\u1ea5p<\/li>\n<\/ul>\n","protected":false},"excerpt":{"rendered":"<p>N\u1ed3i \u00e1p su\u1ea5t \u0111i\u1ec7n Tefal CY601868 6 l\u00edt c\u1ee7a th\u01b0\u01a1ng hi\u1ec7u Ph\u00e1p uy t\u00edn, thi\u1ebft k\u1ebf \u0111\u1eb9p, \u0111a ch\u1ee9c n\u0103ng, d\u00f9ng \u0111\u01a1n gi\u1ea3n v\u00e0 ti\u1ec7n l\u1ee3i, l\u1ef1a ch\u1ecdn cho b\u1ebfp gia \u0111\u00ecnh th\u00eam \u0111\u1eb9p, b\u1eefa \u0103n gia \u0111\u00ecnh th\u00eam dinh d\u01b0\u1ee1ng.<\/p>\n","protected":false},"featured_media":2498,"comment_status":"open","ping_status":"closed","template":"","meta":[],"product_brand":[],"product_cat":[61,64],"product_tag":[],"class_list":{"0":"post-2496","1":"product","2":"type-product","3":"status-publish","4":"has-post-thumbnail","6":"product_cat-hang-gia-dung","7":"product_cat-noi-ap-suat","9":"first","10":"instock","11":"shipping-taxable","12":"product-type-simple"},"_links":{"self":[{"href":"https:\/\/nhadepbepxinh.com.vn\/index.php?rest_route=\/wp\/v2\/product\/2496","targetHints":{"allow":["GET"]}}],"collection":[{"href":"https:\/\/nhadepbepxinh.com.vn\/index.php?rest_route=\/wp\/v2\/product"}],"about":[{"href":"https:\/\/nhadepbepxinh.com.vn\/index.php?rest_route=\/wp\/v2\/types\/product"}],"replies":[{"embeddable":true,"href":"https:\/\/nhadepbepxinh.com.vn\/index.php?rest_route=%2Fwp%2Fv2%2Fcomments&post=2496"}],"wp:featuredmedia":[{"embeddable":true,"href":"https:\/\/nhadepbepxinh.com.vn\/index.php?rest_route=\/wp\/v2\/media\/2498"}],"wp:attachment":[{"href":"https:\/\/nhadepbepxinh.com.vn\/index.php?rest_route=%2Fwp%2Fv2%2Fmedia&parent=2496"}],"wp:term":[{"taxonomy":"product_brand","embeddable":true,"href":"https:\/\/nhadepbepxinh.com.vn\/index.php?rest_route=%2Fwp%2Fv2%2Fproduct_brand&post=2496"},{"taxonomy":"product_cat","embeddable":true,"href":"https:\/\/nhadepbepxinh.com.vn\/index.php?rest_route=%2Fwp%2Fv2%2Fproduct_cat&post=2496"},{"taxonomy":"product_tag","embeddable":true,"href":"https:\/\/nhadepbepxinh.com.vn\/index.php?rest_route=%2Fwp%2Fv2%2Fproduct_tag&post=2496"}],"curies":[{"name":"wp","href":"https:\/\/api.w.org\/{rel}","templated":true}]}}