{"id":2021,"date":"2025-03-27T11:25:00","date_gmt":"2025-03-27T04:25:00","guid":{"rendered":"https:\/\/nhadepbepxinh.com.vn\/?post_type=product&#038;p=2021"},"modified":"2025-03-27T11:25:00","modified_gmt":"2025-03-27T04:25:00","slug":"bon-cau-thong-minh-enic-smart-k3","status":"publish","type":"product","link":"https:\/\/nhadepbepxinh.com.vn\/?product=bon-cau-thong-minh-enic-smart-k3","title":{"rendered":"B\u00d4\u0300N C\u00c2\u0300U TH\u00d4NG MINH ENIC SMART K3"},"content":{"rendered":"<p><img loading=\"lazy\" decoding=\"async\" class=\"aligncenter size-full wp-image-41746\" src=\"https:\/\/enic.vn\/wp-content\/uploads\/2024\/11\/1-copy.jpg\" sizes=\"auto, (max-width: 800px) 100vw, 800px\" srcset=\"https:\/\/enic.vn\/wp-content\/uploads\/2024\/11\/1-copy.jpg 800w, https:\/\/enic.vn\/wp-content\/uploads\/2024\/11\/1-copy-200x300.jpg 200w, https:\/\/enic.vn\/wp-content\/uploads\/2024\/11\/1-copy-683x1024.jpg 683w, https:\/\/enic.vn\/wp-content\/uploads\/2024\/11\/1-copy-768x1152.jpg 768w, https:\/\/enic.vn\/wp-content\/uploads\/2024\/11\/1-copy-600x900.jpg 600w, https:\/\/enic.vn\/wp-content\/uploads\/2024\/11\/1-copy-64x96.jpg 64w\" alt=\"\" width=\"800\" height=\"1200\" \/><img loading=\"lazy\" decoding=\"async\" class=\"aligncenter size-full wp-image-41747\" src=\"https:\/\/enic.vn\/wp-content\/uploads\/2024\/11\/2-copy.jpg\" sizes=\"auto, (max-width: 800px) 100vw, 800px\" srcset=\"https:\/\/enic.vn\/wp-content\/uploads\/2024\/11\/2-copy.jpg 800w, https:\/\/enic.vn\/wp-content\/uploads\/2024\/11\/2-copy-267x300.jpg 267w, https:\/\/enic.vn\/wp-content\/uploads\/2024\/11\/2-copy-768x864.jpg 768w, https:\/\/enic.vn\/wp-content\/uploads\/2024\/11\/2-copy-600x675.jpg 600w, https:\/\/enic.vn\/wp-content\/uploads\/2024\/11\/2-copy-64x72.jpg 64w\" alt=\"\" width=\"800\" height=\"900\" \/><img loading=\"lazy\" decoding=\"async\" class=\"aligncenter size-full wp-image-41748\" src=\"https:\/\/enic.vn\/wp-content\/uploads\/2024\/11\/3-copy.jpg\" sizes=\"auto, (max-width: 800px) 100vw, 800px\" srcset=\"https:\/\/enic.vn\/wp-content\/uploads\/2024\/11\/3-copy.jpg 800w, https:\/\/enic.vn\/wp-content\/uploads\/2024\/11\/3-copy-300x300.jpg 300w, https:\/\/enic.vn\/wp-content\/uploads\/2024\/11\/3-copy-150x150.jpg 150w, https:\/\/enic.vn\/wp-content\/uploads\/2024\/11\/3-copy-768x768.jpg 768w, https:\/\/enic.vn\/wp-content\/uploads\/2024\/11\/3-copy-600x600.jpg 600w, https:\/\/enic.vn\/wp-content\/uploads\/2024\/11\/3-copy-100x100.jpg 100w, https:\/\/enic.vn\/wp-content\/uploads\/2024\/11\/3-copy-64x64.jpg 64w\" alt=\"\" width=\"800\" height=\"800\" \/><img loading=\"lazy\" decoding=\"async\" class=\"aligncenter size-full wp-image-41749\" src=\"https:\/\/enic.vn\/wp-content\/uploads\/2024\/11\/4-1.jpg\" sizes=\"auto, (max-width: 800px) 100vw, 800px\" srcset=\"https:\/\/enic.vn\/wp-content\/uploads\/2024\/11\/4-1.jpg 800w, https:\/\/enic.vn\/wp-content\/uploads\/2024\/11\/4-1-240x300.jpg 240w, https:\/\/enic.vn\/wp-content\/uploads\/2024\/11\/4-1-768x960.jpg 768w, https:\/\/enic.vn\/wp-content\/uploads\/2024\/11\/4-1-600x750.jpg 600w, https:\/\/enic.vn\/wp-content\/uploads\/2024\/11\/4-1-64x80.jpg 64w\" alt=\"\" width=\"800\" height=\"1000\" \/><img loading=\"lazy\" decoding=\"async\" class=\"aligncenter size-full wp-image-41750\" src=\"https:\/\/enic.vn\/wp-content\/uploads\/2024\/11\/5-1.jpg\" sizes=\"auto, (max-width: 800px) 100vw, 800px\" srcset=\"https:\/\/enic.vn\/wp-content\/uploads\/2024\/11\/5-1.jpg 800w, https:\/\/enic.vn\/wp-content\/uploads\/2024\/11\/5-1-240x300.jpg 240w, https:\/\/enic.vn\/wp-content\/uploads\/2024\/11\/5-1-768x960.jpg 768w, https:\/\/enic.vn\/wp-content\/uploads\/2024\/11\/5-1-600x750.jpg 600w, https:\/\/enic.vn\/wp-content\/uploads\/2024\/11\/5-1-64x80.jpg 64w\" alt=\"\" width=\"800\" height=\"1000\" \/><img loading=\"lazy\" decoding=\"async\" class=\"aligncenter size-full wp-image-41751\" src=\"https:\/\/enic.vn\/wp-content\/uploads\/2024\/11\/6-1.jpg\" sizes=\"auto, (max-width: 800px) 100vw, 800px\" srcset=\"https:\/\/enic.vn\/wp-content\/uploads\/2024\/11\/6-1.jpg 800w, https:\/\/enic.vn\/wp-content\/uploads\/2024\/11\/6-1-267x300.jpg 267w, https:\/\/enic.vn\/wp-content\/uploads\/2024\/11\/6-1-768x864.jpg 768w, https:\/\/enic.vn\/wp-content\/uploads\/2024\/11\/6-1-600x675.jpg 600w, https:\/\/enic.vn\/wp-content\/uploads\/2024\/11\/6-1-64x72.jpg 64w\" alt=\"\" width=\"800\" height=\"900\" \/><img loading=\"lazy\" decoding=\"async\" class=\"aligncenter size-full wp-image-41752\" src=\"https:\/\/enic.vn\/wp-content\/uploads\/2024\/11\/7-copy.jpg\" sizes=\"auto, (max-width: 800px) 100vw, 800px\" srcset=\"https:\/\/enic.vn\/wp-content\/uploads\/2024\/11\/7-copy.jpg 800w, https:\/\/enic.vn\/wp-content\/uploads\/2024\/11\/7-copy-300x300.jpg 300w, https:\/\/enic.vn\/wp-content\/uploads\/2024\/11\/7-copy-150x150.jpg 150w, https:\/\/enic.vn\/wp-content\/uploads\/2024\/11\/7-copy-768x768.jpg 768w, https:\/\/enic.vn\/wp-content\/uploads\/2024\/11\/7-copy-600x600.jpg 600w, https:\/\/enic.vn\/wp-content\/uploads\/2024\/11\/7-copy-100x100.jpg 100w, https:\/\/enic.vn\/wp-content\/uploads\/2024\/11\/7-copy-64x64.jpg 64w\" alt=\"\" width=\"800\" height=\"800\" \/><img loading=\"lazy\" decoding=\"async\" class=\"aligncenter size-full wp-image-41753\" src=\"https:\/\/enic.vn\/wp-content\/uploads\/2024\/11\/8-copy.jpg\" sizes=\"auto, (max-width: 800px) 100vw, 800px\" srcset=\"https:\/\/enic.vn\/wp-content\/uploads\/2024\/11\/8-copy.jpg 800w, https:\/\/enic.vn\/wp-content\/uploads\/2024\/11\/8-copy-229x300.jpg 229w, https:\/\/enic.vn\/wp-content\/uploads\/2024\/11\/8-copy-780x1024.jpg 780w, https:\/\/enic.vn\/wp-content\/uploads\/2024\/11\/8-copy-768x1008.jpg 768w, https:\/\/enic.vn\/wp-content\/uploads\/2024\/11\/8-copy-600x788.jpg 600w, https:\/\/enic.vn\/wp-content\/uploads\/2024\/11\/8-copy-64x84.jpg 64w\" alt=\"\" width=\"800\" height=\"1050\" \/><img loading=\"lazy\" decoding=\"async\" class=\"aligncenter size-full wp-image-41754 lazyloaded\" src=\"https:\/\/enic.vn\/wp-content\/uploads\/2024\/11\/9-copy.jpg\" sizes=\"auto, (max-width: 800px) 100vw, 800px\" srcset=\"https:\/\/enic.vn\/wp-content\/uploads\/2024\/11\/9-copy.jpg 800w, https:\/\/enic.vn\/wp-content\/uploads\/2024\/11\/9-copy-240x300.jpg 240w, https:\/\/enic.vn\/wp-content\/uploads\/2024\/11\/9-copy-768x960.jpg 768w, https:\/\/enic.vn\/wp-content\/uploads\/2024\/11\/9-copy-600x750.jpg 600w, https:\/\/enic.vn\/wp-content\/uploads\/2024\/11\/9-copy-64x80.jpg 64w\" alt=\"\" width=\"800\" height=\"1000\" data-ll-status=\"loaded\" \/><img loading=\"lazy\" decoding=\"async\" class=\"aligncenter size-full wp-image-41755\" src=\"https:\/\/enic.vn\/wp-content\/uploads\/2024\/11\/10-copy.jpg\" sizes=\"auto, (max-width: 800px) 100vw, 800px\" srcset=\"https:\/\/enic.vn\/wp-content\/uploads\/2024\/11\/10-copy.jpg 800w, https:\/\/enic.vn\/wp-content\/uploads\/2024\/11\/10-copy-300x300.jpg 300w, https:\/\/enic.vn\/wp-content\/uploads\/2024\/11\/10-copy-150x150.jpg 150w, https:\/\/enic.vn\/wp-content\/uploads\/2024\/11\/10-copy-768x768.jpg 768w, https:\/\/enic.vn\/wp-content\/uploads\/2024\/11\/10-copy-600x600.jpg 600w, https:\/\/enic.vn\/wp-content\/uploads\/2024\/11\/10-copy-100x100.jpg 100w, https:\/\/enic.vn\/wp-content\/uploads\/2024\/11\/10-copy-64x64.jpg 64w\" alt=\"\" width=\"800\" height=\"800\" \/><img loading=\"lazy\" decoding=\"async\" class=\"aligncenter size-full wp-image-41756\" src=\"https:\/\/enic.vn\/wp-content\/uploads\/2024\/11\/11-copy.jpg\" sizes=\"auto, (max-width: 800px) 100vw, 800px\" srcset=\"https:\/\/enic.vn\/wp-content\/uploads\/2024\/11\/11-copy.jpg 800w, https:\/\/enic.vn\/wp-content\/uploads\/2024\/11\/11-copy-267x300.jpg 267w, https:\/\/enic.vn\/wp-content\/uploads\/2024\/11\/11-copy-768x864.jpg 768w, https:\/\/enic.vn\/wp-content\/uploads\/2024\/11\/11-copy-600x675.jpg 600w, https:\/\/enic.vn\/wp-content\/uploads\/2024\/11\/11-copy-64x72.jpg 64w\" alt=\"\" width=\"800\" height=\"900\" \/><img loading=\"lazy\" decoding=\"async\" class=\"aligncenter size-full wp-image-41757\" src=\"https:\/\/enic.vn\/wp-content\/uploads\/2024\/11\/12-copy.jpg\" sizes=\"auto, (max-width: 800px) 100vw, 800px\" srcset=\"https:\/\/enic.vn\/wp-content\/uploads\/2024\/11\/12-copy.jpg 800w, https:\/\/enic.vn\/wp-content\/uploads\/2024\/11\/12-copy-300x300.jpg 300w, https:\/\/enic.vn\/wp-content\/uploads\/2024\/11\/12-copy-150x150.jpg 150w, https:\/\/enic.vn\/wp-content\/uploads\/2024\/11\/12-copy-768x768.jpg 768w, https:\/\/enic.vn\/wp-content\/uploads\/2024\/11\/12-copy-600x600.jpg 600w, https:\/\/enic.vn\/wp-content\/uploads\/2024\/11\/12-copy-100x100.jpg 100w, https:\/\/enic.vn\/wp-content\/uploads\/2024\/11\/12-copy-64x64.jpg 64w\" alt=\"\" width=\"800\" height=\"800\" \/><img loading=\"lazy\" decoding=\"async\" class=\"aligncenter size-full wp-image-41758\" src=\"https:\/\/enic.vn\/wp-content\/uploads\/2024\/11\/13-2.jpg\" sizes=\"auto, (max-width: 800px) 100vw, 800px\" srcset=\"https:\/\/enic.vn\/wp-content\/uploads\/2024\/11\/13-2.jpg 800w, https:\/\/enic.vn\/wp-content\/uploads\/2024\/11\/13-2-300x300.jpg 300w, https:\/\/enic.vn\/wp-content\/uploads\/2024\/11\/13-2-150x150.jpg 150w, https:\/\/enic.vn\/wp-content\/uploads\/2024\/11\/13-2-768x768.jpg 768w, https:\/\/enic.vn\/wp-content\/uploads\/2024\/11\/13-2-600x600.jpg 600w, https:\/\/enic.vn\/wp-content\/uploads\/2024\/11\/13-2-100x100.jpg 100w, https:\/\/enic.vn\/wp-content\/uploads\/2024\/11\/13-2-64x64.jpg 64w\" alt=\"\" width=\"800\" height=\"800\" \/><img loading=\"lazy\" decoding=\"async\" class=\"aligncenter size-full wp-image-41759\" src=\"https:\/\/enic.vn\/wp-content\/uploads\/2024\/11\/14-1.jpg\" sizes=\"auto, (max-width: 800px) 100vw, 800px\" srcset=\"https:\/\/enic.vn\/wp-content\/uploads\/2024\/11\/14-1.jpg 800w, https:\/\/enic.vn\/wp-content\/uploads\/2024\/11\/14-1-240x300.jpg 240w, https:\/\/enic.vn\/wp-content\/uploads\/2024\/11\/14-1-768x960.jpg 768w, https:\/\/enic.vn\/wp-content\/uploads\/2024\/11\/14-1-600x750.jpg 600w, https:\/\/enic.vn\/wp-content\/uploads\/2024\/11\/14-1-64x80.jpg 64w\" alt=\"\" width=\"800\" height=\"1000\" \/><img loading=\"lazy\" decoding=\"async\" class=\"aligncenter size-full wp-image-41760\" src=\"https:\/\/enic.vn\/wp-content\/uploads\/2024\/11\/15-2.jpg\" sizes=\"auto, (max-width: 800px) 100vw, 800px\" srcset=\"https:\/\/enic.vn\/wp-content\/uploads\/2024\/11\/15-2.jpg 800w, https:\/\/enic.vn\/wp-content\/uploads\/2024\/11\/15-2-300x300.jpg 300w, https:\/\/enic.vn\/wp-content\/uploads\/2024\/11\/15-2-150x150.jpg 150w, https:\/\/enic.vn\/wp-content\/uploads\/2024\/11\/15-2-768x768.jpg 768w, https:\/\/enic.vn\/wp-content\/uploads\/2024\/11\/15-2-600x600.jpg 600w, https:\/\/enic.vn\/wp-content\/uploads\/2024\/11\/15-2-100x100.jpg 100w, https:\/\/enic.vn\/wp-content\/uploads\/2024\/11\/15-2-64x64.jpg 64w\" alt=\"\" width=\"800\" height=\"800\" \/><img loading=\"lazy\" decoding=\"async\" class=\"aligncenter size-full wp-image-41761 lazyloaded\" src=\"https:\/\/enic.vn\/wp-content\/uploads\/2024\/11\/16.1-copy.jpg\" sizes=\"auto, (max-width: 800px) 100vw, 800px\" srcset=\"https:\/\/enic.vn\/wp-content\/uploads\/2024\/11\/16.1-copy.jpg 800w, https:\/\/enic.vn\/wp-content\/uploads\/2024\/11\/16.1-copy-240x300.jpg 240w, https:\/\/enic.vn\/wp-content\/uploads\/2024\/11\/16.1-copy-768x960.jpg 768w, https:\/\/enic.vn\/wp-content\/uploads\/2024\/11\/16.1-copy-600x750.jpg 600w, https:\/\/enic.vn\/wp-content\/uploads\/2024\/11\/16.1-copy-64x80.jpg 64w\" alt=\"\" width=\"800\" height=\"1000\" data-ll-status=\"loaded\" \/><img loading=\"lazy\" decoding=\"async\" class=\"aligncenter size-full wp-image-41762\" src=\"https:\/\/enic.vn\/wp-content\/uploads\/2024\/11\/16.2-copy.jpg\" sizes=\"auto, (max-width: 800px) 100vw, 800px\" srcset=\"https:\/\/enic.vn\/wp-content\/uploads\/2024\/11\/16.2-copy.jpg 800w, https:\/\/enic.vn\/wp-content\/uploads\/2024\/11\/16.2-copy-300x300.jpg 300w, https:\/\/enic.vn\/wp-content\/uploads\/2024\/11\/16.2-copy-150x150.jpg 150w, https:\/\/enic.vn\/wp-content\/uploads\/2024\/11\/16.2-copy-768x768.jpg 768w, https:\/\/enic.vn\/wp-content\/uploads\/2024\/11\/16.2-copy-600x600.jpg 600w, https:\/\/enic.vn\/wp-content\/uploads\/2024\/11\/16.2-copy-100x100.jpg 100w, https:\/\/enic.vn\/wp-content\/uploads\/2024\/11\/16.2-copy-64x64.jpg 64w\" alt=\"\" width=\"800\" height=\"800\" \/><img loading=\"lazy\" decoding=\"async\" class=\"aligncenter size-full wp-image-41763\" src=\"https:\/\/enic.vn\/wp-content\/uploads\/2024\/11\/17-copy.jpg\" sizes=\"auto, (max-width: 800px) 100vw, 800px\" srcset=\"https:\/\/enic.vn\/wp-content\/uploads\/2024\/11\/17-copy.jpg 800w, https:\/\/enic.vn\/wp-content\/uploads\/2024\/11\/17-copy-300x300.jpg 300w, https:\/\/enic.vn\/wp-content\/uploads\/2024\/11\/17-copy-150x150.jpg 150w, https:\/\/enic.vn\/wp-content\/uploads\/2024\/11\/17-copy-768x768.jpg 768w, https:\/\/enic.vn\/wp-content\/uploads\/2024\/11\/17-copy-600x600.jpg 600w, https:\/\/enic.vn\/wp-content\/uploads\/2024\/11\/17-copy-100x100.jpg 100w, https:\/\/enic.vn\/wp-content\/uploads\/2024\/11\/17-copy-64x64.jpg 64w\" alt=\"\" width=\"800\" height=\"800\" \/><img loading=\"lazy\" decoding=\"async\" class=\"aligncenter size-full wp-image-41764\" src=\"https:\/\/enic.vn\/wp-content\/uploads\/2024\/11\/18-copy.jpg\" sizes=\"auto, (max-width: 800px) 100vw, 800px\" srcset=\"https:\/\/enic.vn\/wp-content\/uploads\/2024\/11\/18-copy.jpg 800w, https:\/\/enic.vn\/wp-content\/uploads\/2024\/11\/18-copy-300x300.jpg 300w, https:\/\/enic.vn\/wp-content\/uploads\/2024\/11\/18-copy-150x150.jpg 150w, https:\/\/enic.vn\/wp-content\/uploads\/2024\/11\/18-copy-768x768.jpg 768w, https:\/\/enic.vn\/wp-content\/uploads\/2024\/11\/18-copy-600x600.jpg 600w, https:\/\/enic.vn\/wp-content\/uploads\/2024\/11\/18-copy-100x100.jpg 100w, https:\/\/enic.vn\/wp-content\/uploads\/2024\/11\/18-copy-64x64.jpg 64w\" alt=\"\" width=\"800\" height=\"800\" \/><img loading=\"lazy\" decoding=\"async\" class=\"aligncenter size-full wp-image-44553\" src=\"https:\/\/enic.vn\/wp-content\/uploads\/2024\/11\/K3.jpg\" sizes=\"auto, (max-width: 800px) 100vw, 800px\" srcset=\"https:\/\/enic.vn\/wp-content\/uploads\/2024\/11\/K3.jpg 800w, https:\/\/enic.vn\/wp-content\/uploads\/2024\/11\/K3-300x300.jpg 300w, https:\/\/enic.vn\/wp-content\/uploads\/2024\/11\/K3-150x150.jpg 150w, https:\/\/enic.vn\/wp-content\/uploads\/2024\/11\/K3-768x768.jpg 768w, https:\/\/enic.vn\/wp-content\/uploads\/2024\/11\/K3-600x600.jpg 600w, https:\/\/enic.vn\/wp-content\/uploads\/2024\/11\/K3-100x100.jpg 100w, https:\/\/enic.vn\/wp-content\/uploads\/2024\/11\/K3-64x64.jpg 64w\" alt=\"\" width=\"800\" height=\"800\" \/><\/p>\n<h2 id=\"thongso\">Th\u00f4ng s\u1ed1<\/h2>\n<p><img loading=\"lazy\" decoding=\"async\" class=\"aligncenter size-full wp-image-41765\" src=\"https:\/\/enic.vn\/wp-content\/uploads\/2024\/11\/19-copy.jpg\" sizes=\"auto, (max-width: 800px) 100vw, 800px\" srcset=\"https:\/\/enic.vn\/wp-content\/uploads\/2024\/11\/19-copy.jpg 800w, https:\/\/enic.vn\/wp-content\/uploads\/2024\/11\/19-copy-300x300.jpg 300w, https:\/\/enic.vn\/wp-content\/uploads\/2024\/11\/19-copy-150x150.jpg 150w, https:\/\/enic.vn\/wp-content\/uploads\/2024\/11\/19-copy-768x768.jpg 768w, https:\/\/enic.vn\/wp-content\/uploads\/2024\/11\/19-copy-600x600.jpg 600w, https:\/\/enic.vn\/wp-content\/uploads\/2024\/11\/19-copy-100x100.jpg 100w, https:\/\/enic.vn\/wp-content\/uploads\/2024\/11\/19-copy-64x64.jpg 64w\" alt=\"\" width=\"800\" height=\"800\" \/><img loading=\"lazy\" decoding=\"async\" class=\"aligncenter wp-image-46968 size-full\" src=\"https:\/\/enic.vn\/wp-content\/uploads\/2023\/07\/BC-K3.jpg\" sizes=\"auto, (max-width: 800px) 100vw, 800px\" srcset=\"https:\/\/enic.vn\/wp-content\/uploads\/2023\/07\/BC-K3.jpg 800w, https:\/\/enic.vn\/wp-content\/uploads\/2023\/07\/BC-K3-300x300.jpg 300w, https:\/\/enic.vn\/wp-content\/uploads\/2023\/07\/BC-K3-150x150.jpg 150w, https:\/\/enic.vn\/wp-content\/uploads\/2023\/07\/BC-K3-768x768.jpg 768w, https:\/\/enic.vn\/wp-content\/uploads\/2023\/07\/BC-K3-600x600.jpg 600w, https:\/\/enic.vn\/wp-content\/uploads\/2023\/07\/BC-K3-100x100.jpg 100w\" alt=\"\" width=\"800\" height=\"800\" \/><\/p>\n<div>\n<h2><strong>B\u1ed3n c\u1ea7u th\u00f4ng minh Enic Smart K3<\/strong><\/h2>\n<p><strong>B\u1ed3n c\u1ea7u th\u00f4ng minh Enic Smart K3<\/strong>\u00a0mang \u0111\u1ebfn tr\u1ea3i nghi\u1ec7m v\u1ec7 sinh hi\u1ec7n \u0111\u1ea1i v\u00e0 ti\u1ec7n nghi cho m\u1ecdi gia \u0111\u00ecnh. V\u1edbi v\u00f2i x\u1ecbt \u0111a ch\u1ebf \u0111\u1ed9, b\u1ea1n c\u00f3 th\u1ec3 d\u1ec5 d\u00e0ng l\u1ef1a ch\u1ecdn gi\u1eefa r\u1eeda sau, r\u1eeda ph\u1ee5 n\u1eef, hay t\u1ef1 l\u00e0m s\u1ea1ch v\u00f2i phun m\u1ed9t c\u00e1ch nhanh ch\u00f3ng v\u00e0 ti\u1ec7n l\u1ee3i.<\/p>\n<p>C\u00f4ng ngh\u1ec7 x\u1ea3 xo\u00e1y k\u1ebft h\u1ee3p x\u1ea3 ph\u1ea3n l\u1ef1c kh\u00f4ng ch\u1ec9 m\u1ea1nh m\u1ebd m\u00e0 c\u00f2n ti\u1ebft ki\u1ec7m n\u01b0\u1edbc hi\u1ec7u qu\u1ea3. S\u1ea3n ph\u1ea9m cho ph\u00e9p b\u1ea1n \u0111i\u1ec1u ch\u1ec9nh \u00e1p l\u1ef1c n\u01b0\u1edbc, v\u1ecb tr\u00ed v\u00f2i r\u1eeda theo \u00fd mu\u1ed1n, c\u00f9ng t\u00ednh n\u0103ng s\u1ea5y kh\u00f4 b\u1eb1ng kh\u00ed \u1ea5m, mang \u0111\u1ebfn c\u1ea3m gi\u00e1c tho\u1ea3i m\u00e1i t\u1ed1i \u0111a. Ngo\u00e0i ra,\u00a0<b>b\u1ed3n c\u1ea7u t\u1ef1 \u0111\u1ed9ng<\/b>\u00a0Enic Smart K3 c\u00f2n t\u00edch h\u1ee3p m\u00e0n h\u00ecnh\u00a0<strong>LED<\/strong>\u00a0hi\u1ec3n th\u1ecb th\u00f4ng s\u1ed1 nhi\u1ec7t \u0111\u1ed9, \u0111\u00e8n LED ban \u0111\u00eam ti\u1ec7n d\u1ee5ng v\u00e0 kh\u1ea3 n\u0103ng x\u1ea3 n\u01b0\u1edbc ngay c\u1ea3 khi m\u1ea5t \u0111i\u1ec7n. \u0110\u1eb7c bi\u1ec7t, v\u1edbi ti\u00eau chu\u1ea9n\u00a0<strong>ch\u1ed1ng n\u01b0\u1edbc IPX4<\/strong>, b\u1ea1n ho\u00e0n to\u00e0n y\u00ean t\u00e2m v\u1ec1 \u0111\u1ed9 b\u1ec1n v\u00e0 an to\u00e0n trong qu\u00e1 tr\u00ecnh s\u1eed d\u1ee5ng.<\/p>\n<\/div>\n","protected":false},"excerpt":{"rendered":"<table class=\"info-table\">\n<tbody>\n<tr>\n<th>K\u00edch th\u01b0\u1edbc (d\u00e0i*r\u1ed9ng*cao)<\/th>\n<td>695*406*450 mm<\/td>\n<\/tr>\n<tr>\n<th>T\u1ef1 \u0111\u1ed9ng l\u1eadt<\/th>\n<td>C\u00f3<\/td>\n<\/tr>\n<tr>\n<th>C\u1ea3m bi\u1ebfn \u0111\u00e1 ch\u00e2n, T\u1ef1 \u0111\u1ed9ng x\u1ea3 n\u01b0\u1edbc<\/th>\n<td>C\u00f3<\/td>\n<\/tr>\n<tr>\n<th>Remote \u0111i\u1ec1u khi\u1ec3n t\u1eeb xa<\/th>\n<td>C\u00f3<\/td>\n<\/tr>\n<tr>\n<th>N\u00fat xoay \u0111i\u1ec1u khi\u1ec3n t\u00ednh n\u0103ng b\u00ean h\u00f4ng<\/th>\n<td>C\u00f3<\/td>\n<\/tr>\n<tr>\n<th>V\u00f2i x\u1ecbt \u0111a ch\u1ebf \u0111\u1ed9<\/th>\n<td>R\u1eeda sau; R\u1eeda ph\u1ee5 n\u1eef; T\u1ef1 l\u00e0m s\u1ea1ch v\u00f2i phun<\/td>\n<\/tr>\n<tr>\n<th>Ph\u01b0\u01a1ng ph\u00e1p x\u1ea3<\/th>\n<td>X\u1ea3 xo\u00e1y k\u1ebft h\u1ee3p x\u1ea3 ph\u1ea3n l\u1ef1c<\/td>\n<\/tr>\n<tr>\n<th>T\u00ednh n\u0103ng<\/th>\n<td>\u0110i\u1ec1u ch\u1ec9nh \u00e1p l\u1ef1c n\u01b0\u1edbc, v\u1ecb tr\u00ed v\u00f2i r\u1eeda, s\u1ea5y kh\u00f4 kh\u00ed \u1ea5m, x\u1ea3 n\u01b0\u1edbc khi m\u1ea5t \u0111i\u1ec7n, m\u00e0n h\u00ecnh LED hi\u1ec3n th\u1ecb th\u00f4ng s\u1ed1 nhi\u1ec7t \u0111\u1ed9, \u0111\u00e8n led ban \u0111\u00eam, ti\u00eau chu\u1ea9n ch\u1ed1ng n\u01b0\u1edbc IPX4<\/td>\n<\/tr>\n<tr>\n<th>Nhi\u1ec7t \u0111\u1ed9 n\u01b0\u1edbc<\/th>\n<td>4 m\u1ee9c (Nhi\u1ec7t \u0111\u1ed9 b\u00ecnh th\u01b0\u1eddng, 34\u00b0C, 37\u00b0C, 40\u00b0C)<\/td>\n<\/tr>\n<tr>\n<th>Nhi\u1ec7t \u0111\u1ed9 b\u1ec7 ng\u1ed3i<\/th>\n<td>4 m\u1ee9c (Nhi\u1ec7t \u0111\u1ed9 b\u00ecnh th\u01b0\u1eddng, 34\u00b0C, 37\u00b0C, 40\u00b0C)<\/td>\n<\/tr>\n<tr>\n<th>Nhi\u1ec7t \u0111\u1ed9 s\u1ea5y<\/th>\n<td>4 m\u1ee9c (Trung b\u00ecnh \u2013 F1 \u2013 F2 \u2013 F3)<\/td>\n<\/tr>\n<tr>\n<th>Ti\u1ec7n \u00edch kh\u00e1c<\/th>\n<td>Kh\u1eed khu\u1ea9n tia UV, kh\u1eed m\u00f9i h\u00f4i t\u1ef1 \u0111\u1ed9ng, pin d\u1ef1 ph\u00f2ng, n\u1eafp \u0111\u00f3ng m\u1edf gi\u1ea3m ch\u1ea5n<\/td>\n<\/tr>\n<tr>\n<th>Ch\u1ea5t li\u1ec7u th\u00e2n<\/th>\n<td>G\u1ed1m s\u1ee9 ph\u1ee7 men Nano b\u1ea1c kh\u00e1ng khu\u1ea9n<\/td>\n<\/tr>\n<tr>\n<th>Ch\u1ea5t li\u1ec7u n\u1eafp<\/th>\n<td>Nh\u1ef1a PP tr\u00e1ng 1 l\u1edbp Nano Ion B\u1ea1c Ag+ Kh\u00e1ng khu\u1ea9n v\u00e0 ch\u1ed1ng ch\u00e1y<\/td>\n<\/tr>\n<tr>\n<th>Ch\u1ea5t li\u1ec7u b\u1ec7 ng\u1ed3i<\/th>\n<td>Nh\u1ef1a ABS<\/td>\n<\/tr>\n<tr>\n<th>T\u00e2m h\u1ed1<\/th>\n<td>90 \u2013 114mm<\/td>\n<\/tr>\n<tr>\n<th>Kho\u1ea3ng c\u00e1ch t\u1eeb t\u01b0\u1eddng \u0111\u1ebfn t\u00e2m h\u1ed1<\/th>\n<td>300mm<\/td>\n<\/tr>\n<tr>\n<th>D\u00e2y \u0111i\u1ec7n ch\u1edd<\/th>\n<td>Lo\u1ea1i 1.5 \u0111\u1ec3 ch\u1ecbu t\u1ea3i<\/td>\n<\/tr>\n<tr>\n<th>T\u1ea3i tr\u1ecdng<\/th>\n<td>300kg<\/td>\n<\/tr>\n<\/tbody>\n<\/table>\n","protected":false},"featured_media":2022,"comment_status":"open","ping_status":"closed","template":"","meta":[],"product_brand":[],"product_cat":[18,26],"product_tag":[],"class_list":{"0":"post-2021","1":"product","2":"type-product","3":"status-publish","4":"has-post-thumbnail","6":"product_cat-thiet-bi-ve-sinh","7":"product_cat-bon-cau","9":"first","10":"instock","11":"shipping-taxable","12":"product-type-simple"},"_links":{"self":[{"href":"https:\/\/nhadepbepxinh.com.vn\/index.php?rest_route=\/wp\/v2\/product\/2021","targetHints":{"allow":["GET"]}}],"collection":[{"href":"https:\/\/nhadepbepxinh.com.vn\/index.php?rest_route=\/wp\/v2\/product"}],"about":[{"href":"https:\/\/nhadepbepxinh.com.vn\/index.php?rest_route=\/wp\/v2\/types\/product"}],"replies":[{"embeddable":true,"href":"https:\/\/nhadepbepxinh.com.vn\/index.php?rest_route=%2Fwp%2Fv2%2Fcomments&post=2021"}],"wp:featuredmedia":[{"embeddable":true,"href":"https:\/\/nhadepbepxinh.com.vn\/index.php?rest_route=\/wp\/v2\/media\/2022"}],"wp:attachment":[{"href":"https:\/\/nhadepbepxinh.com.vn\/index.php?rest_route=%2Fwp%2Fv2%2Fmedia&parent=2021"}],"wp:term":[{"taxonomy":"product_brand","embeddable":true,"href":"https:\/\/nhadepbepxinh.com.vn\/index.php?rest_route=%2Fwp%2Fv2%2Fproduct_brand&post=2021"},{"taxonomy":"product_cat","embeddable":true,"href":"https:\/\/nhadepbepxinh.com.vn\/index.php?rest_route=%2Fwp%2Fv2%2Fproduct_cat&post=2021"},{"taxonomy":"product_tag","embeddable":true,"href":"https:\/\/nhadepbepxinh.com.vn\/index.php?rest_route=%2Fwp%2Fv2%2Fproduct_tag&post=2021"}],"curies":[{"name":"wp","href":"https:\/\/api.w.org\/{rel}","templated":true}]}}