{"id":1863,"date":"2025-03-26T17:18:17","date_gmt":"2025-03-26T10:18:17","guid":{"rendered":"https:\/\/nhadepbepxinh.com.vn\/?post_type=product&#038;p=1863"},"modified":"2025-03-26T17:18:18","modified_gmt":"2025-03-26T10:18:18","slug":"sen-cay-viglacera-vg597-nong-lanh","status":"publish","type":"product","link":"https:\/\/nhadepbepxinh.com.vn\/?product=sen-cay-viglacera-vg597-nong-lanh","title":{"rendered":"SEN C\u00c2Y VIGLACERA VG597 NO\u0301NG LA\u0323NH"},"content":{"rendered":"<div class=\"chitiet_sp\">\n<div class=\"anh_sp\">\n<div class=\"chitiet_sp\" style=\"font-size: 14.4px;\">\n<div class=\"info_sp\"><span style=\"font-size: 23.04px;\">Th\u00f4ng tin s\u1ea3n ph\u1ea9m<\/span><\/div>\n<\/div>\n<\/div>\n<\/div>\n<p><main class=\"content\"><\/p>\n<article class=\"post-2902 product type-product status-publish has-post-thumbnail product_cat-sen-voi-tam product_tag-mua-tra-gop-0-sen-cay-viglacera-vg597 product_tag-vg597 entry\">\n<div class=\"entry-content\">\n<ul>\n<li>Sen t\u1eafm c\u00e2y\u00a0 n\u00f3ng l\u1ea1nh<\/li>\n<li>M\u00e0u s\u1eafc:Crom<\/li>\n<li>Sen t\u1eafm n\u00f3ng l\u1ea1nh 2 b\u00e1t sen.<\/li>\n<li>B\u00e1t sen 3 ch\u1ebf \u0111\u1ed9 massage s\u1eed d\u1ee5ng c\u00f4ng ngh\u1ec7 h\u00f2a tr\u1ed9n kh\u00ed v\u00e0o n\u01b0\u1edbc, l\u00e0m t\u0103ng di\u1ec7n t\u00edch v\u00e0 kh\u1ed1i l\u01b0\u1ee3ng h\u1ea1t n\u01b0\u1edbc khi\u1ebfn xung l\u1ef1c c\u1ee7a n\u01b0\u1edbc l\u1edbn h\u01a1n, gi\u00fap ti\u1ebft ki\u1ec7m n\u01b0\u1edbc t\u1ed1i \u0111a m\u00e0 v\u1eabn \u0111\u1ea3m b\u1ea3o tr\u1ea3i nghi\u1ec7m th\u01b0 gi\u00e3n cho ng\u01b0\u1eddi d\u00f9ng.<\/li>\n<li>\u0110\u01b0\u1ee3c \u0111\u00fac t\u1eeb \u0111\u1ed3ng nh\u1eadp kh\u1ea9u c\u00f3 \u0111\u1ed9 nguy\u00ean ch\u1ea5t cao, an to\u00e0n cho s\u1ee9c kh\u1ecfe ng\u01b0\u1eddi s\u1eed d\u1ee5ng.<\/li>\n<li>\u0110\u01b0\u1ee3c m\u1ea1 b\u1edfi 2 l\u1edbp Niken, 1 l\u1edbp Crom gi\u00fap b\u1ec1 m\u1eb7t sen v\u00f2i lu\u00f4n s\u00e1ng b\u00f3ng v\u00e0 b\u1ec1n b\u1ec9 v\u1edbi th\u1eddi gian .<\/li>\n<li>Th\u01b0\u01a1ng hi\u1ec7u:\u00a0Viglacera<\/li>\n<\/ul>\n<\/div>\n<\/article>\n<p><\/main><\/p>\n","protected":false},"excerpt":{"rendered":"<div class=\"chitiet_sp\">\n<div class=\"anh_sp\">\n<div class=\"chitiet_sp\" style=\"font-size: 14.4px;\">\n<div class=\"info_sp\"><span style=\"font-size: 23.04px;\">Th\u00f4ng tin s\u1ea3n ph\u1ea9m<\/span><\/div>\n<\/div>\n<\/div>\n<\/div>\n<p><main class=\"content\"><\/p>\n<article class=\"post-2902 product type-product status-publish has-post-thumbnail product_cat-sen-voi-tam product_tag-mua-tra-gop-0-sen-cay-viglacera-vg597 product_tag-vg597 entry\">\n<div class=\"entry-content\">\n<ul>\n<li>Sen t\u1eafm c\u00e2y\u00a0 n\u00f3ng l\u1ea1nh<\/li>\n<li>M\u00e0u s\u1eafc:Crom<\/li>\n<li>Sen t\u1eafm n\u00f3ng l\u1ea1nh 2 b\u00e1t sen.<\/li>\n<li>B\u00e1t sen 3 ch\u1ebf \u0111\u1ed9 massage s\u1eed d\u1ee5ng c\u00f4ng ngh\u1ec7 h\u00f2a tr\u1ed9n kh\u00ed v\u00e0o n\u01b0\u1edbc, l\u00e0m t\u0103ng di\u1ec7n t\u00edch v\u00e0 kh\u1ed1i l\u01b0\u1ee3ng h\u1ea1t n\u01b0\u1edbc khi\u1ebfn xung l\u1ef1c c\u1ee7a n\u01b0\u1edbc l\u1edbn h\u01a1n, gi\u00fap ti\u1ebft ki\u1ec7m n\u01b0\u1edbc t\u1ed1i \u0111a m\u00e0 v\u1eabn \u0111\u1ea3m b\u1ea3o tr\u1ea3i nghi\u1ec7m th\u01b0 gi\u00e3n cho ng\u01b0\u1eddi d\u00f9ng.<\/li>\n<li>\u0110\u01b0\u1ee3c \u0111\u00fac t\u1eeb \u0111\u1ed3ng nh\u1eadp kh\u1ea9u c\u00f3 \u0111\u1ed9 nguy\u00ean ch\u1ea5t cao, an to\u00e0n cho s\u1ee9c kh\u1ecfe ng\u01b0\u1eddi s\u1eed d\u1ee5ng.<\/li>\n<li>\u0110\u01b0\u1ee3c m\u1ea1 b\u1edfi 2 l\u1edbp Niken, 1 l\u1edbp Crom gi\u00fap b\u1ec1 m\u1eb7t sen v\u00f2i lu\u00f4n s\u00e1ng b\u00f3ng v\u00e0 b\u1ec1n b\u1ec9 v\u1edbi th\u1eddi gian .<\/li>\n<li>Th\u01b0\u01a1ng hi\u1ec7u:\u00a0Viglacera<\/li>\n<\/ul>\n<\/div>\n<\/article>\n<p><\/main><\/p>\n","protected":false},"featured_media":1864,"comment_status":"open","ping_status":"closed","template":"","meta":[],"product_brand":[],"product_cat":[18,29],"product_tag":[],"class_list":{"0":"post-1863","1":"product","2":"type-product","3":"status-publish","4":"has-post-thumbnail","6":"product_cat-thiet-bi-ve-sinh","7":"product_cat-sen-cay","9":"first","10":"instock","11":"shipping-taxable","12":"product-type-simple"},"_links":{"self":[{"href":"https:\/\/nhadepbepxinh.com.vn\/index.php?rest_route=\/wp\/v2\/product\/1863","targetHints":{"allow":["GET"]}}],"collection":[{"href":"https:\/\/nhadepbepxinh.com.vn\/index.php?rest_route=\/wp\/v2\/product"}],"about":[{"href":"https:\/\/nhadepbepxinh.com.vn\/index.php?rest_route=\/wp\/v2\/types\/product"}],"replies":[{"embeddable":true,"href":"https:\/\/nhadepbepxinh.com.vn\/index.php?rest_route=%2Fwp%2Fv2%2Fcomments&post=1863"}],"wp:featuredmedia":[{"embeddable":true,"href":"https:\/\/nhadepbepxinh.com.vn\/index.php?rest_route=\/wp\/v2\/media\/1864"}],"wp:attachment":[{"href":"https:\/\/nhadepbepxinh.com.vn\/index.php?rest_route=%2Fwp%2Fv2%2Fmedia&parent=1863"}],"wp:term":[{"taxonomy":"product_brand","embeddable":true,"href":"https:\/\/nhadepbepxinh.com.vn\/index.php?rest_route=%2Fwp%2Fv2%2Fproduct_brand&post=1863"},{"taxonomy":"product_cat","embeddable":true,"href":"https:\/\/nhadepbepxinh.com.vn\/index.php?rest_route=%2Fwp%2Fv2%2Fproduct_cat&post=1863"},{"taxonomy":"product_tag","embeddable":true,"href":"https:\/\/nhadepbepxinh.com.vn\/index.php?rest_route=%2Fwp%2Fv2%2Fproduct_tag&post=1863"}],"curies":[{"name":"wp","href":"https:\/\/api.w.org\/{rel}","templated":true}]}}