{"id":1572,"date":"2025-03-26T09:32:35","date_gmt":"2025-03-26T02:32:35","guid":{"rendered":"https:\/\/nhadepbepxinh.com.vn\/?post_type=product&#038;p=1572"},"modified":"2025-03-26T09:32:35","modified_gmt":"2025-03-26T02:32:35","slug":"hut-mui-grand-x-gx-h70c68b","status":"publish","type":"product","link":"https:\/\/nhadepbepxinh.com.vn\/?product=hut-mui-grand-x-gx-h70c68b","title":{"rendered":"H\u00daT M\u00d9I GRAND X GX H70C68B"},"content":{"rendered":"<div class=\"banner_tabs\"><img decoding=\"async\" src=\"https:\/\/grandx.com.vn\/wp-content\/uploads\/2024\/12\/banner-1920x800-68B.jpg\" alt=\"banner 1920x800-H70C68B\" \/><\/div>\n<div class=\"row row_location\">\n<div class=\"col medium-6 small-12 large-6 \">\n<div class=\"box_content\">\n<div class=\"title\">\n<h2 class=\"title__Tt\">H\u00daT M\u00d9I \u00c1P T\u01af\u1edcNG GX-H70C68B \u2013 \u0110\u1eb2NG C\u1ea4P SANG TR\u1eccNG, HI\u1ec6U SU\u1ea4T V\u01af\u1ee2T TR\u1ed8I<\/h2>\n<\/div>\n<div id=\"xem_1\" class=\"des rt_text_rg rt_text_rg_1\" data-row=\"0\">\n<p>H\u00fat m\u00f9i\u00a0<strong>GX-H70C68B<\/strong>\u00a0kh\u00f4ng ch\u1ec9 l\u00e0 thi\u1ebft b\u1ecb gia d\u1ee5ng hi\u1ec7n \u0111\u1ea1i m\u00e0 c\u00f2n l\u00e0 \u0111i\u1ec3m nh\u1ea5n tinh t\u1ebf cho kh\u00f4ng gian b\u1ebfp. V\u1edbi thi\u1ebft k\u1ebf Ch\u00e2u \u00c2u sang tr\u1ecdng, t\u00edch h\u1ee3p c\u00f4ng ngh\u1ec7 ti\u00ean ti\u1ebfn, s\u1ea3n ph\u1ea9m mang \u0111\u1ebfn gi\u1ea3i ph\u00e1p ho\u00e0n h\u1ea3o cho ng\u00f4i nh\u00e0 c\u1ee7a b\u1ea1n.<\/p>\n<p><img decoding=\"async\" style=\"color: #333333; font-size: 14.4px;\" src=\"https:\/\/grandx.com.vn\/wp-content\/uploads\/2024\/12\/GX-H70C68B-GX-H90C68B-900x600-1.jpg\" alt=\"GX H70C68B-GX H90C68B-900x600\" \/><\/p>\n<\/div>\n<\/div>\n<\/div>\n<\/div>\n<div class=\"row row_location\">\n<div class=\"col medium-6 small-12 large-6 \">\n<div class=\"box_content\">\n<div class=\"title\">\n<h2 class=\"title__Tt\">THI\u1ebeT K\u1ebe TINH T\u1ebe &#8211; SANG TR\u1eccNG<\/h2>\n<\/div>\n<div id=\"xem_1\" class=\"des rt_text_rg rt_text_rg_1\" data-row=\"1\">\n<ul>\n<li><strong>Ki\u1ec3u d\u00e1ng T-Shaped Funnel Tornado European<\/strong>: Thi\u1ebft k\u1ebf \u00e1p t\u01b0\u1eddng hi\u1ec7n \u0111\u1ea1i, m\u1ea1nh m\u1ebd v\u00e0 thanh l\u1ecbch.<\/li>\n<li><strong>M\u1eb7t k\u00ednh ph\u1ee7 Nano Metta m\u00e0u \u0111en<\/strong>: Ch\u1ed1ng b\u00e1m v\u00e2n tay, v\u00e1t c\u1ea1nh Beveled Edge gi\u00fap t\u0103ng t\u00ednh th\u1ea9m m\u1ef9 v\u00e0 d\u1ec5 d\u00e0ng v\u1ec7 sinh.<\/li>\n<li><strong>\u0110\u00e8n LED Light 2 x 1.5W<\/strong>: \u00c1nh s\u00e1ng 6300k v\u1eeba \u0111\u1ee7 s\u00e1ng, t\u1ea1o kh\u00f4ng gian b\u1ebfp \u1ea5m \u00e1p v\u00e0 sang tr\u1ecdng.<\/li>\n<\/ul>\n<\/div>\n<\/div>\n<\/div>\n<div class=\"col medium-6 small-12 large-6\"><img decoding=\"async\" src=\"https:\/\/grandx.com.vn\/wp-content\/uploads\/2024\/12\/GX-H70C68B-GX-H90C68B-900x600-1.jpg\" alt=\"GX H70C68B-GX H90C68B-900x600\" \/><\/div>\n<\/div>\n<div class=\"row row_location\">\n<div class=\"col medium-6 small-12 large-6 \">\n<div class=\"box_content\">\n<div class=\"title\">\n<h2 class=\"title__Tt\">C\u00d4NG NGH\u1ec6 TI\u00caN TI\u1ebeN &#8211; HI\u1ec6U QU\u1ea2 T\u1ed0I \u01afU<\/h2>\n<\/div>\n<div id=\"xem_1\" class=\"des rt_text_rg rt_text_rg_1\" data-row=\"2\">\n<ul>\n<li><strong>H\u1ec7 th\u1ed1ng h\u00fat x\u1ea3 \u0111a n\u0103ng<\/strong>: H\u1ed7 tr\u1ee3 c\u1ea3 ch\u1ebf \u0111\u1ed9 tu\u1ea7n ho\u00e0n v\u00e0 th\u00f4ng gi\u00f3, ph\u00f9 h\u1ee3p v\u1edbi m\u1ecdi nhu c\u1ea7u s\u1eed d\u1ee5ng.<\/li>\n<li><strong>C\u00f4ng ngh\u1ec7 Eco Green<\/strong>: T\u1ef1 h\u00fat v\u00e0 kh\u1eed m\u00f9i hi\u1ec7u qu\u1ea3, gi\u1eef kh\u00f4ng gian b\u1ebfp lu\u00f4n trong l\u00e0nh v\u00e0 tho\u00e1ng \u0111\u00e3ng.<\/li>\n<li><strong>C\u00f4ng su\u1ea5t h\u00fat m\u1ea1nh m\u1ebd<\/strong>: L\u01b0u l\u01b0\u1ee3ng h\u00fat \u00b1980m\u00b3\/h, lo\u1ea1i b\u1ecf nhanh ch\u00f3ng d\u1ea7u m\u1ee1, m\u00f9i h\u00f4i kh\u00f3 ch\u1ecbu trong qu\u00e1 tr\u00ecnh n\u1ea5u n\u01b0\u1edbng.<\/li>\n<li><strong>\u0110\u1ed9ng c\u01a1 Smart Inverter BLDC 90W<\/strong>:\n<ul>\n<li>Ti\u1ebft ki\u1ec7m tr\u00ean 50% \u0111i\u1ec7n n\u0103ng so v\u1edbi \u0111\u1ed9ng c\u01a1 th\u00f4ng th\u01b0\u1eddng.<\/li>\n<li>Gi\u1ea3m ti\u1ebfng \u1ed3n \u0111\u1ebfn 60%, ch\u1ec9 c\u00f2n \u00b142dB, mang l\u1ea1i kh\u00f4ng gian y\u00ean t\u0129nh.<\/li>\n<li>T\u1ef1 \u0111i\u1ec1u ch\u1ec9nh v\u00f2ng quay v\u00e0 \u00e1p l\u1ef1c gi\u00f3, t\u0103ng tu\u1ed5i th\u1ecd s\u1ea3n ph\u1ea9m.<\/li>\n<\/ul>\n<\/li>\n<\/ul>\n<\/div>\n<\/div>\n<\/div>\n<div class=\"col medium-6 small-12 large-6\"><img decoding=\"async\" src=\"https:\/\/grandx.com.vn\/wp-content\/uploads\/2024\/12\/GX-H70C68B-GX-H90C68B-900x600-1.jpg\" alt=\"GX H70C68B-GX H90C68B-900x600\" \/><\/div>\n<\/div>\n<div class=\"row row_location\">\n<div class=\"col medium-6 small-12 large-6 \">\n<div class=\"box_content\">\n<div class=\"title\">\n<h2 class=\"title__Tt\">\u0110I\u1ec0U KHI\u1ec2N TH\u00d4NG MINH &#8211; TR\u1ea2I NGHI\u1ec6M TI\u1ec6N NGHI<\/h2>\n<\/div>\n<div id=\"xem_1\" class=\"des rt_text_rg rt_text_rg_1\" data-row=\"3\">\n<ul>\n<li><strong>Digital Smart Control<\/strong>: \u0110i\u1ec1u khi\u1ec3n c\u1ea3m \u1ee9ng hi\u1ec7n \u0111\u1ea1i v\u1edbi 5 t\u1ed1c \u0111\u1ed9 v\u00e0 ch\u1ebf \u0111\u1ed9 Supper Booster, t\u00f9y ch\u1ec9nh linh ho\u1ea1t theo nhu c\u1ea7u.<\/li>\n<li><strong>Ch\u1ee9c n\u0103ng Smart Function<\/strong>: L\u01b0u tr\u1eef ch\u1ebf \u0111\u1ed9 c\u00f4ng su\u1ea5t t\u1eeb l\u1ea7n s\u1eed d\u1ee5ng tr\u01b0\u1edbc, mang l\u1ea1i s\u1ef1 ti\u1ec7n l\u1ee3i v\u00e0 d\u1ec5 d\u00e0ng thao t\u00e1c.<\/li>\n<\/ul>\n<\/div>\n<\/div>\n<\/div>\n<div class=\"col medium-6 small-12 large-6\"><img decoding=\"async\" src=\"https:\/\/grandx.com.vn\/wp-content\/uploads\/2024\/12\/GX-H70C68B-GX-H90C68B-900x600-1.jpg\" alt=\"GX H70C68B-GX H90C68B-900x600\" \/><\/div>\n<\/div>\n<div class=\"row row_location\">\n<div class=\"col medium-6 small-12 large-6 \">\n<div class=\"box_content\">\n<div class=\"title\">\n<h2 class=\"title__Tt\">L\u1eccC S\u1ea0CH T\u1ed0I \u01afU &#8211; B\u1ec0N B\u1ec8 L\u00c2U D\u00c0I<\/h2>\n<\/div>\n<div id=\"xem_1\" class=\"des rt_text_rg rt_text_rg_1\" data-row=\"4\">\n<ul>\n<li><strong>L\u01b0\u1edbi l\u1ecdc Inox k\u1ebft h\u1ee3p Aluminium<\/strong>: Ki\u1ec3u d\u00e1ng Ch\u00e2u \u00c2u, v\u1eeba sang tr\u1ecdng v\u1eeba b\u1ec1n b\u1ec9, d\u1ec5 d\u00e0ng v\u1ec7 sinh.<\/li>\n<li><strong>H\u1ec7 th\u1ed1ng l\u1ecdc than ho\u1ea1t t\u00ednh<\/strong>: Hi\u1ec7u qu\u1ea3 cao trong vi\u1ec7c lo\u1ea1i b\u1ecf m\u00f9i h\u00f4i, kh\u00f3i b\u1ee5i, mang l\u1ea1i kh\u00f4ng kh\u00ed s\u1ea1ch s\u1ebd.<\/li>\n<\/ul>\n<\/div>\n<\/div>\n<\/div>\n<div class=\"col medium-6 small-12 large-6\"><img decoding=\"async\" src=\"https:\/\/grandx.com.vn\/wp-content\/uploads\/2024\/12\/GX-H70C68B-GX-H90C68B-900x600-1.jpg\" alt=\"GX H70C68B-GX H90C68B-900x600\" \/><\/div>\n<\/div>\n<div id=\"tab-thong-so-ky-thuat\" class=\"row tab_thong_so\">\n<div class=\"col medium-12 small-12 large-12\">\n<div class=\"title\">\n<h2 class=\"title__Tt\">TH\u00d4NG S\u1ed0 S\u1ea2N PH\u1ea8M<\/h2>\n<\/div>\n<\/div>\n<div class=\"col medium-6 small-12 large-8 table-sp\">\n<div class=\"table_center rt_text_hover\">\n<table class=\"xem_table\" border=\"0\" cellspacing=\"0\" cellpadding=\"0\">\n<tbody>\n<tr>\n<td>M\u00e3 s\u1ea3n ph\u1ea9m<\/td>\n<td><strong>GX H70C68B<\/strong><\/td>\n<\/tr>\n<tr>\n<td>Th\u01b0\u01a1ng hi\u1ec7u<\/td>\n<td><strong>GRAND X<\/strong><\/td>\n<\/tr>\n<tr>\n<td>Xu\u1ea5t x\u1ee9<\/td>\n<td><strong>PCR<\/strong><\/td>\n<\/tr>\n<tr>\n<td>Ki\u1ec3u d\u00e1ng<\/td>\n<td><strong>T- Shaped funnel Tornado European<\/strong><\/td>\n<\/tr>\n<tr>\n<td>B\u1ea3ng \u0111i\u1ec1u khi\u1ec3n<\/td>\n<td><strong>C\u1ea3m \u1ee9ng Digital smart 5 t\u1ed1c \u0111\u1ed9 v\u00e0 Supper booster<\/strong><\/td>\n<\/tr>\n<tr>\n<td>Ch\u1ee9c n\u0103ng th\u00f4ng minh<\/td>\n<td><strong>Smart function l\u01b0u m\u1ee9c c\u00f4ng su\u1ea5t ho\u1ea1t \u0111\u1ed9ng g\u1ea7n nh\u1ea5t<\/strong><\/td>\n<\/tr>\n<tr>\n<td>\u0110\u1ed9ng c\u01a1 bi\u1ebfn t\u1ea7n<\/td>\n<td><strong>Inverter BLDC 90W &lt;50% \u0111i\u1ec7n n\u0103ng; gi\u1ea3m \u0111\u1ed9 \u1ed3n tr\u00ean 60%<\/strong><\/td>\n<\/tr>\n<tr>\n<td>L\u1ecdc kh\u1eed m\u00f9i<\/td>\n<td><strong>Than ho\u1ea1t t\u00ednh<\/strong><\/td>\n<\/tr>\n<tr>\n<td>L\u01b0\u1edbi l\u1ecdc<\/td>\n<td><strong>Inox k\u1ebft h\u1ee3p Aluminium<\/strong><\/td>\n<\/tr>\n<tr>\n<td>\u0110\u00e8n Led<\/td>\n<td><strong>LED Light 2*1.5W \u00e1nh s\u00e1ng 6300k<\/strong><\/td>\n<\/tr>\n<tr>\n<td>C\u00f4ng su\u1ea5t h\u00fat<\/td>\n<td><strong>\u00b1980m3<\/strong><\/td>\n<\/tr>\n<tr>\n<td>\u0110\u1ed9ng c\u01a1 Inverter dua smart BLDC<\/td>\n<td><strong>90W<\/strong><\/td>\n<\/tr>\n<tr>\n<td>\u0110\u1ed9 \u1ed3n<\/td>\n<td><strong>\u00b142db<\/strong><\/td>\n<\/tr>\n<tr>\n<td>\u0110i\u1ec7n \u00e1p<\/td>\n<td><strong>220-240V\/50Hz<\/strong><\/td>\n<\/tr>\n<tr>\n<td>\u1ed0ng tho\u00e1t<\/td>\n<td><strong>\u00d8 150mm<\/strong><\/td>\n<\/tr>\n<tr>\n<td>K\u00edch th\u01b0\u1edbc s\u1ea3n ph\u1ea9m<\/td>\n<td><strong>700R x 360S x 528-1018C mm<\/strong><\/td>\n<\/tr>\n<tr>\n<td>B\u1ea3o h\u00e0nh<\/td>\n<td><strong>24 th\u00e1ng<\/strong><\/td>\n<\/tr>\n<\/tbody>\n<\/table>\n<\/div>\n<div class=\"xem_tc_hd xem_tc rt_xemthem\"><\/div>\n<\/div>\n<\/div>\n","protected":false},"excerpt":{"rendered":"<p>Th\u01b0\u01a1ng hi\u00ea\u0323u: Grand X<\/p>\n<p>Xu\u1ea5t x\u1ee9: Malaisia<\/p>\n<p>B\u1ea3o h\u00e0nh: 2 n\u0103m<\/p>\n","protected":false},"featured_media":1574,"comment_status":"open","ping_status":"closed","template":"","meta":[],"product_brand":[],"product_cat":[16,43],"product_tag":[],"class_list":{"0":"post-1572","1":"product","2":"type-product","3":"status-publish","4":"has-post-thumbnail","6":"product_cat-may-hut-mui","7":"product_cat-grand-x-may-hut-mui","9":"first","10":"instock","11":"shipping-taxable","12":"product-type-simple"},"_links":{"self":[{"href":"https:\/\/nhadepbepxinh.com.vn\/index.php?rest_route=\/wp\/v2\/product\/1572","targetHints":{"allow":["GET"]}}],"collection":[{"href":"https:\/\/nhadepbepxinh.com.vn\/index.php?rest_route=\/wp\/v2\/product"}],"about":[{"href":"https:\/\/nhadepbepxinh.com.vn\/index.php?rest_route=\/wp\/v2\/types\/product"}],"replies":[{"embeddable":true,"href":"https:\/\/nhadepbepxinh.com.vn\/index.php?rest_route=%2Fwp%2Fv2%2Fcomments&post=1572"}],"wp:featuredmedia":[{"embeddable":true,"href":"https:\/\/nhadepbepxinh.com.vn\/index.php?rest_route=\/wp\/v2\/media\/1574"}],"wp:attachment":[{"href":"https:\/\/nhadepbepxinh.com.vn\/index.php?rest_route=%2Fwp%2Fv2%2Fmedia&parent=1572"}],"wp:term":[{"taxonomy":"product_brand","embeddable":true,"href":"https:\/\/nhadepbepxinh.com.vn\/index.php?rest_route=%2Fwp%2Fv2%2Fproduct_brand&post=1572"},{"taxonomy":"product_cat","embeddable":true,"href":"https:\/\/nhadepbepxinh.com.vn\/index.php?rest_route=%2Fwp%2Fv2%2Fproduct_cat&post=1572"},{"taxonomy":"product_tag","embeddable":true,"href":"https:\/\/nhadepbepxinh.com.vn\/index.php?rest_route=%2Fwp%2Fv2%2Fproduct_tag&post=1572"}],"curies":[{"name":"wp","href":"https:\/\/api.w.org\/{rel}","templated":true}]}}