{"id":1486,"date":"2025-03-25T17:10:15","date_gmt":"2025-03-25T10:10:15","guid":{"rendered":"https:\/\/nhadepbepxinh.com.vn\/?post_type=product&#038;p=1486"},"modified":"2025-03-25T17:10:16","modified_gmt":"2025-03-25T10:10:16","slug":"may-hut-mui-kocher-k-6270","status":"publish","type":"product","link":"https:\/\/nhadepbepxinh.com.vn\/?product=may-hut-mui-kocher-k-6270","title":{"rendered":"M\u00c1Y H\u00daT M\u00d9I KOCHER K-6270"},"content":{"rendered":"<p style=\"font-weight: 400;\"><b>\u0110\u1eb6C T\u00cdNH S\u1ea2N PH\u1ea8M<\/b><\/p>\n<p style=\"font-weight: 400;\">H\u00fat m\u00f9i ki\u1ec3u d\u00e1ng \u00e2m t\u1ee7 r\u00fat k\u00e9o.<\/p>\n<p style=\"font-weight: 400;\">Ch\u1ea5t li\u1ec7u inox, s\u01a1n t\u0129nh \u0111i\u1ec7n cao c\u1ea5p.<\/p>\n<p style=\"font-weight: 400;\">\u0110i\u1ec1u khi\u1ec3n ph\u00edm \u1ea5n t\u1ed1c \u0111\u1ed9.<\/p>\n<p style=\"font-weight: 400;\">L\u01b0\u1edbi l\u1ecdc inox+ than ho\u1ea1t t\u00ednh<\/p>\n<p style=\"font-weight: 400;\">\u0110\u00e8n chi\u1ebfu s\u00e1ng Halogen<\/p>\n<p style=\"font-weight: 400;\">L\u01b0\u1edbi l\u1ecdc 1*5 l\u1edbp l\u1ecdc Aluminum<\/p>\n<p style=\"font-weight: 400;\">Than ho\u1ea1t t\u00ednh kh\u1eed m\u00f9i<\/p>\n<p style=\"font-weight: 400;\">Motor b\u1ec1n b\u1ec9 v\u1eadn h\u00e0nh si\u00eau \u00eam \u00e1i<\/p>\n<p style=\"font-weight: 400;\">C\u00f4ng su\u1ea5t h\u00fat ti\u00eau chu\u1ea9n Ch\u00e2u \u00c2u A++<\/p>\n<p style=\"font-weight: 400;\"><b>T\u00cdNH N\u0102NG S\u1ea2N PH\u1ea8M<\/b><\/p>\n<p style=\"font-weight: 400;\">H\u00fat theo c\u1ea5p \u0111\u1ed9 linh ho\u1ea1t<\/p>\n<p style=\"font-weight: 400;\">C\u00f3 th\u1ec3 kh\u1eed tr\u1ef1c ti\u1ebfp ho\u1eb7c x\u1ea3 ngo\u00e0i<\/p>\n<p style=\"font-weight: 400;\">Thi\u1ebft k\u1ebf \u00e2m t\u1ee7.<\/p>\n<p><strong>TH\u00d4NG S\u1ed0 K\u1ef8 THU\u1eacT<\/strong><br \/>\n&#8211; K\u00edch c\u1ee1: 700mm<br \/>\n&#8211; \u1ed0ng tho\u00e1t:150<br \/>\n&#8211; C\u00f4ng su\u1ea5t motor: 150W.<br \/>\n&#8211; C\u00f4ng su\u1ea5t h\u00fat: 850m3\/h<br \/>\n&#8211; \u0110\u1ed9 \u1ed3n: 46dbA (C\u00f4ng ngh\u1ec7 Ultra Swing si\u00eau \u00eam).<br \/>\n&#8211; \u0110i\u1ec7n \u00e1p: 220v\/50Hz.<\/p>\n<p><img decoding=\"async\" src=\"https:\/\/kocher.vn\/pic\/Product\/images\/kich-thuoc-lap-dat-may-hut-mui-kocher-k-6270-1(1).jpg\" alt=\"\" \/><\/p>\n","protected":false},"excerpt":{"rendered":"<p>M\u00e3 s\u1ea3n ph\u1ea9m: K-6270<\/p>\n<p>Th\u01b0\u01a1ng hi\u1ec7u: Ch\u00ednh h\u00e3ng Kocher<\/p>\n<p>Ba\u0309o ha\u0300nh 3 n\u0103m<\/p>\n","protected":false},"featured_media":1487,"comment_status":"open","ping_status":"closed","template":"","meta":[],"product_brand":[],"product_cat":[16,42],"product_tag":[],"class_list":{"0":"post-1486","1":"product","2":"type-product","3":"status-publish","4":"has-post-thumbnail","6":"product_cat-may-hut-mui","7":"product_cat-kocher","9":"first","10":"instock","11":"shipping-taxable","12":"product-type-simple"},"_links":{"self":[{"href":"https:\/\/nhadepbepxinh.com.vn\/index.php?rest_route=\/wp\/v2\/product\/1486","targetHints":{"allow":["GET"]}}],"collection":[{"href":"https:\/\/nhadepbepxinh.com.vn\/index.php?rest_route=\/wp\/v2\/product"}],"about":[{"href":"https:\/\/nhadepbepxinh.com.vn\/index.php?rest_route=\/wp\/v2\/types\/product"}],"replies":[{"embeddable":true,"href":"https:\/\/nhadepbepxinh.com.vn\/index.php?rest_route=%2Fwp%2Fv2%2Fcomments&post=1486"}],"wp:featuredmedia":[{"embeddable":true,"href":"https:\/\/nhadepbepxinh.com.vn\/index.php?rest_route=\/wp\/v2\/media\/1487"}],"wp:attachment":[{"href":"https:\/\/nhadepbepxinh.com.vn\/index.php?rest_route=%2Fwp%2Fv2%2Fmedia&parent=1486"}],"wp:term":[{"taxonomy":"product_brand","embeddable":true,"href":"https:\/\/nhadepbepxinh.com.vn\/index.php?rest_route=%2Fwp%2Fv2%2Fproduct_brand&post=1486"},{"taxonomy":"product_cat","embeddable":true,"href":"https:\/\/nhadepbepxinh.com.vn\/index.php?rest_route=%2Fwp%2Fv2%2Fproduct_cat&post=1486"},{"taxonomy":"product_tag","embeddable":true,"href":"https:\/\/nhadepbepxinh.com.vn\/index.php?rest_route=%2Fwp%2Fv2%2Fproduct_tag&post=1486"}],"curies":[{"name":"wp","href":"https:\/\/api.w.org\/{rel}","templated":true}]}}