{"id":1449,"date":"2025-03-25T09:37:03","date_gmt":"2025-03-25T02:37:03","guid":{"rendered":"https:\/\/nhadepbepxinh.com.vn\/?post_type=product&#038;p=1449"},"modified":"2025-03-25T09:45:51","modified_gmt":"2025-03-25T02:45:51","slug":"bep-tu-kocher-di-615","status":"publish","type":"product","link":"https:\/\/nhadepbepxinh.com.vn\/?product=bep-tu-kocher-di-615","title":{"rendered":"B\u1ebeP T\u1eea KOCHER DI-615"},"content":{"rendered":"<p><strong>T\u00cdNH N\u0102NG S\u1ea2N PH\u1ea8M:\u00a0<\/strong><\/p>\n<p>+ M\u1eb7t k\u00ednh Keramik v\u00e1t c\u1ea1nh bo vi\u1ec1n Aluminum<\/p>\n<p>+ IGBT h\u00e3ng Siemens Germany<\/p>\n<p>+ \u0110i\u1ec1u khi\u1ec3n 2 ph\u00edm Slider v\u1edbi 9 m\u1ee9c c\u00f4ng su\u1ea5t<\/p>\n<p>+ Ch\u1ee9c n\u0103ng t\u0103ng t\u1ed1c khi \u0111un n\u1ea5u Booster<\/p>\n<p>+ Ch\u1ee9c n\u0103ng gi\u1eef \u1ea5m REHEAT<\/p>\n<p>+ Ch\u1ee9c n\u0103ng chi\u00ean x\u00e0o 3 m\u1ee9c \u0111\u1ed9 \u0111\u1ed9 nhi\u1ec7t: 200\u00b0C\/ 240\u00b0C\/ 280\u00b0<\/p>\n<p>+ T\u1ef1 nh\u1eadn k\u00edch c\u1ee1 xoong n\u1ed3i<\/p>\n<p>+ H\u1eb9n gi\u1edd \u0111\u1ed9c l\u1eadp cho t\u1eebng v\u00f9ng n\u1ea5u<\/p>\n<p>+ C\u00f4ng ngh\u1ec7 Inverter ti\u1ebft ki\u1ec7m \u0111i\u1ec7n n\u0103ng<\/p>\n<p><strong>T\u00cdNH N\u0102NG AN TO\u00c0N:\u00a0<\/strong><\/p>\n<p>+ C\u1ea3nh b\u00e1o nhi\u1ec7t d\u01b0 v\u00f9ng n\u1ea5u\u00a0<strong>Residual heat (H)<\/strong><\/p>\n<p>+ T\u1ef1 \u0111\u1ed9ng t\u1eaft b\u1ebfp khi kh\u00f4ng c\u00f3 n\u1ed3i\u00a0<strong>Pot Detection<\/strong><\/p>\n<p>+ T\u1ef1 \u0111\u1ed9ng t\u1eaft b\u1ebfp khi \u0111\u1ec3 qu\u00ean\u00a0<strong>Automatic switch off<\/strong><\/p>\n<p>+ H\u1ec7 th\u1ed1ng t\u1ef1 t\u1eaft khi qu\u00e1 \u00e1p, qu\u00e1 nhi\u1ec7t\u00a0<strong>Over heating shut off<\/strong><\/p>\n<p>+ Ch\u1ee9c n\u0103ng c\u1ea3m bi\u1ebfn ch\u1ed1ng tr\u00e0o n\u01b0\u1edbc t\u1ef1 \u0111\u1ed9ng ng\u1eaft\u00a0<strong>Auto water shut off<\/strong><\/p>\n<p>+ Kh\u00f3a an to\u00e0n tr\u1ebb em Child Lock; Ch\u1ee9c n\u0103ng t\u1ea1m d\u1eebng\u00a0<strong>Pause<\/strong><\/p>\n<p><strong>TH\u00d4NG S\u1ed0 K\u1ef8 THU\u1eacT:\u00a0<\/strong><\/p>\n<p>&#8211; \u0110i\u1ec7n \u00e1p 220V\/50Hz<\/p>\n<p>&#8211; Tr\u00e1i 2000W\/Booster 2200W<\/p>\n<p>&#8211; Ph\u1ea3i 2000W\/Booster 2200W<\/p>\n<p>&#8211; K\u00edch th\u01b0\u1edbc (d\u00e0i x r\u1ed9ng x cao): 730x430x60mm<\/p>\n<p>&#8211; K\u00edch th\u01b0\u1edbc kho\u00e9t l\u1ed7: 690x390mm<\/p>\n","protected":false},"excerpt":{"rendered":"<p>\u2714\ufe0f M\u1eb7t k\u00ednh Ceramic v\u00e1t c\u1ea1nh &#8211; Bo vi\u1ec1n Aluminum<br \/>\n\u2714\ufe0f IGBT h\u00e3ng Siemens Germany<br \/>\n\u2714\ufe0f B\u1ea3o h\u00e0nh 3 n\u0103m<\/p>\n","protected":false},"featured_media":1450,"comment_status":"open","ping_status":"closed","template":"","meta":[],"product_brand":[],"product_cat":[15,35],"product_tag":[],"class_list":{"0":"post-1449","1":"product","2":"type-product","3":"status-publish","4":"has-post-thumbnail","6":"product_cat-bep-tu","7":"product_cat-hang-kocher","9":"first","10":"instock","11":"shipping-taxable","12":"product-type-simple"},"_links":{"self":[{"href":"https:\/\/nhadepbepxinh.com.vn\/index.php?rest_route=\/wp\/v2\/product\/1449","targetHints":{"allow":["GET"]}}],"collection":[{"href":"https:\/\/nhadepbepxinh.com.vn\/index.php?rest_route=\/wp\/v2\/product"}],"about":[{"href":"https:\/\/nhadepbepxinh.com.vn\/index.php?rest_route=\/wp\/v2\/types\/product"}],"replies":[{"embeddable":true,"href":"https:\/\/nhadepbepxinh.com.vn\/index.php?rest_route=%2Fwp%2Fv2%2Fcomments&post=1449"}],"wp:featuredmedia":[{"embeddable":true,"href":"https:\/\/nhadepbepxinh.com.vn\/index.php?rest_route=\/wp\/v2\/media\/1450"}],"wp:attachment":[{"href":"https:\/\/nhadepbepxinh.com.vn\/index.php?rest_route=%2Fwp%2Fv2%2Fmedia&parent=1449"}],"wp:term":[{"taxonomy":"product_brand","embeddable":true,"href":"https:\/\/nhadepbepxinh.com.vn\/index.php?rest_route=%2Fwp%2Fv2%2Fproduct_brand&post=1449"},{"taxonomy":"product_cat","embeddable":true,"href":"https:\/\/nhadepbepxinh.com.vn\/index.php?rest_route=%2Fwp%2Fv2%2Fproduct_cat&post=1449"},{"taxonomy":"product_tag","embeddable":true,"href":"https:\/\/nhadepbepxinh.com.vn\/index.php?rest_route=%2Fwp%2Fv2%2Fproduct_tag&post=1449"}],"curies":[{"name":"wp","href":"https:\/\/api.w.org\/{rel}","templated":true}]}}