{"id":1420,"date":"2025-03-24T16:19:45","date_gmt":"2025-03-24T09:19:45","guid":{"rendered":"https:\/\/nhadepbepxinh.com.vn\/?post_type=product&#038;p=1420"},"modified":"2025-03-24T16:19:45","modified_gmt":"2025-03-24T09:19:45","slug":"may-hut-mui-eurosun-eh-70k26s","status":"publish","type":"product","link":"https:\/\/nhadepbepxinh.com.vn\/?product=may-hut-mui-eurosun-eh-70k26s","title":{"rendered":"MA\u0301Y HU\u0301T MU\u0300I EUROSUN EH-70K26S"},"content":{"rendered":"<div class=\"banner_tabs\"><img decoding=\"async\" src=\"https:\/\/eurosun.com.vn\/wp-content\/uploads\/2023\/03\/EH-70k26s.jpg\" alt=\"EH-70k26s\" \/><\/div>\n<div class=\"row row_location\">\n<div class=\"col medium-6 small-12 large-6\">\n<div class=\"box_content\">\n<div class=\"title\">\n<h2 class=\"title__Tt\">GI\u1edaI THI\u1ec6U S\u1ea2N PH\u1ea8M<\/h2>\n<\/div>\n<div id=\"xem_1\" class=\"des rt_text_rg rt_text_rg_1\">\n<p>M\u00e1y h\u00fat m\u00f9i Eurosun EH-70K26S l\u00e0 m\u1ed9t s\u1ea3n ph\u1ea9m c\u1ee7a th\u01b0\u01a1ng hi\u1ec7u thi\u1ebft b\u1ecb nh\u00e0 b\u1ebfp Eurosun. M\u00e1y c\u00f3 thi\u1ebft k\u1ebf hi\u1ec7n \u0111\u1ea1i, sang tr\u1ecdng v\u1edbi ki\u1ec3u d\u00e1ng k\u00ednh cong, k\u00edch th\u01b0\u1edbc 70 cm, ph\u00f9 h\u1ee3p v\u1edbi nhi\u1ec1u lo\u1ea1i b\u1ebfp kh\u00e1c nhau.<\/p>\n<\/div>\n<\/div>\n<\/div>\n<div class=\"col medium-6 small-12 large-6\"><img decoding=\"async\" src=\"https:\/\/eurosun.com.vn\/wp-content\/uploads\/2023\/03\/1-4.jpg\" alt=\"90k26s\" \/><\/div>\n<\/div>\n<div class=\"row row_location\">\n<div class=\"col medium-6 small-12 large-6\">\n<div class=\"box_content\">\n<div class=\"title\">\n<h2 class=\"title__Tt\">KI\u1ec2U D\u00c1NG SANG TR\u1eccNG V\u00c0 HI\u1ec6N \u0110\u1ea0I<\/h2>\n<\/div>\n<div id=\"xem_2\" class=\"des rt_text_rg rt_text_rg_2\">\n<p>M\u00e1y H\u00fat m\u00f9i Eurosun\u00a0<strong>EH-70K26S<\/strong>\u00a0l\u00e0 d\u00f2ng m\u00e1y h\u00fat m\u00f9i g\u1eafn t\u01b0\u1eddng thi\u1ebft k\u1ebf d\u1ea1ng k\u00ednh cong. Th\u00e2n m\u00e1y inox k\u1ebft h\u1ee3p v\u1edbi k\u00ednh m\u00e0u d\u00e0y 6mm t\u1ea1o l\u00ean v\u1ebd \u0111\u1eb9p sang tr\u1ecdng hi\u1ec7n \u0111\u1ea1i cho kh\u00f4ng gian b\u1ebfp.<\/p>\n<\/div>\n<\/div>\n<\/div>\n<div class=\"col medium-6 small-12 large-6\"><img decoding=\"async\" src=\"https:\/\/eurosun.com.vn\/wp-content\/uploads\/2023\/03\/4-2.jpg\" alt=\"90k26s-1\" \/><\/div>\n<\/div>\n<div class=\"row row_location\">\n<div class=\"col medium-6 small-12 large-6\">\n<div class=\"box_content\">\n<div class=\"title\">\n<h2 class=\"title__Tt\">L\u01af\u1edaI L\u1eccC B\u1eb0NG NH\u00d4M D\u00c0Y D\u1eb6N &amp; \u0110\u00c8N LED SI\u00caU S\u00c1NG<\/h2>\n<\/div>\n<div id=\"xem_3\" class=\"des rt_text_rg rt_text_rg_3\">\n<p>H\u1ec7 th\u1ed1ng l\u01b0\u1edbi l\u1ecdc nan inox v\u1edbi 4 l\u1edbp l\u01b0\u1edbi l\u1ecdc Aluminium\u00a0 gi\u00fap gi\u1ea3m ti\u1ebfng \u1ed3n v\u00e0 t\u0103ng hi\u1ec7u qu\u1ea3 thanh l\u1ecdc d\u1ea7u m\u1edf v\u00e0 m\u00f9i hi\u1ec7u qu\u1ea3, thi\u1ebft k\u1ebf d\u1ec5 d\u00e0ng th\u00e1o r\u1eddi gi\u00fap b\u1ea1n d\u1ec5 d\u00e0ng v\u1ec7 sinh l\u01b0\u1edbi l\u1ecdc th\u01b0\u1eddng xuy\u00ean .<\/p>\n<p>M\u00e1y H\u00fat m\u00f9i \u0111\u01b0\u1ee3c trang b\u1ecb 2 \u0111\u00e8n Led chi\u1ebfu s\u00e1ng gi\u00fap b\u1ea1n thu\u1eadn l\u1ee3i h\u01a1n trong vi\u1ec7c n\u1ea5u n\u01b0\u1edbng m\u00e0 kh\u00f4ng lo b\u1ecb thi\u1ebfu \u00e1nh s\u00e1ng trong qu\u00e1 tr\u00ecnh n\u1ea5u n\u01b0\u1edbng.<\/p>\n<\/div>\n<\/div>\n<\/div>\n<div class=\"col medium-6 small-12 large-6\"><img decoding=\"async\" src=\"https:\/\/eurosun.com.vn\/wp-content\/uploads\/2023\/03\/5-5.jpg\" alt=\"90k26s-2\" \/><\/div>\n<\/div>\n<div class=\"row row_location\">\n<div class=\"col medium-6 small-12 large-6\">\n<div class=\"box_content\">\n<div class=\"title\">\n<h2 class=\"title__Tt\">B\u1ea2NG \u0110I\u1ec0U KHI\u1ec2N C\u1ea2M \u1ee8NG C\u00d9NG M\u00c0N H\u00ccNH LED HI\u1ec2N TH\u1eca R\u00d5 R\u00c0NG<\/h2>\n<\/div>\n<div id=\"xem_4\" class=\"des rt_text_rg rt_text_rg_4\">\n<p>H\u00fat m\u00f9i Eurosun EH-70K26S \u0111\u01b0\u1ee3c trang b\u1ecb b\u1ea3ng \u0111i\u1ec1u khi\u1ec3n c\u1ea3m \u1ee9ng k\u1ef9 thu\u1eadt s\u1ed1 Digital 3 t\u1ed1c \u0111\u1ed9 h\u00fat linh ho\u1ea1t gi\u00fap ng\u01b0\u1eddi s\u1eed d\u1ee5ng c\u00f3 th\u1ec3 t\u00f9y ch\u1ecdn m\u1ee9c \u0111\u1ed9 h\u00fat ph\u00f9 h\u1ee3p v\u1edbi nhu c\u1ea7u.<\/p>\n<\/div>\n<\/div>\n<\/div>\n<div class=\"col medium-6 small-12 large-6\"><img decoding=\"async\" src=\"https:\/\/eurosun.com.vn\/wp-content\/uploads\/2023\/03\/3-6.jpg\" alt=\"90k26s-4\" \/><\/div>\n<\/div>\n<div class=\"row row_location\">\n<div class=\"col medium-6 small-12 large-6\">\n<div class=\"box_content\">\n<div class=\"title\">\n<h2 class=\"title__Tt\">H\u00daT M\u00d9I HI\u1ec6U QU\u1ea2 &#8211; TI\u1ebeT KI\u1ec6M \u0110I\u1ec6N N\u0102NG<\/h2>\n<\/div>\n<div id=\"xem_5\" class=\"des rt_text_rg rt_text_rg_5\">\n<p>M\u00e1y H\u00fat m\u00f9i Eurosun EH-70K26S s\u1eed d\u1ee5ng \u0111\u1ed9ng c\u01a1 Tuabin\u00a0<strong>Europe Energy\u00a0A+<\/strong>\u00a0l\u00f5i \u0111\u1ed3ng, c\u00f4ng su\u1ea5t l\u00ean t\u1edbi 190W gi\u00fap lo\u1ea1i b\u1ecf m\u00f9i th\u1ee9c \u0103n trong kh\u00f4ng gian b\u1ebfp.<\/p>\n<p>\u0110\u1ed9ng c\u01a1 si\u00eau b\u1ec1n c\u00f3 3 t\u1ed1c \u0111\u1ed9 h\u00fat linh ho\u1ea1t gi\u00fap ng\u01b0\u1eddi d\u00f9ng d\u1ec5 d\u00e0ng l\u1ef1a ch\u1ecdn ch\u1ebf \u0111\u1ed9 h\u00fat mong mu\u1ed1n.<\/p>\n<\/div>\n<\/div>\n<\/div>\n<div class=\"col medium-6 small-12 large-6\"><img decoding=\"async\" src=\"https:\/\/eurosun.com.vn\/wp-content\/uploads\/2023\/03\/6-4.jpg\" alt=\"90k26s-3\" \/><\/div>\n<\/div>\n<div class=\"row row_location\">\n<div class=\"col medium-6 small-12 large-6\">\n<div class=\"box_content\">\n<div class=\"title\">\n<h2 class=\"title__Tt\">L\u1eccC, KH\u1eec M\u00d9I B\u1eb0NG THAN HO\u1ea0T T\u00cdNH &#8211; \u0110\u1ed8 \u1ed2N TH\u1ea4P<\/h2>\n<\/div>\n<div id=\"xem_6\" class=\"des rt_text_rg rt_text_rg_6\">\n<p>M\u00e1y h\u00fat m\u00f9i than ho\u1ea1t t\u00ednh ho\u1ea1t \u0111\u1ed9ng d\u1ef1a tr\u00ean c\u01a1 ch\u1ebf quay v\u00f2ng tu\u1ea7n ho\u00e0n. C\u1ee5 th\u1ec3 l\u00e0 to\u00e0n b\u1ed9 kh\u00f3i, m\u00f9i th\u1ee9c \u0103n \u0111\u01b0\u1ee3c h\u00fat v\u00e0o trong khoang m\u00e1y \u0111i qua b\u1ed9 l\u1ecdc than r\u1ed3i tr\u1ea3 l\u1ea1i nh\u00e0 b\u1ebfp kh\u00f4ng kh\u00ed \u0111\u00e3 \u0111\u01b0\u1ee3c l\u00e0m s\u1ea1ch. Qu\u00e1 tr\u00ecnh n\u00e0y \u0111\u01b0\u1ee3c th\u1ef1c hi\u1ec7n b\u1edfi \u0111\u1ed9ng c\u01a1 n\u1eb1m ph\u00eda sau b\u1ed9 l\u1ecdc. Tr\u01b0\u1edbc \u0111\u00f3, m\u1ed9t s\u1ed1 b\u1ee5i b\u1ea9n v\u00e0 c\u1eb7n d\u1ea7u m\u1ee1 \u0111\u00e3 \u0111\u01b0\u1ee3c ng\u0103n l\u1ea1i \u1edf v\u1ec9 l\u01b0\u1edbi l\u1ecdc m\u1ee1 b\u00ean ngo\u00e0i khoang m\u00e1y n\u00ean kh\u00f4ng kh\u00ed tr\u1ea3 l\u1ea1i cho kh\u00f4ng gian b\u1ebfp r\u1ea5t trong s\u1ea1ch.<\/p>\n<p><strong>H\u1ec7 th\u1ed1ng l\u1ecdc kh\u1eed m\u00f9i b\u1eb1ng than ho\u1ea1t t\u00ednh<\/strong>\u00a0c\u00f3 t\u00e1c d\u1ee5ng kh\u1eed m\u00f9i, l\u1ecdc kh\u00f4ng kh\u00ed t\u1ea1o ra kh\u00f4ng kh\u00ed trong l\u00e0nh v\u00e0 s\u1ea1ch s\u1ebd l\u00ean \u0111\u1ebfn 99% trong kh\u00f4ng gian b\u1ebfp.<\/p>\n<h4><strong>\u0110\u1ed9 \u1ed3n th\u1ea5p<\/strong><\/h4>\n<p>Kh\u1ea3 n\u0103ng gi\u1ea3m \u0111\u1ed9 \u1ed3n xu\u1ed1ng \u0111\u1ebfn\u00a0<strong>&lt; 48db<\/strong>, gi\u00fap m\u00e1y v\u1eadn h\u00e0nh \u00eam \u00e1i, kh\u00f4ng g\u00e2y \u1ea3nh h\u01b0\u1edfng \u0111\u1ebfn nh\u1eefng sinh ho\u1ea1t kh\u00e1c c\u1ee7a m\u1ecdi th\u00e0nh vi\u00ean trong gia \u0111\u00ecnh.<\/p>\n<\/div>\n<\/div>\n<\/div>\n<div class=\"col medium-6 small-12 large-6\"><img decoding=\"async\" src=\"https:\/\/eurosun.com.vn\/wp-content\/uploads\/2023\/02\/loc-than-hoat-tinh.jpg\" alt=\"loc-than-hoat-tinh\" \/><\/div>\n<\/div>\n<div id=\"tab-thong-so-ky-thuat\" class=\"row tab_thong_so\">\n<div class=\"col medium-12 small-12 large-12\">\n<div class=\"title\">\n<h2 class=\"title__Tt\">TH\u00d4NG S\u1ed0 S\u1ea2N PH\u1ea8M<\/h2>\n<\/div>\n<\/div>\n<div class=\"col medium-6 small-12 large-8 table-sp\">\n<div class=\"table_center\">\n<table class=\"xem_table\" border=\"1\" cellspacing=\"0\" cellpadding=\"0\">\n<tbody>\n<tr>\n<td>T\u00ean s\u1ea3n ph\u1ea9m<\/td>\n<td><strong>M\u00c1Y H\u00daT M\u00d9I EUROSUN EH-70K26S<\/strong><\/td>\n<\/tr>\n<tr>\n<td>Th\u01b0\u01a1ng hi\u1ec7u<\/td>\n<td><strong>EUROSUN<\/strong><\/td>\n<\/tr>\n<tr>\n<td>Xu\u1ea5t x\u1ee9<\/td>\n<td><strong>PRC<\/strong><\/td>\n<\/tr>\n<tr>\n<td>Ki\u1ec3u d\u00e1ng<\/td>\n<td><strong>Ch\u1eef T<\/strong><\/td>\n<\/tr>\n<tr>\n<td>Th\u00e2n m\u00e1y<\/td>\n<td><strong>Inox cao c\u1ea5p<\/strong><\/td>\n<\/tr>\n<tr>\n<td>B\u1ea3ng \u0111i\u1ec1u khi\u1ec3n<\/td>\n<td><strong>C\u1ea3m \u1ee9ng k\u1ef9 thu\u1eadt s\u1ed1 3 t\u1ed1c \u0111\u1ed9<\/strong><\/td>\n<\/tr>\n<tr>\n<td>L\u01b0\u1edbi l\u1ecdc<\/td>\n<td><strong>Aluminium<\/strong><\/td>\n<\/tr>\n<tr>\n<td>L\u1ecdc kh\u1eed m\u00f9i<\/td>\n<td><strong>Than ho\u1ea1t t\u00ednh<\/strong><\/td>\n<\/tr>\n<tr>\n<td>\u0110\u00e8n LED<\/td>\n<td><strong>2x2W<\/strong><\/td>\n<\/tr>\n<tr>\n<td>H\u1eb9n gi\u1edd<\/td>\n<td><strong>C\u00f3<\/strong><\/td>\n<\/tr>\n<tr>\n<td>C\u00f4ng su\u1ea5t h\u00fat<\/td>\n<td><strong>\u00b11000m3<\/strong><\/td>\n<\/tr>\n<tr>\n<td>\u0110\u1ed9ng c\u01a1<\/td>\n<td><strong>Tuabin 190W, Europan Energy A+<\/strong><\/td>\n<\/tr>\n<\/tbody>\n<\/table>\n<p>Ch\u1ee9ng nh\u1eadn COCQ<img decoding=\"async\" src=\"https:\/\/eurosun.com.vn\/wp-content\/uploads\/2023\/03\/K26S.jpg\" alt=\"\u1ea2nh ch\u1ee9ng nh\u1eadn cocq_70K26S\" \/><\/p>\n<\/div>\n<\/div>\n<\/div>\n","protected":false},"excerpt":{"rendered":"<ul class=\"info-pro\">\n<li>C\u00f4ng su\u1ea5t h\u00fat \u00b11000m\u00b3\/h<\/li>\n<li>\u1ed0ng tho\u00e1t:\u00a0\u00d8150mm<\/li>\n<li>Ch\u1ea5t li\u1ec7u: Inox cao c\u1ea5p + k\u00ednh c\u01b0\u1eddng l\u1ef1c 6mm<\/li>\n<li>K\u00edch th\u01b0\u1edbc s\u1ea3n ph\u1ea9m: 700R x 500S x 535-1015C mm<\/li>\n<li>Xu\u1ea5t x\u1ee9: Ch\u00ednh h\u00e3ng<\/li>\n<li>B\u1ea3o h\u00e0nh: 24 th\u00e1ng<\/li>\n<\/ul>\n","protected":false},"featured_media":1421,"comment_status":"open","ping_status":"closed","template":"","meta":[],"product_brand":[],"product_cat":[16,41],"product_tag":[],"class_list":{"0":"post-1420","1":"product","2":"type-product","3":"status-publish","4":"has-post-thumbnail","6":"product_cat-may-hut-mui","7":"product_cat-eurosun-may-hut-mui","9":"first","10":"instock","11":"shipping-taxable","12":"product-type-simple"},"_links":{"self":[{"href":"https:\/\/nhadepbepxinh.com.vn\/index.php?rest_route=\/wp\/v2\/product\/1420","targetHints":{"allow":["GET"]}}],"collection":[{"href":"https:\/\/nhadepbepxinh.com.vn\/index.php?rest_route=\/wp\/v2\/product"}],"about":[{"href":"https:\/\/nhadepbepxinh.com.vn\/index.php?rest_route=\/wp\/v2\/types\/product"}],"replies":[{"embeddable":true,"href":"https:\/\/nhadepbepxinh.com.vn\/index.php?rest_route=%2Fwp%2Fv2%2Fcomments&post=1420"}],"wp:featuredmedia":[{"embeddable":true,"href":"https:\/\/nhadepbepxinh.com.vn\/index.php?rest_route=\/wp\/v2\/media\/1421"}],"wp:attachment":[{"href":"https:\/\/nhadepbepxinh.com.vn\/index.php?rest_route=%2Fwp%2Fv2%2Fmedia&parent=1420"}],"wp:term":[{"taxonomy":"product_brand","embeddable":true,"href":"https:\/\/nhadepbepxinh.com.vn\/index.php?rest_route=%2Fwp%2Fv2%2Fproduct_brand&post=1420"},{"taxonomy":"product_cat","embeddable":true,"href":"https:\/\/nhadepbepxinh.com.vn\/index.php?rest_route=%2Fwp%2Fv2%2Fproduct_cat&post=1420"},{"taxonomy":"product_tag","embeddable":true,"href":"https:\/\/nhadepbepxinh.com.vn\/index.php?rest_route=%2Fwp%2Fv2%2Fproduct_tag&post=1420"}],"curies":[{"name":"wp","href":"https:\/\/api.w.org\/{rel}","templated":true}]}}