{"id":1349,"date":"2025-03-24T11:41:55","date_gmt":"2025-03-24T04:41:55","guid":{"rendered":"https:\/\/nhadepbepxinh.com.vn\/?post_type=product&#038;p=1349"},"modified":"2025-04-13T09:48:01","modified_gmt":"2025-04-13T02:48:01","slug":"may-rua-bat-eurosun-sms81eu19eb","status":"publish","type":"product","link":"https:\/\/nhadepbepxinh.com.vn\/?product=may-rua-bat-eurosun-sms81eu19eb","title":{"rendered":"M\u00c1Y R\u1eecA B\u00c1T EUROSUN SMS81EU19EB"},"content":{"rendered":"<div class=\"banner_tabs\"><img decoding=\"async\" src=\"https:\/\/eurosun.com.vn\/wp-content\/uploads\/2023\/03\/banner-2-03-scaled.jpg\" alt=\"may-rua-bat-eurorsun-sms81EU19Eb-banner\" \/><\/div>\n<div class=\"row row_location\">\n<div class=\"col medium-6 small-12 large-6\">\n<div class=\"box_content\">\n<div class=\"title\">\n<h2 class=\"title__Tt\">GI\u1edaI THI\u1ec6U S\u1ea2N PH\u1ea8M<\/h2>\n<\/div>\n<div id=\"xem_1\" class=\"des rt_text_rg rt_text_rg_1\">\n<p>M\u00e1y r\u1eeda b\u00e1t Eurosun\u00a0<strong>SMS81EU19EB<\/strong>\u00a0<strong>Serial 7+<\/strong>\u00a0l\u00e0 d\u00f2ng m\u00e1y r\u1eeda b\u00e1t m\u1edbi ra m\u1eaft nh\u01b0ng \u0111\u00e3 thu h\u00fat \u0111\u01b0\u1ee3c l\u01b0\u1ee3ng ng\u01b0\u1eddi d\u00f9ng l\u1edbn \u1edf th\u1ecb tr\u01b0\u1eddng Vi\u1ec7t Nam. S\u1ea3n ph\u1ea9m s\u1edf h\u1eefu dung t\u00edch ch\u1ee9a l\u00ean \u0111\u1ebfn 15 b\u1ed9, c\u00f9ng v\u1edbi thi\u1ebft k\u1ebf \u0111\u1eb9p m\u1eaft, t\u00edch h\u1ee3p c\u00e1c c\u00f4ng ngh\u1ec7 m\u1edbi nh\u1ea5t ti\u00ean phong tr\u00ean th\u1ecb tr\u01b0\u1eddng. Eurosun tin r\u1eb1ng s\u1ea3n ph\u1ea9m n\u00e0y s\u1ebd thuy\u1ebft ph\u1ee5c \u0111\u01b0\u1ee3c ngay c\u1ea3 c\u00e1c kh\u00e1ch h\u00e0ng kh\u00f3 t\u00ednh nh\u1ea5t.<\/p>\n<p><strong>SMS81EU19EB<\/strong>\u00a0c\u00f3 thi\u1ebft k\u1ebf tinh x\u1ea3o, gam m\u00e0u \u0111en sang tr\u1ecdng s\u1ebd gi\u00fap ph\u1ea7n t\u1ea1o n\u00ean cho c\u0103n b\u1ebfp c\u1ee7a b\u1ea1n tr\u1edf n\u00ean sang tr\u1ecdng h\u01a1n. M\u00e1y c\u00f3 th\u1ec3 l\u1eafp \u0111\u1ed9c l\u1eadp v\u00e0 \u00e2m t\u1ee7 ph\u00f9 h\u1ee3p v\u1edbi nhi\u1ec1u kh\u00f4ng gian b\u1ebfp kh\u00e1c nhau.<\/p>\n<p>\u0110\u01b0\u1ee3c trang b\u1ecb 3 khay ch\u1ee9a \u0111a n\u0103ng, c\u01a1 \u0111\u1ed9ng + 1 gi\u1ecf \u0111\u1ec3 \u0111\u0169a, dao k\u00e9o. Dung t\u00edch ch\u1ee9a t\u1edbi<strong>\u00a015 b\u1ed9 b\u00e1t \u0111\u0129a<\/strong><\/p>\n<p>Ray n\u00e2ng h\u1ea1\u00a0<strong>Vario space<\/strong>\u00a0th\u00f4ng minh c\u00f3 th\u1ec3 t\u00f9y ch\u1ec9nh thay \u0111\u1ed5i chi\u1ec1u cao m\u1edf r\u1ed9ng kh\u00f4ng gian cho nh\u1eefng tr\u01b0\u1eddng h\u1ee3p c\u1ea7n s\u1eafp x\u1ebfp c\u00e1c v\u1eadt d\u1ee5ng c\u00f3 k\u00edch th\u01b0\u1edbc l\u1edbn.<\/p>\n<p>C\u00e1c b\u00e1nh xe l\u0103n c\u1ee7a khay r\u1eeda c\u00f3 th\u1ec3 nh\u1eb9 nh\u00e0ng di chuy\u1ec3n v\u1edbi l\u01b0\u1ee3ng b\u00e1t \u0111\u0129a n\u1eb7ng t\u1edbi tr\u00ean 9kg. Thao t\u00e1c nh\u1eb9 nh\u00e0ng, \u00eam \u00e1i v\u00e0 an to\u00e0n l\u00e0 c\u1ea3m nh\u1eadn khi k\u00e9o \u0111\u1ea9y gi\u00e0n khay c\u1ee7a c\u00e1c d\u00f2ng m\u00e1y r\u1eeda b\u00e1t Eurosun.<\/p>\n<\/div>\n<\/div>\n<\/div>\n<div class=\"col medium-6 small-12 large-6\"><img decoding=\"async\" src=\"https:\/\/eurosun.com.vn\/wp-content\/uploads\/2023\/03\/1.jpg\" alt=\"\" \/><\/div>\n<\/div>\n<div class=\"row row_location\">\n<div class=\"col medium-6 small-12 large-6\">\n<div class=\"box_content\">\n<div class=\"title\">\n<h2 class=\"title__Tt\">T\u00cdCH H\u1ee2P C\u00c1C C\u00d4NG NGH\u1ec6 HI\u1ec6N \u0110\u1ea0I, T\u1ed0I \u01afU<\/h2>\n<\/div>\n<div id=\"xem_2\" class=\"des rt_text_rg rt_text_rg_2\">\n<p>C\u00f4ng ngh\u1ec7 S\u1ea5y\u00a0<strong>Turbo<\/strong>\u00a0heated drying trang b\u1ecb tr\u00ean m\u00e1y r\u1eeda b\u00e1t EUROSUN s\u1ea5y kh\u00f4 tri\u1ec7t \u0111\u1ec3, di\u1ec7t vi khu\u1ea9n v\u00e0 n\u1ea5m m\u1ed1c\u00a0<strong>l\u00ean t\u1edbi 99,99%<\/strong>\u00a0l\u00e0m cho c\u00e1c v\u1eadt d\u1ee5ng lu\u00f4n kh\u00f4 r\u00e1o gi\u00fap b\u1ea3o v\u1ec7 an to\u00e0n s\u1ee9c kh\u1ecfe gia \u0111\u00ecnh b\u1ea1n.<\/p>\n<p>C\u00f4ng ngh\u1ec7\u00a0<strong>Eco Silence<\/strong>\u00a0<strong>\u0111\u1ed9ng c\u01a1 Inverter BLDC<\/strong>\u00a0gi\u00fap m\u00e1y r\u1eeda b\u00e1t Eurosun\u00a0<strong>SMS81EU19EB<\/strong>\u00a0ho\u1ea1t \u0111\u1ed9ng m\u1ea1nh m\u1ebd h\u01a1n, ti\u1ebft ki\u1ec7m \u0111\u1ebfn g\u1ea7n 50% n\u0103ng l\u01b0\u1ee3ng v\u00e0 th\u1eddi gian, ngo\u00e0i ra c\u00f2n gi\u00fap m\u00e1y ch\u1ed1ng rung ho\u1ea1t \u0111\u1ed9ng y\u00ean t\u0129nh v\u1edbi \u0111\u1ed9 \u1ed3n th\u1ea5p nh\u1ea5t.<\/p>\n<p>C\u00f4ng ngh\u1ec7 r\u1eeda th\u00e2n thi\u1ec7n\u00a0<strong>Ecowash \u2013 Half load<\/strong>\u00a0l\u00e0 c\u00f4ng ngh\u1ec7 th\u00e2n thi\u1ec7n v\u1edbi m\u00f4i tr\u01b0\u1eddng \u0111\u01b0\u1ee3c s\u1eed d\u1ee5ng trong qu\u00e1 tr\u00ecnh r\u1eeda kh\u00f4ng \u0111\u1ee7 t\u1ea3i, m\u00e1y v\u1eabn s\u1ebd th\u1ef1c hi\u1ec7n r\u1eeda t\u1ea5t c\u1ea3 c\u00e1c gi\u00e0n r\u1eeda nh\u01b0ng s\u1ebd gi\u1ea3m th\u1eddi gian v\u00e0 ti\u00eau th\u1ee5 n\u0103ng l\u01b0\u1ee3ng \u00edt h\u01a1n so v\u1edbi ch\u01b0\u01a1ng tr\u00ecnh ti\u00eau chu\u1ea9n.<\/p>\n<p>Ch\u1ee9c n\u0103ng\u00a0<strong>Turbidity sensor \u201cSmart Wash\u201d<\/strong> ch\u1ee9c n\u0103ng th\u00f4ng minh c\u1ea3m bi\u1ebfn \u0111\u1ed9 \u0111\u1ee5c ph\u00e1t hi\u1ec7n s\u1ed1 l\u01b0\u1ee3ng c\u00e1c ch\u1ea5t b\u1ea9n trong n\u01b0\u1edbc \u0111\u1ec3 \u0111i\u1ec1u ch\u1ec9nh c\u00e1c th\u00f4ng s\u1ed1 trong chu k\u1ef3 r\u1eeda cho ph\u00f9 h\u1ee3p v\u1edbi ngu\u1ed3n n\u01b0\u1edbc.<\/p>\n<\/div>\n<\/div>\n<\/div>\n<div class=\"col medium-6 small-12 large-6\"><img decoding=\"async\" src=\"https:\/\/eurosun.com.vn\/wp-content\/uploads\/2023\/03\/3-1.jpg\" alt=\"Mrb-19eb\" \/><\/div>\n<\/div>\n<div class=\"row row_location\">\n<div class=\"col medium-6 small-12 large-6\">\n<div class=\"box_content\">\n<div class=\"title\">\n<h2 class=\"title__Tt\">T\u00cdCH H\u1ee2P 9 CH\u01af\u01a0NG TR\u00ccNH R\u1eecA RI\u00caNG BI\u1ec6T<\/h2>\n<\/div>\n<div id=\"xem_3\" class=\"des rt_text_rg rt_text_rg_3\">\n<p>R\u1eeda t\u1ef1 \u0111\u1ed9ng<strong>\u00a0Auto\u00a0<\/strong>60-70\u00b0C ch\u01b0\u01a1ng r\u1eeda v\u1edbi nhi\u1ec7t \u0111\u1ed9 cao v\u00e0 l\u00e0m s\u1ea1ch nhanh ch\u00f3ng.<\/p>\n<p>R\u1eeda\u00a0<strong>Eco ti\u1ebft ki\u1ec7m<\/strong>, \u0111\u00e2y l\u00e0 ch\u01b0\u01a1ng tr\u00ecnh t\u1ed1i \u01b0u hi\u1ec7u qu\u1ea3 s\u1eed d\u1ee5ng t\u00e0i nguy\u00ean b\u1eb1ng c\u00e1ch s\u1eed d\u1ee5ng \u00edt n\u01b0\u1edbc v\u00e0 \u0111i\u1ec7n nh\u1ea5t. V\u1edbi chu tr\u00ecnh r\u1eeda d\u00e0i h\u01a1n, b\u00e1t \u0111\u0129a \u0111\u01b0\u1ee3c r\u1eeda l\u00e2u h\u01a1n, s\u1ea1ch h\u01a1n nh\u1edd \u00e1p l\u1ef1c n\u01b0\u1edbc l\u00e0 ch\u1ee7 y\u1ebfu, d\u00f2ng m\u00e1y\u00a0<strong>SMS81EU19EB<\/strong>\u00a0kh\u00f4ng c\u1ea7n nhi\u1ec1u n\u0103ng l\u01b0\u1ee3ng \u0111\u1ec3 l\u00e0m s\u1ea1ch nh\u01b0 ch\u01b0\u01a1ng tr\u00ecnh kh\u00e1c. \u0110\u00f3 l\u00e0 c\u00e1ch Eurosun ti\u1ebft ki\u1ec7m n\u0103ng l\u01b0\u1ee3ng v\u00e0 gi\u1ea3m ti\u00eau th\u1ee5 n\u01b0\u1edbc.<\/p>\n<p>R\u1eeda\u00a0<strong>n\u1ed3i d\u1ea7u m\u1ee1 Hygiene 72\u00b0C\u00a0<\/strong>ch\u01b0\u01a1ng tr\u00ecnh n\u00e0y r\u1ea5t h\u1eefu \u00edch v\u1edbi nh\u1eefng v\u1eadt d\u1ee5ng c\u00f3 v\u1ebft ch\u00e1y tr\u00ean b\u1ec1 m\u1eb7t, ho\u1eb7c c\u00e1c v\u1ebft b\u1ea9n c\u1ee9ng \u0111\u1ea7u n\u00f3 s\u1ebd \u0111\u00e1nh bay v\u1edbi nhi\u1ec7t \u0111\u1ed9 r\u1eeda l\u00ean \u0111\u1ebfn 72\u00b0C<\/p>\n<p>R\u1eeda\u00a0<strong>th\u1ee7y tinh Glass<\/strong>\u00a0cho ph\u00e9p r\u1eeda c\u00e1c lo\u1ea1i ly, ch\u00e9n, \u0111\u0129a m\u1ecfng v\u00e0 c\u00e1c v\u1eadt d\u1ee5ng nh\u1ea1y c\u1ea3m v\u1edbi nhi\u1ec7t \u0111\u1ed9. Ch\u1ec9 n\u00ean d\u00f9ng ch\u01b0\u01a1ng tr\u00ecnh n\u00e0y cho c\u00e1c v\u1ebft b\u1ea9n nh\u1eb9 nh\u01b0 \u0111\u1ed3 u\u1ed1ng l\u1ea1nh, x\u00fac x\u00edch, salad, s\u1eefa, cafe, b\u00e1nh<\/p>\n<p>R\u1eeda\u00a0<strong>90 ph\u00fat<\/strong>\u00a060\u00b0C \u2013 70\u00b0C<\/p>\n<p>R\u1eeda th\u00f4ng th\u01b0\u1eddng<strong>\u00a0Normal<\/strong>\u00a060\u00b0C-70\u00b0C d\u00e0nh cho c\u00e1c v\u1eadt d\u1ee5ng nh\u01b0 b\u00e1t d\u0129a, ly c\u1ed1c, n\u1ed3i ch\u1ea3o\u2026d\u00ednh b\u1ea9n \u1edf m\u1ee9c \u0111\u1ed9 trung b\u00ecnh \u00edt d\u1ea7u m\u1ee1.<\/p>\n<p>R\u1eeda nhanh\u00a0<strong>Rapit<\/strong>\u00a045\u00b0C \u2013 55\u00b0C ph\u00f9 h\u1ee3p v\u1edbi c\u00e1c lo\u1ea1i d\u1ee5ng c\u1ee5 \u0103n u\u1ed1ng c\u00f3 m\u1ee9c \u0111\u1ed9 b\u1ea9n th\u1ea5p, ho\u1eb7c r\u1eeda hoa qu\u1ea3.<\/p>\n<p>T\u00ednh n\u0103ng t\u1ef1 l\u00e0m s\u1ea1ch m\u00e1y\u00a0<strong>Self-cleaning<\/strong> 65\u00b0C-68\u00b0C, sau m\u1ed9t th\u1eddi gian s\u1eed d\u1ee5ng m\u00e1y c\u00f3 th\u1ec3 m\u00e1y b\u1ecb d\u01a1 b\u1ea9n, kh\u1edfi \u0111\u1ed9ng ch\u01b0\u01a1ng tr\u00ecnh s\u1ebd t\u1ef1 l\u00e0m s\u1ea1ch v\u1edbi khoang m\u00e1y \u1edf nhi\u1ec7t \u0111\u1ed9 cao v\u1edbi tia n\u01b0\u1edbc \u00e1p l\u1ef1c phun c\u1ef1c m\u1ea1nh l\u00e0m tr\u00f4i h\u1ebft nh\u1eefng v\u1ebft b\u1ea9n c\u00f2n b\u00e1m l\u1ea1i trong khoang m\u00e1y.<\/p>\n<\/div>\n<\/div>\n<\/div>\n<div class=\"col medium-6 small-12 large-6\"><img decoding=\"async\" src=\"https:\/\/eurosun.com.vn\/wp-content\/uploads\/2023\/03\/4-1.jpg\" alt=\"mrb-19eb-9ct r\u1eeda\" \/><\/div>\n<\/div>\n<div class=\"row row_location\">\n<div class=\"col medium-6 small-12 large-6\">\n<div class=\"box_content\">\n<div class=\"title\">\n<h2 class=\"title__Tt\">5 CH\u1ee8C N\u0102NG T\u0102NG C\u01af\u1edcNG<\/h2>\n<\/div>\n<div id=\"xem_4\" class=\"des rt_text_rg rt_text_rg_4\">\n<p><strong>Turbo Speed+<\/strong>\u00a0\u00a0r\u00fat ng\u1eafn 50% th\u1eddi gian r\u1eeda<\/p>\n<p><strong>Extra Drying<\/strong>\u00a0\u2013 Ch\u1ee9c n\u0103ng s\u1ea5y t\u0103ng c\u01b0\u1eddng s\u1ea5y kh\u00f4 tuy\u1ec7t \u0111\u1ed1i b\u1eb1ng c\u00e1ch t\u0103ng nhi\u1ec7t \u0111\u1ed9 chu tr\u00ecnh x\u1ea3 cu\u1ed1i v\u00e0 k\u00e9o d\u00e0i ch\u01b0\u01a1ng tr\u00ecnh s\u1ea5y l\u00ean t\u1edbi 10 ph\u00fat.<\/p>\n<p>Ch\u1ee9c n\u0103ng\u00a0<strong>Fress&amp;Dry<\/strong>\u00a0l\u00e0 ch\u1ee9c n\u0103ng s\u1ea5y t\u01b0\u01a1i b\u1eb1ng kh\u00ed n\u00f3ng, sau quy tr\u00ecnh r\u1eeda ch\u1ee9c n\u0103ng n\u00e0y s\u1ebd \u0111\u01b0\u1ee3c kh\u1edfi \u0111\u1ed9ng v\u00e0 th\u1ed5i lu\u1ed3ng kh\u00ed t\u01b0\u01a1i n\u00f3ng gi\u00fap cho c\u00e1c v\u1eadt d\u1ee5ng trong m\u00e1y r\u1eeda b\u00e1t \u0111\u01b0\u1ee3c di\u1ec7t khu\u1ea9n v\u00e0 n\u1ea5m m\u1ed1c 99.99% trong 72 gi\u1edd v\u1edbi m\u1ed9t l\u01b0\u1ee3ng \u0111i\u1ec7n nh\u1ecf cho c\u1ea3 quy tr\u00ecnh. N\u00f3 \u0111\u1ea3m b\u1ea3o b\u00e1t \u0111\u0129a lu\u00f4n n\u00f3ng v\u00e0 v\u00f4 tr\u00f9ng tr\u00e1nh n\u1ea5m m\u1ed1c nh\u01b0 m\u1edbi r\u1eeda xong.<\/p>\n<p><strong>Delay start<\/strong>\u2013 H\u1eb9n gi\u1edd 1-24 gi\u1edd gi\u00fap b\u1ea1n ch\u1ee7 \u0111\u1ed9ng v\u00e0 ki\u1ec3m so\u00e1t \u0111\u01b0\u1ee3c ho\u1ea1t \u0111\u1ed9ng c\u1ee7a m\u00e1y.<\/p>\n<p>Ch\u01b0\u01a1ng tr\u00ecnh r\u1eeda v\u1edbi ch\u1ee9c n\u0103ng<strong>\u00a0Half Load 1\/2<\/strong> s\u1ebd r\u1eeda t\u1ea5t c\u1ea3 c\u00e1c gi\u00e0n trong m\u00e1y, b\u1ea1n c\u00f3 th\u1ec3 x\u1ebfp v\u1eadt d\u1ee5ng \u1edf m\u1ed9t gi\u00e0n tr\u00ean ho\u1eb7c m\u1ed9t gi\u00e0n d\u01b0\u1edbi \u0111\u1ec3 r\u1eeda. Khi r\u1eeda \u00edt v\u1eadt d\u1ee5ng h\u01a1n so v\u1edbi c\u00f4ng su\u1ea5t t\u1ed1i \u0111a c\u1ee7a m\u00e1y th\u00ec ch\u1ee9c n\u0103ng n\u00e0y s\u1ebd gi\u00fap gi\u1ea3m th\u1eddi gian v\u00e0 l\u01b0\u1ee3ng n\u01b0\u1edbc ti\u00eau th\u1ee5 \u00edt h\u01a1n n\u00ean s\u1ebd ti\u1ebft ki\u1ec7m n\u0103ng l\u01b0\u1ee3ng m\u00e0 m\u00e1y v\u1eabn \u0111\u1ea1t hi\u1ec7u qu\u1ea3 v\u1eadn h\u00e0nh t\u1ed1t.<\/p>\n<\/div>\n<\/div>\n<\/div>\n<div class=\"col medium-6 small-12 large-6\"><img decoding=\"async\" src=\"https:\/\/eurosun.com.vn\/wp-content\/uploads\/2023\/03\/5-2.jpg\" alt=\"19EB\" \/><\/div>\n<\/div>\n<div class=\"row row_location\">\n<div class=\"col medium-6 small-12 large-6\">\n<div class=\"box_content\">\n<div class=\"title\">\n<h2 class=\"title__Tt\">CH\u1ee8C N\u0102NG AN TO\u00c0N<\/h2>\n<\/div>\n<div id=\"xem_5\" class=\"des rt_text_rg rt_text_rg_5\">\n<p>Kho\u00e1 tr\u1ebb em \u2013\u00a0<strong>Child Lock<\/strong><\/p>\n<p>Ch\u1ee9c n\u0103ng b\u1ea3o v\u1ec7 ch\u1ed1ng tr\u00e0n, r\u00f2 r\u1ec9\u00a0<strong>Overflow and leakage protection<\/strong><\/p>\n<p>Ch\u1ee9c n\u0103ng\u00a0<strong>Aquastop<\/strong>\u00a0ph\u00e1t hi\u1ec7n v\u00e0 k\u00edch ho\u1ea1t khi g\u1eb7p s\u1ef1 c\u1ed1 r\u00f2 r\u1ec9 n\u01b0\u1edbc m\u00e1y s\u1ebd b\u00e1o v\u00e0 ng\u01b0ng ho\u1ea1t \u0111\u1ed9ng.<\/p>\n<\/div>\n<\/div>\n<\/div>\n<div class=\"col medium-6 small-12 large-6\"><img decoding=\"async\" src=\"https:\/\/eurosun.com.vn\/wp-content\/uploads\/2023\/03\/6-1.jpg\" alt=\"mrb-19eb-antoan\" \/><\/div>\n<\/div>\n<div id=\"tab-thong-so-ky-thuat\" class=\"row tab_thong_so\">\n<div class=\"col medium-12 small-12 large-12\">\n<div class=\"title\">\n<h2 class=\"title__Tt\">TH\u00d4NG S\u1ed0 S\u1ea2N PH\u1ea8M<\/h2>\n<\/div>\n<\/div>\n<div class=\"col medium-6 small-12 large-8 table-sp\">\n<div class=\"table_center\">\n<table class=\"xem_table\" border=\"1\" cellspacing=\"0\" cellpadding=\"0\">\n<tbody>\n<tr>\n<td>T\u00ean s\u1ea3n ph\u1ea9m<\/td>\n<td><strong>M\u00e1y r\u1eeda b\u00e1t SMS81EU19EB<\/strong><\/td>\n<\/tr>\n<tr>\n<td>Th\u01b0\u01a1ng hi\u1ec7u<\/td>\n<td><strong>EUROSUN<\/strong><\/td>\n<\/tr>\n<tr>\n<td>Xu\u1ea5t x\u1ee9<\/td>\n<td><strong>THAILAND<\/strong><\/td>\n<\/tr>\n<tr>\n<td>Nh\u00e0 s\u1ea3n xu\u1ea5t<\/td>\n<td><strong>KWUNG VEE CO.,LTD<\/strong><\/td>\n<\/tr>\n<tr>\n<td>Ti\u00eau chu\u1ea9n ch\u1ea5t l\u01b0\u1ee3ng<\/td>\n<td><strong>CE<\/strong><\/td>\n<\/tr>\n<tr>\n<td>C\u00f4ng ngh\u1ec7 s\u1ea5y kh\u00ed t\u01b0\u01a1i<\/td>\n<td><strong>C\u00f3 \u201cTurbo drying\u201d gi\u1eef kh\u00f4 v\u00e0 n\u00f3ng trong 72 gi\u1edd<\/strong><\/td>\n<\/tr>\n<tr>\n<td>Ch\u1ee9c n\u0103ng r\u00fat ng\u1eafn th\u1eddi gian r\u1eeda<\/td>\n<td><strong>C\u00f3 \u201cTurbo Speed+\u201d r\u00fat ng\u1eafn 50% th\u1eddi gian r\u1eeda<\/strong><\/td>\n<\/tr>\n<tr>\n<td>\u0110\u1ed9ng c\u01a1 b\u01a1m t\u0103ng \u00e1p<\/td>\n<td><strong>Smart BLDC motor ti\u1ebft ki\u1ec7m \u0111\u1ec1n 50% \u0111i\u1ec7n n\u0103ng ti\u00eau th\u1ee5<\/strong><\/td>\n<\/tr>\n<tr>\n<td>Ch\u1ee9c n\u0103ng n\u00e2ng h\u1ea1 khay r\u1eeda<\/td>\n<td><strong>C\u00f3 \u201c Vario Space\u201d<\/strong><\/td>\n<\/tr>\n<tr>\n<td>Ch\u1ee9c n\u0103ng r\u1eeda y\u00ean t\u0129nh<\/td>\n<td><strong>C\u00f3 \u201cEco Silence\u201d<\/strong><\/td>\n<\/tr>\n<tr>\n<td>Ch\u1ee9c n\u0103ng ph\u00e1t hi\u1ec7n \u0111\u1ed9 \u0111\u1ee5c n\u01b0\u1edbc<\/td>\n<td><strong>C\u00f3 \u201c Turbidity Sensor Smart Wash\u201d<\/strong><\/td>\n<\/tr>\n<tr>\n<td>9 Ch\u01b0\u01a1ng tr\u00ecnh r\u1eeda<\/td>\n<td>&#8211; R\u1eeda t\u1ef1 \u0111\u1ed9ng Auto 60-70\u00b0C<\/p>\n<p>&#8211; R\u1eeda Eco sinh th\u00e1i ti\u1ebft ki\u1ec7m 55-70\u00b0C<\/p>\n<p>&#8211; T\u1ef1 \u0111\u1ed9ng l\u00e0m s\u1ea1ch m\u00e1y Self-cleaning 70\u00b0C<\/p>\n<p>&#8211; R\u1eeda n\u1ed3i d\u1ea7u m\u1ee1 Hygiene 72\u00b0C<\/p>\n<p>&#8211; R\u1eeda th\u00f4ng th\u01b0\u1eddng Normal 60-70\u00b0C<\/p>\n<p>&#8211; R\u1eeda nhanh Rapit 45\u00b0C<\/p>\n<p>&#8211; Ng\u00e2m tr\u01b0\u1edbc khi r\u1eeda Soak<\/p>\n<p>&#8211; R\u1eeda th\u1ee7y tinh Glass 50-60\u00b0C<\/p>\n<p><strong>&#8211; R\u1eeda 90 ph\u00fat 55\u00b0C-65\u00b0C<\/strong><\/td>\n<\/tr>\n<tr>\n<td>Ch\u1ee9c n\u0103ng t\u0103ng c\u01b0\u1eddng<\/td>\n<td><strong>S\u1ea5y t\u0103ng c\u01b0\u1eddng- Extra Drying, R\u00fat ng\u1eafn th\u1eddi gian r\u1eeda Turbo Speed+, S\u1ea5y kh\u00f4 n\u00f3ng trong 72h<\/strong><\/td>\n<\/tr>\n<tr>\n<td>H\u1eb9n gi\u1edd r\u1eeda<\/td>\n<td><strong>S\u1ea5y t\u0103ng c\u01b0\u1eddng- Extra Drying, R\u00fat ng\u1eafn th\u1eddi gian r\u1eeda Turbo Speed+, S\u1ea5y kh\u00f4 n\u00f3ng trong 72h<\/strong><\/td>\n<\/tr>\n<tr>\n<td>Ch\u1ee9c n\u0103ng an to\u00e0n<\/td>\n<td>&#8211; Ch\u1ee9c n\u0103ng b\u1ea3o v\u1ec7 ch\u1ed1ng tr\u00e0n, r\u00f2 r\u1ec9 Overflow and leakage protection<\/p>\n<p>&#8211; Ch\u1ee9c n\u0103ng<strong>\u00a0Aqua Stop\u00a0ph\u00e1t hi\u1ec7n v\u00e0 k\u00edch ho\u1ea1t khi g\u1eb7p s\u1ef1 c\u1ed1 r\u00f2 r\u1ec9 n\u01b0\u1edbc<\/strong><\/p>\n<p>&#8211; C\u00f4ng ngh\u1ec7\u00a0<strong>\u00a0UV Tech\u00a0ng\u0103n ng\u1eeba vi khu\u1ea9n sinh tr\u01b0\u1edfng v\u00e0 ti\u00eau di\u1ec7t 100% vi khu\u1ea9n c\u00f2n l\u1ea1i sau chu tr\u00ecnh r\u1eeda<\/strong><\/td>\n<\/tr>\n<tr>\n<td>Kh\u00f3a tr\u1ebb em<\/td>\n<td><strong>C\u00f3 Child lock<\/strong><\/td>\n<\/tr>\n<tr>\n<td>B\u1ea3o v\u1ec7 ch\u1ed1ng r\u00f2 r\u1ec9 n\u01b0\u1edbc trong m\u00e1y<\/td>\n<td><strong>C\u00f3 \u201cOverflow and leakage protection\u201d<\/strong><\/td>\n<\/tr>\n<tr>\n<td>Dung t\u00edch<\/td>\n<td><strong>15 B\u1ed9<\/strong><\/td>\n<\/tr>\n<tr>\n<td>M\u1ee9c \u0111\u1ed9 ti\u1ebfng \u1ed3n<\/td>\n<td><strong>\u226442db<\/strong><\/td>\n<\/tr>\n<tr>\n<td>Ti\u00eau chu\u1ea9n n\u0103ng l\u01b0\u1ee3ng<\/td>\n<td><strong>A+++<\/strong><\/td>\n<\/tr>\n<tr>\n<td>Ti\u00eau chu\u1ea9n m\u1ee9c \u0111\u1ed9 s\u1ea1ch<\/td>\n<td><strong>Acleaning efficiency class A+<\/strong><\/td>\n<\/tr>\n<tr>\n<td>Ti\u00eau chu\u1ea9n ch\u1ec9 s\u1ed1 hi\u1ec7u qu\u1ea3 s\u1ea5y Kh\u00f4<\/td>\n<td><strong>Drying efficiency class A+<\/strong><\/td>\n<\/tr>\n<tr>\n<td>M\u1ee9c ti\u00eau th\u1ee5 \u0111i\u1ec7n n\u0103ng<\/td>\n<td><strong>Kho\u1ea3ng 0.86Kwh\/ l\u1ea7n r\u1eeda<\/strong><\/td>\n<\/tr>\n<tr>\n<td>M\u1ee9c ti\u00eau th\u1ee5 n\u01b0\u1edbc<\/td>\n<td><strong>Kho\u1ea3ng 9.0L\/ l\u1ea7n r\u1eeda<\/strong><\/td>\n<\/tr>\n<tr>\n<td>\u0110i\u1ec7n \u00e1p<\/td>\n<td><strong>220-230V \/~ 50Hz<\/strong><\/td>\n<\/tr>\n<tr>\n<td>K\u00edch th\u01b0\u1edbc s\u1ea3n ph\u1ea9m<\/td>\n<td><strong>598R x 598S x 815-845C (mm)<\/strong><\/td>\n<\/tr>\n<tr>\n<td>K\u00edch th\u01b0\u1edbc kho\u00e9t \u00e2m t\u1ee7<\/td>\n<td><strong>605R x 605S x 825-855C (mm)<\/strong><\/td>\n<\/tr>\n<\/tbody>\n<\/table>\n<p>Ch\u1ee9ng nh\u1eadn COCQ<img decoding=\"async\" src=\"https:\/\/eurosun.com.vn\/wp-content\/uploads\/2023\/03\/COCQ_SMS81EU19EB.jpg\" alt=\"\u1ea2nh ch\u1ee9ng nh\u1eadn COCQ_SMS81EU19EB\" \/><\/p>\n<\/div>\n<div class=\"xem_tc_hd xem_tc mo_rong\"><\/div>\n<\/div>\n<\/div>\n<div id=\"huong-dan-su-dung\" class=\"row huong_dan\">\n<div class=\"col medium-12 small-12 large-12\">\n<div class=\"title\">\n<h2 class=\"title__Tt\">H\u01af\u1edaNG D\u1eaaN S\u1eec D\u1ee4NG<\/h2>\n<\/div>\n<div class=\"description\">\n<p><img loading=\"lazy\" decoding=\"async\" class=\"aligncenter size-full wp-image-6405\" src=\"https:\/\/eurosun.com.vn\/wp-content\/uploads\/2023\/03\/man-hinh-hien-thi-19EB_12EB-copy-2.jpg\" sizes=\"auto, (max-width: 900px) 100vw, 900px\" srcset=\"https:\/\/eurosun.com.vn\/wp-content\/uploads\/2023\/03\/man-hinh-hien-thi-19EB_12EB-copy-2.jpg 900w, https:\/\/eurosun.com.vn\/wp-content\/uploads\/2023\/03\/man-hinh-hien-thi-19EB_12EB-copy-2-510x342.jpg 510w, https:\/\/eurosun.com.vn\/wp-content\/uploads\/2023\/03\/man-hinh-hien-thi-19EB_12EB-copy-2-300x201.jpg 300w, https:\/\/eurosun.com.vn\/wp-content\/uploads\/2023\/03\/man-hinh-hien-thi-19EB_12EB-copy-2-768x515.jpg 768w, https:\/\/eurosun.com.vn\/wp-content\/uploads\/2023\/03\/man-hinh-hien-thi-19EB_12EB-copy-2-24x16.jpg 24w, https:\/\/eurosun.com.vn\/wp-content\/uploads\/2023\/03\/man-hinh-hien-thi-19EB_12EB-copy-2-36x24.jpg 36w, https:\/\/eurosun.com.vn\/wp-content\/uploads\/2023\/03\/man-hinh-hien-thi-19EB_12EB-copy-2-48x32.jpg 48w\" alt=\"man-hinh-hien-thi-19EB_12EB-copy-2\" width=\"900\" height=\"603\" \/><\/p>\n<\/div>\n<\/div>\n<\/div>\n","protected":false},"excerpt":{"rendered":"<ul class=\"info-pro\">\n<li>Dung t\u00edch ch\u1ee9a: 15 b\u1ed9 b\u00e1t \u0111\u0129a<\/li>\n<li>M\u1ee9c ti\u00eau th\u1ee5 n\u01b0\u1edbc t\u1ed1i \u0111a: Kho\u1ea3ng 9 l\u00edt\/ l\u1ea7n r\u1eeda<\/li>\n<li>K\u00edch th\u01b0\u1edbc s\u1ea3n ph\u1ea9m: 598R x 598S x 815-845C mm<\/li>\n<li>K\u00edch th\u01b0\u1edbc kho\u00e9t \u00e2m t\u1ee7: 610R x 610S x 825-855C mm<\/li>\n<li>Xu\u1ea5t x\u1ee9: Th\u00e1i Lan<\/li>\n<li>B\u1ea3o h\u00e0nh: 36 th\u00e1ng<\/li>\n<\/ul>\n","protected":false},"featured_media":4746,"comment_status":"open","ping_status":"closed","template":"","meta":[],"product_brand":[],"product_cat":[47,48],"product_tag":[],"class_list":{"0":"post-1349","1":"product","2":"type-product","3":"status-publish","4":"has-post-thumbnail","6":"product_cat-may-rua-bat","7":"product_cat-eurosun-may-rua-bat","9":"first","10":"instock","11":"shipping-taxable","12":"product-type-simple"},"_links":{"self":[{"href":"https:\/\/nhadepbepxinh.com.vn\/index.php?rest_route=\/wp\/v2\/product\/1349","targetHints":{"allow":["GET"]}}],"collection":[{"href":"https:\/\/nhadepbepxinh.com.vn\/index.php?rest_route=\/wp\/v2\/product"}],"about":[{"href":"https:\/\/nhadepbepxinh.com.vn\/index.php?rest_route=\/wp\/v2\/types\/product"}],"replies":[{"embeddable":true,"href":"https:\/\/nhadepbepxinh.com.vn\/index.php?rest_route=%2Fwp%2Fv2%2Fcomments&post=1349"}],"wp:featuredmedia":[{"embeddable":true,"href":"https:\/\/nhadepbepxinh.com.vn\/index.php?rest_route=\/wp\/v2\/media\/4746"}],"wp:attachment":[{"href":"https:\/\/nhadepbepxinh.com.vn\/index.php?rest_route=%2Fwp%2Fv2%2Fmedia&parent=1349"}],"wp:term":[{"taxonomy":"product_brand","embeddable":true,"href":"https:\/\/nhadepbepxinh.com.vn\/index.php?rest_route=%2Fwp%2Fv2%2Fproduct_brand&post=1349"},{"taxonomy":"product_cat","embeddable":true,"href":"https:\/\/nhadepbepxinh.com.vn\/index.php?rest_route=%2Fwp%2Fv2%2Fproduct_cat&post=1349"},{"taxonomy":"product_tag","embeddable":true,"href":"https:\/\/nhadepbepxinh.com.vn\/index.php?rest_route=%2Fwp%2Fv2%2Fproduct_tag&post=1349"}],"curies":[{"name":"wp","href":"https:\/\/api.w.org\/{rel}","templated":true}]}}