{"id":1311,"date":"2025-03-24T10:32:19","date_gmt":"2025-03-24T03:32:19","guid":{"rendered":"https:\/\/nhadepbepxinh.com.vn\/?post_type=product&#038;p=1311"},"modified":"2025-03-24T10:32:19","modified_gmt":"2025-03-24T03:32:19","slug":"may-rua-chen-kaff-kf-sbl775b-new-plus","status":"publish","type":"product","link":"https:\/\/nhadepbepxinh.com.vn\/?product=may-rua-chen-kaff-kf-sbl775b-new-plus","title":{"rendered":"M\u00c1Y R\u1eecA CH\u00c9N KAFF KF-SBL775B New Plus"},"content":{"rendered":"<p><strong>M\u00e1y r\u1eeda ch\u00e9n Kaff KF-SBL775B New Plus<\/strong>\u00a0hi\u1ec7n \u0111ang l\u00e0 m\u1eabu m\u00e1y r\u1eeda ch\u00e9n Kaff \u0111\u01b0\u1ee3c \u0111\u00e1nh gi\u00e1 cao nh\u1ea5t v\u1ec1 ch\u1ea5t l\u01b0\u1ee3ng hi\u1ec7n nay khi s\u1edf h\u1eefu nh\u1eefng \u0111\u1eb7c \u0111i\u1ec3m \u0111\u01b0\u1ee3c \u0111\u00e1nh gi\u00e1 l\u00e0 t\u1ed1t nh\u1ea5t d\u00e0nh cho m\u00e1y r\u1eeda ch\u00e9n nh\u01b0:<\/p>\n<ul>\n<li><strong>C\u00f4ng ngh\u1ec7 s\u1ea5y kh\u00f4 PTC gi\u00fap s\u1ea5y kh\u00f4 ho\u00e0n to\u00e0n<\/strong><\/li>\n<li><strong>Ch\u1ebf \u0111\u1ed9 h\u00e9 m\u1edf c\u1eeda t\u1ef1 \u0111\u1ed9ng khi k\u1ebft th\u00fac chu tr\u00ecnh r\u1eeda t\u00f9y ch\u1ecdn<\/strong><\/li>\n<li><strong>V\u00f2i r\u1eeda k\u00e9p t\u0103ng c\u01b0\u1eddng gi\u00fap r\u1eeda s\u1ea1ch h\u01a1n d\u00f2ng m\u00e1y th\u00f4ng th\u01b0\u1eddng<\/strong><\/li>\n<li><strong>3 gi\u00e0n r\u1eeda \u0111\u01b0\u1ee3c thi\u1ebft k\u1ebf r\u1ea5t tinh t\u1ebf ph\u00f9 h\u1ee3p v\u1edbi th\u00f3i quen ch\u00e9n d\u0129a c\u1ee7a ng\u01b0\u1eddi Vi\u1ec7t<\/strong><\/li>\n<li><strong>C\u00f3 th\u00eam ch\u1ebf \u0111\u1ed9 s\u1ea5y \u0111\u1ed9c l\u1eadp khi ch\u1ec9 c\u1ea7n s\u1ea5y kh\u00f4 kh\u00f4ng r\u1eeda<\/strong><\/li>\n<li><strong>\u0110\u1ed9ng c\u01a1 BLDC Inverter gi\u00fap m\u00e1y ho\u1ea1t \u0111\u1ed9ng \u00eam \u00e1i v\u00e0 ti\u1ebft ki\u1ec7m \u0111i\u1ec7n n\u0103ng h\u01a1n<\/strong><\/li>\n<li><strong>Ch\u1ee9c n\u0103ng di\u1ec7t khu\u1ea9n b\u1eb1ng tia UV kh\u1eed khu\u1ea9n an to\u00e0n.<\/strong><\/li>\n<\/ul>\n<p>\u0110\u1ec3 t\u00ecm hi\u1ec3u r\u00f5 h\u01a1n v\u1ec1 M\u00e1y r\u1eeda ch\u00e9n Kaff\u00a0<strong>KF-SBL775B<\/strong>\u00a0<strong>New Plus<\/strong>\u00a0h\u00e3y c\u00f9ng\u00a0<strong>KAFF VIETNAM<\/strong>\u00a0\u0111i\u1ec3m qua nh\u1eefng t\u00ednh n\u0103ng v\u00e0 th\u00f4ng s\u1ed1 c\u1ee7a m\u00e1y nh\u00e9!<\/p>\n<p><strong><img decoding=\"async\" src=\"https:\/\/kaff.vn\/upload\/products\/large\/may-rua-chen-kaff-kf-sbl775b-new-plus-1685988503390.jpg\" \/><\/strong><\/p>\n<h2><strong>\u0110\u1eb6C \u0110I\u1ec2M C\u1ee6A M\u00c1Y R\u1eecA CH\u00c9N KAFF KF-SBL775B NEW PLUS<\/strong><\/h2>\n<p><strong>M\u00e1y r\u1eeda ch\u00e9n Kaff KF-SBL775B New Plus<\/strong>\u00a0l\u00e0 d\u00f2ng M\u00e1y r\u1eeda ch\u00e9n \u0111\u1ed9c l\u1eadp, c\u00f3 th\u1ec3 \u0111\u1ec3 m\u00e1y b\u1ea5t k\u1ef3 v\u1ecb tr\u00ed n\u00e0o, b\u1ea1n n\u00ean \u0111\u1ec3 m\u00e1y \u1edf v\u1ecb tr\u00ed g\u1ea7n ch\u1eadu r\u1eeda ch\u00e9n s\u1ebd thu\u1eadn l\u1ee3i cho thao t\u00e1c h\u00e0ng ng\u00e0y ho\u1eb7c \u0111\u1ec3 \u00e2m t\u1ee7 b\u1ebfp v\u1ecb tr\u00ed h\u1ed9c t\u1ee7 g\u1ea7n ch\u1eadu r\u1eeda ch\u00e9n c\u0169ng r\u1ea5t g\u1ecdn g\u00e0ng.<\/p>\n<p><img loading=\"lazy\" decoding=\"async\" src=\"https:\/\/vinabep.com.vn\/uploads\/source\/may-rua-chen\/may-rua-chen-kaff\/hmt-may-rua-chen-kaff\/hmt-kf-sbl775b-new-plus\/may-rua-chen-kaff-kf-sbl775b-new-plus-lap-am-tu.jpg\" alt=\"M\u00e1y R\u1eeda Ch\u00e9n Kaff KF-SBL775B New Plus l\u1eafp \u00e2m t\u1ee7\" width=\"725\" height=\"436\" \/><\/p>\n<ul>\n<li>Th\u00e2n m\u00e1y s\u01a1n t\u0129nh \u0111i\u1ec7n m\u00e0u \u0111en cao c\u1ea5p<\/li>\n<li>8 Ch\u01b0\u01a1ng tr\u00ecnh r\u1eeda t\u00edch h\u1ee3p: R\u1eeda th\u00f4ng minh &#8211; r\u1eeda t\u1ef1 \u0111\u1ed9ng (AI wash), R\u1eeda k\u1ef9 (Intensive or Heavy), r\u1eeda th\u00f4ng th\u01b0\u1eddng (Nomal Wash), r\u1eeda ti\u1ebft ki\u1ec7m (ECO Wash), r\u1eeda ly (Glass wash), r\u1eeda nhanh &#8211; r\u1eeda tr\u00e1ng n\u01b0\u1edbc n\u00f3ng (Rapid Wash), r\u1eeda hoa qu\u1ea3 (Fruit and vegetable wash), ch\u1ee9c n\u0103ng r\u1eeda di\u1ec7t khu\u1ea9n &#8211; r\u1eeda \u0111\u1ed3 tr\u1ebb em (Baby care).<\/li>\n<li>3 gi\u00e0n r\u1eeda k\u00e8m gi\u1ecf \u0111\u0169a ti\u1ec7n l\u1ee3i<\/li>\n<li>S\u1ee9c ch\u1ee9a 17 b\u1ed9 \u0111\u1ed3 \u0103n Ch\u00e2u \u00c2u<\/li>\n<\/ul>\n<p><strong><img loading=\"lazy\" decoding=\"async\" src=\"https:\/\/vinabep.com.vn\/uploads\/source\/may-rua-chen\/may-rua-chen-kaff\/hmt-may-rua-chen-kaff\/hmt-kf-sbl775b-new-plus\/may-rua-chen-kaff-kf-sbl775b-new-plus-co-3-gian-rua-co-gio-dua.jpg\" alt=\"M\u00e1y R\u1eeda Ch\u00e9n Kaff KF-SBL775B New Plus  17 b\u1ed9 \u0111\u1ed3 \u0103n Ch\u00e2u \u00c2u\" width=\"725\" height=\"679\" \/><\/strong><\/p>\n<p><strong><img decoding=\"async\" src=\"https:\/\/vinabep.com.vn\/uploads\/source\/may-rua-chen\/may-rua-chen-kaff\/hmt-may-rua-chen-kaff\/hmt-kf-sbl775b-new-plus\/may-rua-chen-kaff-kf-sbl775b-new-plus-co-3-khay.jpg\" alt=\"may-rua-chen-kaff-kf-sbl775b-new-plus-co-3-khay\" \/><\/strong><\/p>\n<p><strong><img decoding=\"async\" src=\"https:\/\/vinabep.com.vn\/uploads\/source\/may-rua-chen\/may-rua-chen-kaff\/hmt-may-rua-chen-kaff\/hmt-kf-sbl775b-new-plus\/may-rua-chen-kaff-kf-sbl775b-new-plus-3-gian-rua.jpg\" alt=\"may-rua-chen-kaff-kf-sbl775b-new-plus-3-gian-rua\" \/><\/strong><\/p>\n<h2><strong>CH\u1ee8C N\u0102NG \u0110\u1eb6C BI\u1ec6T\u00a0<\/strong><strong>C\u1ee6A M\u00c1Y R\u1eecA CH\u00c9N KAFF KF-SBL775B NEW PLUS<\/strong><\/h2>\n<p><strong>H\u1ec7 th\u1ed1ng PTC s\u1ea5y kh\u00f4 kh\u00ed n\u00f3ng:<\/strong>\u00a0Sau khi qu\u00e1 tr\u00ecnh r\u1eeda ch\u00e9n b\u00e1t ho\u00e0n t\u1ea5t, m\u00e1y s\u1ebd d\u1eabn kh\u00f4ng kh\u00ed t\u1ef1 nhi\u00ean b\u00ean ngo\u00e0i th\u00f4ng qua b\u1ed9 gia nhi\u1ec7t PTC \u0111\u1ec3 t\u1ea1o th\u00e0nh lu\u1ed3ng kh\u00ed n\u00f3ng th\u1ed5i v\u00e0o khoang m\u00e1y v\u00e0 nhanh ch\u00f3ng l\u1ea5y \u0111i h\u01a1i \u1ea9m c\u00f2n t\u1ed3n l\u1ea1i, gi\u00fap cho c\u00e1c b\u1ed9 \u0111\u1ed3 \u0103n \u0111\u01b0\u1ee3c s\u1ea5y kh\u00f4 ho\u00e0n to\u00e0n.<\/p>\n<p><img loading=\"lazy\" decoding=\"async\" src=\"https:\/\/vinabep.com.vn\/uploads\/source\/may-rua-chen\/may-rua-chen-kaff\/hmt-may-rua-chen-kaff\/hmt-kf-sbl775b-new-plus\/may-rua-chen-kaff-kf-sbl775b-new-plus-co-say-ptc-khi-nong.jpg\" alt=\"M\u00e1y R\u1eeda Ch\u00e9n Kaff KF-SBL775B New Plus c\u00f3 s\u1ea5y PTC kh\u00ed n\u00f3ng\" width=\"725\" height=\"565\" \/><\/p>\n<p><strong>Auto Door (Ch\u1ee9c n\u0103ng t\u1ef1 \u0111\u1ed9ng m\u1edf c\u1eeda):<\/strong>\u00a0Khi b\u1ea1n ch\u1ecdn th\u00eam t\u00ednh n\u0103ng n\u00e0y th\u00ec sau khi k\u1ebft th\u00fac ch\u01b0\u01a1ng tr\u00ecnh r\u1eeda m\u00e1y s\u1ebd t\u1ef1 \u0111\u1ed9ng m\u1edf c\u1eeda. Khuy\u1ebfn kh\u00edch s\u1eed d\u1ee5ng th\u00eam t\u00ednh n\u0103ng n\u00e0y trong khi s\u1eed d\u1ee5ng m\u00e1y. T\u00ednh n\u0103ng n\u00e0y gi\u00fap gi\u1ea3i ph\u00f3ng h\u01a1i n\u01b0\u1edbc t\u1ef1 nhi\u00ean nh\u1ea5t v\u00e0 ti\u1ebft ki\u1ec7m n\u0103ng l\u01b0\u1ee3ng nh\u1ea5t, tr\u00e1nh hi\u1ec7n t\u01b0\u1ee3ng ng\u01b0ng t\u1ee5 n\u01b0\u1edbc tr\u1edf l\u1ea1i.<\/p>\n<p><img loading=\"lazy\" decoding=\"async\" src=\"https:\/\/vinabep.com.vn\/uploads\/source\/may-rua-chen\/may-rua-chen-kaff\/hmt-may-rua-chen-kaff\/hmt-kf-sbl775b-new-plus\/may-rua-chen-kaff-kf-sbl775b-new-plus-tu-dong-mo-cua-auto-door.jpg\" alt=\"M\u00e1y R\u1eeda Ch\u00e9n Kaff KF-SBL775B New Plus  c\u00f3 ch\u1ebf \u0111\u1ed9 Auto door\" width=\"725\" height=\"235\" \/><\/p>\n<p><strong>Ch\u1ee9c n\u0103ng kh\u1eed khu\u1ea9n (Sterilization)<\/strong>\u00a0l\u00ean \u0111\u1ebfn 72 \u0111\u1ed9 gi\u00fap di\u1ec7t khu\u1ea9n l\u00ean \u0111\u1ebfn 99.99% .<\/p>\n<p><strong>Ch\u1ee9c n\u0103ng s\u1ea5y kh\u00ed t\u01b0\u01a1i 168h<\/strong>\u00a0d\u1eabn l\u01b0u kh\u00f4ng kh\u00ed \u0111\u1ecbnh k\u1ef3 trong khoang m\u00e1y 5 ph\u00fat m\u1ed7i gi\u1edd gi\u00fap cho khoang m\u00e1y v\u00e0 b\u00e1t \u0111\u0129a nh\u01b0 lu\u00f4n \u0111\u01b0\u1ee3c l\u00e0m m\u1edbi ( 168h Fresh; Dry Function)<\/p>\n<p><strong>T\u0103ng c\u01b0\u1eddng v\u00f2i r\u1eeda k\u00e9p (Dual zone wash function)<\/strong>\u00a0ch\u1ee9c n\u0103ng x\u1ea3 b\u1ed5 sung \u0111\u1ec3 t\u0103ng s\u1ed1 b\u01b0\u1edbc, c\u00f3 th\u1ec3 ch\u1ecdn th\u00eam 1, 2 ho\u1eb7c th\u00eam 3 l\u1ea7n x\u1ea3 \u0111\u1ec3 l\u00e0m s\u1ea1ch b\u1ed9 \u0111\u1ed3 \u0103n b\u1ea9n hi\u1ec7u qu\u1ea3 h\u01a1n. Ch\u1ee9c n\u0103ng x\u1ea3 t\u0103ng c\u01b0\u1eddng ch\u1ec9 c\u00f3 th\u1ec3 \u0111\u01b0\u1ee3c ch\u1ecdn cho gi\u1eb7t m\u1ea1nh, gi\u1eb7t th\u01b0\u1eddng, gi\u1eb7t m\u1ec1m th\u1ee7y tinh v\u00e0 r\u1eeda rau c\u1ee7 qu\u1ea3.<\/p>\n<p><img loading=\"lazy\" decoding=\"async\" src=\"https:\/\/vinabep.com.vn\/uploads\/source\/may-rua-chen\/may-rua-chen-kaff\/hmt-may-rua-chen-kaff\/hmt-kf-sbl775b-new-plus\/may-rua-chen-kaff-kf-sbl775b-new-plus-tang-cuong-voi-rua-kep-rua-sach-hon.jpg\" alt=\"M\u00e1y R\u1eeda Ch\u00e9n Kaff KF-SBL775B New Plus t\u0103ng c\u01b0\u1eddng v\u00f2i r\u1eeda k\u00e9p\" width=\"725\" height=\"371\" \/><\/p>\n<p><strong>Ch\u1ee9c n\u0103ng r\u1eeda th\u00f4ng minh (Smart Washing Function Auto):<\/strong>\u00a0Khi b\u1eadt ch\u1ebf \u0111\u1ed9 gi\u1eb7t th\u00f4ng minh, m\u00e1y s\u1ebd t\u1ef1 \u0111\u1ed9ng nh\u1eadn bi\u1ebft v\u00e0 l\u1ef1a ch\u1ecdn nhi\u1ec7t \u0111\u1ed9 r\u1eeda ph\u00f9 h\u1ee3p nh\u1ea5t, l\u01b0u l\u01b0\u1ee3ng n\u01b0\u1edbc v\u00e0o v\u00e0 th\u1eddi gian r\u1eeda \u0111\u1ec3 r\u1eeda b\u1ed9 \u0111\u1ed3 \u0103n t\u00f9y theo \u0111\u1ed9 \u0111\u1ee5c c\u1ee7a n\u01b0\u1edbc b\u00ean trong m\u00e1y. Sau khi ho\u00e0n th\u00e0nh ch\u01b0\u01a1ng tr\u00ecnh r\u1eeda th\u00f4ng minh, ch\u1ee9c n\u0103ng s\u1ea5y kh\u00f4 s\u1ebd t\u1ef1 \u0111\u1ed9ng \u0111\u01b0\u1ee3c b\u1eadt, l\u00e0m th\u1ebf n\u00e0o \u0111\u1ec3 l\u00e0m cho b\u1ed9 \u0111\u1ed3 \u0103n \u0111\u01b0\u1ee3c t\u1ea9y nh\u1eddn v\u00e0 kh\u00f4 t\u1ed1t h\u01a1n.<\/p>\n<p><strong>Ch\u1ee9c n\u0103ng kh\u1eed tr\u00f9ng b\u1eb1ng tia c\u1ef1c t\u00edm UV (internal UV light)<\/strong><\/p>\n<p><strong><img loading=\"lazy\" decoding=\"async\" src=\"https:\/\/vinabep.com.vn\/uploads\/source\/may-rua-chen\/may-rua-chen-kaff\/hmt-may-rua-chen-kaff\/hmt-kf-sbl775b-new-plus\/may-rua-chen-kaff-kf-sbl775b-new-plus-co-khu-trung-bang-tia-uv.jpg\" alt=\"M\u00e1y R\u1eeda Ch\u00e9n Kaff KF-SBL775B New Plus kh\u1eed khu\u1ea9n b\u1eb1ng tia UV\" width=\"725\" height=\"404\" \/><\/strong><\/p>\n<p><strong>Ch\u1ee9c n\u0103ng s\u1ea5y \u0111\u1ed9c l\u1eadp kh\u00f4ng qua chu tr\u00ecnh r\u1eeda<\/strong>: B\u1ea1n c\u00f3 th\u1ec3 d\u00f9ng m\u00e1y nh\u01b0 m\u1ed9t chi\u1ebfc m\u00e1y s\u1ea5y ch\u00e9n, \u0111\u1ec3 ch\u00e9n d\u0129a \u0111\u1ed3 d\u00f9ng \u01b0\u1edbt v\u00e0o v\u00e0 s\u1ea5y kh\u00f4 ho\u00e0n to\u00e0n.<\/p>\n<h2><strong>M\u1ed8T S\u1ed0 CH\u1ee8C N\u0102NG KH\u00c1C C\u1ee6A M\u00c1Y R\u1eecA CH\u00c9N KAFF KF-SBL775B NEW PLUS<\/strong><\/h2>\n<ul>\n<li>S\u1ea5y t\u0103ng c\u01b0\u1eddng (Turbo Fan)<\/li>\n<li>Ch\u1ee9c n\u0103ng t\u1ea1o Ozon<\/li>\n<li>Ch\u1ee9c n\u0103ng c\u00e0i \u0111\u1eb7t l\u01b0\u1ee3ng mu\u1ed1i v\u00e0 d\u1ea7u b\u00f3ng (adjustment of Water Softener Setting)<\/li>\n<li>Ch\u1ee9c n\u0103ng n\u00e2ng h\u1ea1 khay r\u1eeda (Adjustable upper basket)<\/li>\n<li>Ch\u1ee9c n\u0103ng r\u1eeda n\u1eeda t\u1ea3i (Half load)<\/li>\n<li>\u0110i\u1ec1u khi\u1ec3n c\u1ea3m \u1ee9ng hi\u1ec7n \u0111\u1ea1i, m\u00e0n h\u00ecnh Led sang tr\u1ecdng<\/li>\n<li>Kh\u00f3a tr\u1ebb em (Child lock)<\/li>\n<li>Ch\u1ee9c n\u0103ng h\u1eb9n gi\u1edd (Delay time)<\/li>\n<li>\u0110\u1ed9 \u1ed3n c\u1ef1c th\u1ea5p maximum 48 dB<\/li>\n<li>Ti\u00eau chu\u1ea9n ti\u1ebft ki\u1ec7m n\u0103ng l\u01b0\u1ee3ng ch\u00e2u \u00c2u A+++(bi\u1ebfn t\u1ea7n t\u00edch h\u1ee3p)<\/li>\n<li>Ch\u1ee9c n\u0103ng kh\u00f3a m\u00e1y khi c\u00f3 s\u1ef1 c\u1ed1 t\u00e1c \u0111\u1ed9ng (ng\u1eadp n\u01b0\u1edbc, va \u0111\u1eadp, y\u1ebfu \u0111i\u1ec7n, thi\u1ebfu n\u01b0\u1edbc,&#8230;)<\/li>\n<li>Ch\u1ee9c n\u0103ng Ch\u1ed1ng r\u00f2 n\u01b0\u1edbc t\u1eeb m\u00e1y.<\/li>\n<\/ul>\n<figure class=\"image\"><img loading=\"lazy\" decoding=\"async\" src=\"https:\/\/vinabep.com.vn\/uploads\/source\/may-rua-chen\/may-rua-chen-kaff\/hmt-may-rua-chen-kaff\/hmt-kf-sbl775b-new-plus\/kich-thuoc-may-rua-chen-kaff-kf-sbl775b-new-plus.jpg\" alt=\"K\u00edch th\u01b0\u1edbc c\u1ee7a M\u00e1y R\u1eeda Ch\u00e9n Kaff KF-SBL775B New Plus \" width=\"725\" height=\"599\" \/><figcaption><strong>K\u00edch Th\u01b0\u1edbc C\u1ee7a M\u00e1y R\u1eeda Ch\u00e9n Kaff KF-SBL775B New Plus\u00a0<\/strong><\/figcaption><\/figure>\n<p>K\u00edch th\u01b0\u1edbc s\u1ea3n ph\u1ea9m: 598R x 568S x 775(Kh\u00f4ng c\u00f3 n\u1eafp)\/805(C\u00f3 n\u1eafp tr\u00ean)C mm.<\/p>\n<table width=\"643\">\n<tbody>\n<tr>\n<td colspan=\"2\" width=\"643\"><strong>TH\u00d4NG S\u1ed0 K\u1ef8 THU\u1eacT<\/strong><\/td>\n<\/tr>\n<tr>\n<td width=\"181\">T\u00ean s\u1ea3n ph\u1ea9m<\/td>\n<td width=\"462\">M\u00e1y R\u1eeda Ch\u00e9n Kaff KFSBL775B New Plus<\/td>\n<\/tr>\n<tr>\n<td width=\"181\">H\u00e3ng s\u1ea3n xu\u1ea5t<\/td>\n<td width=\"462\"><strong>Kaff<\/strong><\/td>\n<\/tr>\n<tr>\n<td width=\"181\">Xu\u1ea5t x\u1ee9<\/td>\n<td width=\"462\"><strong>Thailand<\/strong><\/td>\n<\/tr>\n<tr>\n<td width=\"181\">C\u00e1ch th\u1ee9c l\u1eafp \u0111\u1eb7t<\/td>\n<td width=\"462\">L\u1eafp \u0111\u1ed9c l\u1eadp t\u00f9y th\u00edch ho\u1eb7c \u00e2m t\u1ee7 \u0111\u1ec1u \u0111\u01b0\u1ee3c<\/td>\n<\/tr>\n<tr>\n<td width=\"181\">S\u1ee9c ch\u1ee9a<\/td>\n<td width=\"462\">17 b\u1ed9<\/td>\n<\/tr>\n<tr>\n<td width=\"181\">S\u1ed1 khay ch\u1ee9a<\/td>\n<td width=\"462\">3 gi\u00e0n r\u1eeda+1 gi\u1ecf \u0111\u0169a mu\u1ed7ng, c\u00e1c khay c\u00f3 th\u1ec3 n\u00e2ng h\u1ea1 thay \u0111\u1ed5i chi\u1ec1u cao<\/td>\n<\/tr>\n<tr>\n<td width=\"181\">B\u1ea3ng \u0111i\u1ec1u khi\u1ec3n<\/td>\n<td width=\"462\">\u0110i\u1ec1u khi\u1ec3n c\u1ea3m \u1ee9ng, M\u00e0n h\u00ecnh LED hi\u1ec3n th\u1ecb<\/td>\n<\/tr>\n<tr>\n<td width=\"181\">C\u00f4ng ngh\u1ec7 n\u1ed5i b\u1eadt<\/td>\n<td width=\"462\">&#8211;\u00a0\u00a0\u00a0\u00a0\u00a0\u00a0\u00a0\u00a0<strong>\u00a0 3 gi\u00e0n phun +2 v\u00f2i x\u1ecbt t\u0103ng c\u01b0\u1eddng<\/strong>, C\u00f4ng ngh\u1ec7 Triple and Direct Wash r\u1eeda x\u1ecbt \u00e1p l\u1ef1c cao v\u1edbi g\u00f3c x\u1ecbt l\u00ean \u0111\u1ebfn 360\u00b0 r\u1eeda s\u1ea1ch \u0111\u1ebfn t\u1eebng khe nh\u1ecf<\/p>\n<p>&#8211;\u00a0\u00a0\u00a0\u00a0\u00a0\u00a0\u00a0\u00a0\u00a0\u00a0<strong>S\u1ea5y PTC kh\u00ed n\u00f3ng gi\u00fap s\u1ea5y kh\u00f4 ho\u00e0n to\u00e0n<\/strong><\/p>\n<p>&#8211;\u00a0\u00a0\u00a0\u00a0\u00a0\u00a0\u00a0\u00a0\u00a0\u00a0<strong>Fress &amp; Drying<\/strong><strong>\u00a0<\/strong><strong>B\u1ea3o qu\u1ea3n kh\u00f4 n\u00f3ng v\u00f4 tr\u00f9ng ch\u00e9n d\u0129a trong 24h, 72h, ho\u1eb7c 168h t\u00f9y ch\u1ecdn<\/strong><\/p>\n<p>&#8211;\u00a0\u00a0\u00a0\u00a0\u00a0\u00a0\u00a0\u00a0\u00a0\u00a0<strong>Auto Door t\u1ef1 \u0111\u1ed9ng m\u1edf c\u1eeda khi k\u1ebft th\u00fac\u00a0<\/strong><\/p>\n<p>&#8211;\u00a0\u00a0\u00a0\u00a0\u00a0\u00a0\u00a0\u00a0\u00a0 C\u00f4ng ngh\u1ec7 di\u1ec7t khu\u1ea9n b\u1eb1ng tia UV<\/p>\n<p>&#8211;\u00a0\u00a0\u00a0\u00a0\u00a0\u00a0\u00a0\u00a0\u00a0 \u0110\u1ed9ng c\u01a1 BLDC si\u00eau \u00eam<\/p>\n<p>&#8211;\u00a0\u00a0\u00a0\u00a0\u00a0\u00a0\u00a0\u00a0\u00a0 R\u1eeda t\u0103ng c\u01b0\u1eddng v\u1edbi v\u00f2i r\u1eeda k\u00e9p, b\u01a1m t\u0103ng c\u01b0\u1eddng ri\u00eang bi\u1ec7t<\/p>\n<p>&#8211;\u00a0\u00a0\u00a0\u00a0\u00a0\u00a0\u00a0\u00a0\u00a0 N\u00e2ng h\u1ea1 khay r\u1eeda linh ho\u1ea1t<\/td>\n<\/tr>\n<tr>\n<td width=\"181\"><strong>T\u00ednh n\u0103ng<\/strong><\/p>\n<p>&nbsp;<\/td>\n<td width=\"462\">&#8211;\u00a0\u00a0\u00a0\u00a0\u00a0\u00a0\u00a0\u00a0\u00a0\u00a0<strong>8 ch\u01b0\u01a1ng tr\u00ecnh r\u1eeda t\u1ef1 \u0111\u1ed9ng<\/strong><\/p>\n<p>+ R\u1eeda chuy\u00ean s\u00e2u Intensive\u00a0v\u1edbi \u0111\u1ed3 b\u1ea9n nhi\u1ec1u<\/p>\n<p>+ R\u1eeda ti\u1ebft ki\u1ec7m Eco r\u1eeda s\u1ea1ch v\u00e0 ti\u1ebft ki\u1ec7m n\u01b0\u1edbc t\u1ed1i \u0111a<\/p>\n<p>+ R\u1eeda th\u01b0\u1eddng Normal d\u00f9ng cho \u0111\u1ed3 b\u1ea9n trung b\u00ecnh<\/p>\n<p>+ R\u1eeda Auto: t\u1ef1 \u0111\u1ed9ng c\u1ea3m bi\u1ebfn d\u1ef1a tr\u00ean \u0111\u1ed9 \u0111\u1ee5c c\u1ee7a n\u01b0\u1edbc v\u00e0 t\u1ef1 x\u00e1c \u0111\u1ecbnh \u0111\u1ed9 b\u1ea9n ch\u00e9n d\u0129a t\u1eeb \u0111\u1ea5y \u0111i\u1ec1u ch\u1ec9nh nhi\u1ec7t \u0111\u1ed9 v\u00e0 th\u1eddi gian ph\u00f9 h\u1ee3p<\/p>\n<p>+ R\u1eeda nhanh Rapid: R\u00fat ng\u1eafn th\u1eddi gian t\u1ed1i \u0111a<\/p>\n<p>+ R\u1eeda Baby care ( hygiene) ti\u1ec7t tr\u00f9ng: T\u0103ng c\u01b0\u1eddng di\u1ec7t khu\u1ea9n v\u1edbi \u0111\u1ed3 tr\u1ebb em<\/p>\n<p>+ R\u1eeda tr\u00e1ng 35p<\/p>\n<p>+ R\u1eeda Fruit: R\u1eeda rau c\u1ee7 qu\u1ea3 lo\u1ea1i b\u1ecf h\u00f3a ch\u1ea5t, thu\u1ed1c tr\u1eeb s\u00e2u<\/p>\n<p>&nbsp;<\/p>\n<p>&#8211;\u00a0\u00a0\u00a0\u00a0\u00a0\u00a0\u00a0\u00a0\u00a0\u00a0<strong>6 Ch\u1ee9c n\u0103ng t\u0103ng c\u01b0\u1eddng:<\/strong><\/p>\n<p>+ Ch\u1ee9c n\u0103ng S\u1ea5y PTC Hot Air s\u1ea5y kh\u00ed n\u00f3ng s\u1ea5y kh\u00f4 ho\u00e0n to\u00e0n<\/p>\n<p>+Ch\u1ee9c n\u0103ng Fress &amp; Drying 72h\u00a0s\u1ea5y t\u01b0\u01a1i b\u1eb1ng kh\u00ed n\u00f3ng b\u1ea3o qu\u1ea3n v\u00f4 tr\u00f9ng 72h t\u00f9y ch\u1ecdn.<\/p>\n<p>+ Auto Door (Ch\u1ee9c n\u0103ng t\u1ef1 \u0111\u1ed9ng m\u1edf c\u1eeda)<\/p>\n<p>+ Ch\u1ee9c n\u0103ng Eco Wash\u201d Half Load\u201d r\u1eeda n\u1eeda t\u1ea3i khay tr\u00ean\/ khay d\u01b0\u1edbi, ti\u1ebft ki\u1ec7m v\u1edbi vi\u1ec7c ch\u1ecdn r\u1eeda gi\u00e0n tr\u00ean d\u01b0\u1edbi.<\/p>\n<p>+ Ch\u1ee9c n\u0103ng T\u0103ng c\u01b0\u1eddng v\u00f2i r\u1eeda k\u00e9p (Dual zone wash function)<\/p>\n<p>+ Ch\u1ee9c n\u0103ng kh\u1eed tr\u00f9ng b\u1eb1ng tia c\u1ef1c t\u00edm UV (internal UV light)<\/p>\n<p>&#8211;\u00a0\u00a0\u00a0\u00a0\u00a0\u00a0\u00a0\u00a0\u00a0\u00a0<strong>5 Ch\u1ee9c n\u0103ng an to\u00e0n:<\/strong><\/p>\n<p>+ Kh\u00f3a tr\u1ebb em an to\u00e0n Child Lock<\/p>\n<p>+ Ch\u1ee9c n\u0103ng c\u00e0i \u0111\u1eb7t l\u01b0\u1ee3ng mu\u1ed1i v\u00e0 d\u1ea7u b\u00f3ng<\/p>\n<p>+ Ch\u1ee9c n\u0103ng Aqua Stop ph\u00e1t hi\u1ec7n v\u00e0 k\u00edch ho\u1ea1t khi g\u1eb7p s\u1ef1 c\u1ed1 r\u00f2 r\u1ec9 n\u01b0\u1edbc.<\/p>\n<p>+ Ch\u1ee9c n\u0103ng b\u1ea3o v\u1ec7 ch\u1ed1ng tr\u00e0n v\u00e0 r\u00f2 r\u1ec9 n\u01b0\u1edbc Overflow and Leakage Protection.<\/p>\n<p>+ C\u00f4ng ngh\u1ec7 tia UV Tech gi\u00fap ng\u0103n ng\u1eeba vi khu\u1ea9n v\u00e0 ti\u00eau di\u1ec7t 100% vi khu\u1ea9n sau chu tr\u00ecnh r\u1eeda.<\/td>\n<\/tr>\n<tr>\n<td width=\"181\"><strong>Ti\u00eau chu\u1ea9n<\/strong><\/td>\n<td width=\"462\">&#8211;\u00a0\u00a0\u00a0\u00a0\u00a0\u00a0\u00a0\u00a0\u00a0 M\u1ee9c ti\u1ebft ki\u1ec7m n\u0103ng l\u01b0\u1ee3ng: A+++<\/p>\n<p>&#8211;\u00a0\u00a0\u00a0\u00a0\u00a0\u00a0\u00a0\u00a0\u00a0 Ti\u00eau chu\u1ea9n m\u1ee9c \u0111\u1ed9 s\u1ea1ch: Acleaning Efficiency Class A+<\/p>\n<p>&#8211;\u00a0\u00a0\u00a0\u00a0\u00a0\u00a0\u00a0\u00a0\u00a0 Ti\u00eau chu\u1ea9n hi\u1ec7u qu\u1ea3 s\u1ea5y kh\u00f4: Drying Efficiency Class A+<\/td>\n<\/tr>\n<tr>\n<td width=\"181\">M\u1ee9c ti\u00eau th\u1ee5 n\u01b0\u1edbc<\/td>\n<td width=\"462\">\u00a09.0L\/ chu tr\u00ecnh tr\u00ecnh r\u1eeda<\/td>\n<\/tr>\n<tr>\n<td width=\"181\">M\u1ee9c ti\u00eau th\u1ee5 \u0111i\u1ec7n<\/td>\n<td width=\"462\">0.8Kwh\/l\u1ea7n r\u1eeda<\/td>\n<\/tr>\n<tr>\n<td width=\"181\">\u0110\u1ed9 \u1ed3n<\/td>\n<td width=\"462\">45Db<\/td>\n<\/tr>\n<tr>\n<td width=\"181\">\u0110i\u1ec7n \u00e1p<\/td>\n<td width=\"462\">220-240V\/50-60Hz<\/td>\n<\/tr>\n<tr>\n<td width=\"181\">K\u00edch th\u01b0\u1edbc s\u1ea3n ph\u1ea9m<\/td>\n<td width=\"462\">595R x (568-595)S x (775-805)C mm<\/td>\n<\/tr>\n<tr>\n<td width=\"181\">K\u00edch th\u01b0\u1edbc kho\u00e9t t\u1ee7<\/td>\n<td width=\"462\">605R x 605S x 780-810C mm<\/td>\n<\/tr>\n<tr>\n<td width=\"181\"><strong>B\u1ea3o h\u00e0nh<\/strong><\/td>\n<td width=\"462\"><strong>60 th\u00e1ng (5 n\u0103m)<\/strong><\/td>\n<\/tr>\n<tr>\n<td width=\"181\"><strong>B\u1ed9 s\u1ea3n ph\u1ea9m \u0111\u1ea7y \u0111\u1ee7<\/strong><\/td>\n<td width=\"462\"><strong>M\u00c1Y R\u1eecA CH\u00c9N + HDSD +\u00a0 Phi\u1ebfu b\u1ea3o h\u00e0nh ch\u00ednh h\u00e3ng<\/strong><\/td>\n<\/tr>\n<\/tbody>\n<\/table>\n","protected":false},"excerpt":{"rendered":"<h3 class=\"text-uppercase product-setting position-relative mt-sm-3\">M\u00f4 t\u1ea3 s\u1ea3n ph\u1ea9m<\/h3>\n<ul class=\"short_pro_desc\">\n<li>\u2022 M\u00e1y r\u1eeda ch\u00e9n \u0111\u1ed9c l\u1eadp<\/li>\n<li>\u2022 Th\u00e2n s\u01a1n t\u0129nh \u0111i\u1ec7n m\u00e0u \u0111en cao c\u1ea5p<\/li>\n<li>\u2022 3 d\u00e0n r\u1eeda ti\u1ec7n l\u1ee3i<\/li>\n<li>\u2022 S\u1ee9c ch\u1ee9a 17 b\u1ed9 \u0111\u1ed3 \u0103n Ch\u00e2u \u00c2u<\/li>\n<li>\u2022 8 Ch\u01b0\u01a1ng tr\u00ecnh r\u1eeda t\u00edch h\u1ee3p<\/li>\n<\/ul>\n<p>Ch\u1ee9c n\u0103ng \u0111\u1eb7c bi\u1ec7t<\/p>\n<ul class=\"short_pro_desc\">\n<li>\u2022 H\u1ec7 th\u1ed1ng PTC s\u1ea5y kh\u00f4 kh\u00ed n\u00f3ng<\/li>\n<li>\u2022 Ch\u1ee9c n\u0103ng kh\u1eed khu\u1ea9n l\u00ean \u0111\u1ebfn 72 \u0111\u1ed9 gi\u00fap di\u1ec7t khu\u1ea9n l\u00ean \u0111\u1ebfn 99.99% (Sterilization)<\/li>\n<li>\u2022 Ch\u1ee9c n\u0103ng s\u1ea5y kh\u00ed t\u01b0\u01a1i 168h d\u1eabn l\u01b0u kh\u00f4ng kh\u00ed \u0111\u1ecbnh k\u1ef3 trong khoang m\u00e1y 5 ph\u00fat m\u1ed7i gi\u1edd gi\u00fap cho khoang m\u00e1y v\u00e0 b\u00e1t \u0111\u0129a nh\u01b0 lu\u00f4n \u0111\u01b0\u1ee3c l\u00e0m m\u1edbi<\/li>\n<li>\u2022 T\u0103ng c\u01b0\u1eddng v\u00f2i r\u1eeda k\u00e9p (Dual zone wash function) ch\u1ee9c n\u0103ng x\u1ea3 b\u1ed5 sung<\/li>\n<li>\u2022 Ch\u1ee9c n\u0103ng r\u1eeda th\u00f4ng minh (Smart Washing Function Auto)<\/li>\n<li>\u2022 Ch\u1ee9c n\u0103ng m\u1edf c\u1eeda t\u1ef1 \u0111\u1ed9ng (Auto open door)<\/li>\n<li>\u2022 Ch\u1ee9c n\u0103ng kh\u1eed tr\u00f9ng b\u1eb1ng tia c\u1ef1c t\u00edm UV (internal UV light)<\/li>\n<li>\u2022 S\u1ea5y t\u0103ng c\u01b0\u1eddng (Turbo Fan)<\/li>\n<li>\u2022 Kh\u00f3a tr\u1ebb em (Child lock)<\/li>\n<li>\u2022 Ch\u1ee9c n\u0103ng t\u1ea1o Ozon<\/li>\n<\/ul>\n","protected":false},"featured_media":1312,"comment_status":"open","ping_status":"closed","template":"","meta":[],"product_brand":[],"product_cat":[47,49],"product_tag":[],"class_list":{"0":"post-1311","1":"product","2":"type-product","3":"status-publish","4":"has-post-thumbnail","6":"product_cat-may-rua-bat","7":"product_cat-kaff","9":"first","10":"instock","11":"shipping-taxable","12":"product-type-simple"},"_links":{"self":[{"href":"https:\/\/nhadepbepxinh.com.vn\/index.php?rest_route=\/wp\/v2\/product\/1311","targetHints":{"allow":["GET"]}}],"collection":[{"href":"https:\/\/nhadepbepxinh.com.vn\/index.php?rest_route=\/wp\/v2\/product"}],"about":[{"href":"https:\/\/nhadepbepxinh.com.vn\/index.php?rest_route=\/wp\/v2\/types\/product"}],"replies":[{"embeddable":true,"href":"https:\/\/nhadepbepxinh.com.vn\/index.php?rest_route=%2Fwp%2Fv2%2Fcomments&post=1311"}],"wp:featuredmedia":[{"embeddable":true,"href":"https:\/\/nhadepbepxinh.com.vn\/index.php?rest_route=\/wp\/v2\/media\/1312"}],"wp:attachment":[{"href":"https:\/\/nhadepbepxinh.com.vn\/index.php?rest_route=%2Fwp%2Fv2%2Fmedia&parent=1311"}],"wp:term":[{"taxonomy":"product_brand","embeddable":true,"href":"https:\/\/nhadepbepxinh.com.vn\/index.php?rest_route=%2Fwp%2Fv2%2Fproduct_brand&post=1311"},{"taxonomy":"product_cat","embeddable":true,"href":"https:\/\/nhadepbepxinh.com.vn\/index.php?rest_route=%2Fwp%2Fv2%2Fproduct_cat&post=1311"},{"taxonomy":"product_tag","embeddable":true,"href":"https:\/\/nhadepbepxinh.com.vn\/index.php?rest_route=%2Fwp%2Fv2%2Fproduct_tag&post=1311"}],"curies":[{"name":"wp","href":"https:\/\/api.w.org\/{rel}","templated":true}]}}