{"id":1274,"date":"2025-03-24T09:52:03","date_gmt":"2025-03-24T02:52:03","guid":{"rendered":"https:\/\/nhadepbepxinh.com.vn\/?post_type=product&#038;p=1274"},"modified":"2025-03-24T09:52:04","modified_gmt":"2025-03-24T02:52:04","slug":"may-hut-mui-am-tu-vay-tay-kf-th1700b","status":"publish","type":"product","link":"https:\/\/nhadepbepxinh.com.vn\/?product=may-hut-mui-am-tu-vay-tay-kf-th1700b","title":{"rendered":"M\u00c1Y H\u00daT M\u00d9I \u00c2M T\u1ee6 V\u1eaaY TAY KF &#8211; TH1700B"},"content":{"rendered":"<div>\n<h2>M\u00c1Y H\u00daT M\u00d9I \u00c2M T\u1ee6 | KAFF KF-TH1700B | 70CM | THI\u1ebeT K\u1ebe SANG TR\u1eccNG | H\u1ec6 \u0110I\u1ec0U KHI\u1ec2N CA\u0309M \u01af\u0301NG, V\u00c2\u0303Y TAY LINH HO\u1ea0T | AN TO\u00c0N, B\u1ec0N B\u1ec8 V\u00c0 TI\u1ebeT KI\u1ec6M \u0110I\u1ec6N N\u0102NG<\/h2>\n<p>Kaff l\u00e0 th\u01b0\u01a1ng hi\u1ec7u n\u1ed5i ti\u1ebfng chuy\u00ean s\u1ea3n xu\u1ea5t v\u1ec1 c\u00e1c d\u00f2ng thi\u1ebft b\u1ecb \u0111\u1ed3 d\u00f9ng b\u1ebfp v\u00e0 \u0111i\u1ec7n l\u1ea1nh, \u0111\u1eb7c bi\u1ec7t l\u00e0 d\u00f2ng\u00a0m\u00e1y h\u00fat m\u00f9i\u00a0r\u1ea5t \u0111\u01b0\u1ee3c ng\u01b0\u1eddi ti\u00eau d\u00f9ng y\u00eau th\u00edch v\u00e0 l\u1ef1a ch\u1ecdn s\u1eed d\u1ee5ng ph\u1ed5 bi\u1ebfn. V\u1eady d\u00f2ng s\u1ea3n ph\u1ea9m n\u00e0y c\u00f3 g\u00ec m\u00e0 l\u1ea1i \u0111\u01b0\u1ee3c y\u00eau th\u00edch \u0111\u1ebfn th\u1ebf? H\u00e3y c\u00f9ng ch\u00fang t\u00f4i t\u00ecm hi\u1ec3u k\u0129 h\u01a1n th\u00f4ng qua m\u1ed9t s\u1ea3n ph\u1ea9m \u0111\u00e3 g\u00f3p ph\u1ea7n t\u1ea1o n\u00ean t\u00ean tu\u1ed5i cho th\u01b0\u01a1ng hi\u1ec7u n\u00e0y, \u0111\u00f3 l\u00e0\u00a0<strong><em>M\u00e1y h\u00fat m\u00f9i \u00e2m t\u1ee7 Kaff KF-TH1700B<\/em><\/strong>\u00a0\u0111ang r\u1ea5t \u0111\u01b0\u1ee3c \u01b0a chu\u1ed9ng tr\u00ean th\u1ecb tr\u01b0\u1eddng hi\u1ec7n nay.<\/p>\n<\/div>\n<div><img loading=\"lazy\" decoding=\"async\" class=\"lazyload\" src=\"https:\/\/kingshop.vn\/data\/images\/May-hut-mui-am-tu-Kaff-KF-TH1700B-2.jpg\" alt=\"\" width=\"857\" height=\"482\" \/><\/div>\n<div><strong><em><br \/>\nM\u00e1y h\u00fat m\u00f9i Kaff KF-TH1700B<\/em><\/strong>\u00a0\u0111\u01b0\u1ee3c thi\u1ebft k\u1ebf ki\u1ec3u d\u00e1ng hi\u1ec7n \u0111\u1ea1i, \u0111\u01b0\u1eddng n\u00e9t tinh t\u1ebf, ti\u1ec7n d\u1ee5ng, s\u1edf h\u1eefu gam m\u00e0u \u0111en sang tr\u1ecdng t\u1ea1o \u0111i\u1ec3m nh\u1ea5n cho kh\u00f4ng gian l\u1eafp \u0111\u1eb7t s\u1eed d\u1ee5ng, ph\u00f9 h\u1ee3p v\u1edbi h\u1ea7u h\u1ebft m\u1ecdi thi\u1ebft k\u1ebf n\u1ed9i th\u1ea5t b\u1ebfp gia \u0111\u00ecnh, k\u00edch th\u01b0\u1edbc m\u00e1y g\u1ecdn, tr\u1ecdng l\u01b0\u1ee3ng nh\u1eb9, d\u00e2y \u0111i\u1ec7n d\u00e0i gi\u00fap b\u1ea1n d\u1ec5 d\u00e0ng l\u1eafp \u0111\u1eb7t \u00e2m t\u1ee7 s\u1eed d\u1ee5ng ti\u1ec7n d\u1ee5ng, kh\u00f4ng chi\u1ebfm nhi\u1ec1u di\u1ec7n t\u00edch l\u1eafp \u0111\u1eb7t c\u0169ng nh\u01b0 th\u1eddi gian v\u00e0 c\u00f4ng s\u1ee9c.<\/p>\n<\/div>\n<div><img loading=\"lazy\" decoding=\"async\" src=\"https:\/\/www.kaffvietnam.vn\/image\/catalog\/sanpham\/may-hut-mui\/KF-TH1700B-2.jpg\" width=\"897\" height=\"673\" \/><\/div>\n<div><strong><em><br \/>\nM\u00e1y h\u00fat m\u00f9i \u00e2m t\u1ee7<\/em><\/strong>\u00a0n\u00e0y \u0111\u01b0\u1ee3c c\u1ea5u t\u1ea1o t\u1eeb ch\u1ea5t li\u1ec7u cao c\u1ea5p v\u1edbi th\u00e2n m\u00e1y b\u1eb1ng inox cao c\u1ea5p, c\u1ee9ng c\u00e1p gi\u00fap b\u1ea3o v\u1ec7 t\u1ed1t h\u1ec7 th\u1ed1ng linh ki\u1ec7n b\u00ean trong m\u00e1y hi\u1ec7u qu\u1ea3, b\u00ean ngo\u00e0i \u0111\u01b0\u1ee3c s\u01a1n t\u0129nh \u0111i\u1ec7n ch\u1ed1ng b\u00e1m b\u1ea9n, s\u00e1ng b\u00f3ng, d\u1ec5 lau ch\u00f9i v\u1ec7 sinh t\u1ea1o \u0111\u1ed9 b\u1ec1n m\u1edbi cho m\u00e1y theo th\u1eddi gian s\u1eed d\u1ee5ng, m\u1eb7t tr\u01b0\u1edbc ph\u1ed1i k\u00ednh \u0111en s\u00e1ng b\u00f3ng t\u1ea1o s\u1ef1 sang tr\u1ecdng cho m\u00e1y, l\u01b0\u1edbi l\u1ecdc b\u1eb1ng Aluminum 3 l\u1edbp gi\u00fap ng\u0103n d\u1ea7u m\u1ee1 \u0111i v\u00e0o \u0111\u1ed9ng c\u01a1 d\u1ec5 g\u00e2y h\u01b0 h\u1ecfng, d\u1ec5 d\u00e0ng th\u00e1o l\u1eafp v\u1ec7 sinh, b\u00ean trong l\u00e0 than ho\u1ea1t t\u00ednh d\u1ec5 d\u00e0ng thay th\u1ebf khi h\u1ebft.<\/p>\n<\/div>\n<div><img loading=\"lazy\" decoding=\"async\" src=\"https:\/\/www.kaffvietnam.vn\/image\/catalog\/sanpham\/may-hut-mui\/KF-TH1700B-3.jpg\" width=\"886\" height=\"577\" \/><\/div>\n<div><strong><em><br \/>\nM\u00e1y h\u00fat m\u00f9i nh\u00e0 b\u1ebfp Kaff\u00a0<\/em><\/strong>KF-TH1700B \u0111\u01b0\u1ee3c thi\u1ebft k\u1ebf b\u1ea3ng \u0111i\u1ec1u khi\u1ec3n c\u1ea3m \u1ee9ng \u1edf m\u1eb7t tr\u01b0\u1edbc c\u1ee7a m\u00e1y, g\u1ed3m c\u00e1c ph\u00edm ch\u1ee9c n\u0103ng v\u00e0 m\u00e0n h\u00ecnh LED hi\u1ec3n th\u1ecb m\u1ee9c \u0111\u1ed9 h\u00fat cho b\u1ea1n d\u1ec5 d\u00e0ng quan s\u00e1t v\u00e0 thao t\u00e1c \u0111i\u1ec1u ch\u1ec9nh 3 m\u1ee9c t\u1ed1c \u0111\u1ed9 h\u00fat ph\u00f9 h\u1ee3p v\u1edbi t\u1eebng l\u01b0\u1ee3ng kh\u00f3i m\u00f9i khi n\u1ea5u n\u01b0\u1edbng, c\u00f3 t\u00ednh n\u0103ng \u0111i\u1ec1u khi\u1ec3n b\u1eb1ng c\u00e1ch v\u1eaby tay hi\u1ec7n \u0111\u1ea1i, si\u00eau nh\u1ea1y, ti\u1ec7n d\u1ee5ng. M\u00e1y \u0111\u01b0\u1ee3c thi\u1ebft k\u1ebf th\u00eam \u0111\u00e8n LED Bar 1.5W h\u1ed7 tr\u1ee3 chi\u1ebfu s\u00e1ng khu v\u1ef1c b\u1ebfp, ti\u1ebft ki\u1ec7m \u0111i\u1ec7n hi\u1ec7u qu\u1ea3.\u00a0M\u00e1y h\u00fat m\u00f9i nh\u00e0 b\u1ebfp\u00a0n\u00e0y \u0111\u01b0\u1ee3c trang b\u1ecb \u0111\u1ed9ng c\u01a1 Turbo cho kh\u1ea3 n\u0103ng v\u1eadn h\u00e0nh \u00eam \u00e1i v\u00e0 \u1ed5n \u0111\u1ecbnh v\u1edbi \u0111\u1ed9 \u1ed3n ch\u1ec9 48dB kh\u00f4ng g\u00e2y ti\u1ebfng \u1ed3n l\u1edbn \u1ea3nh h\u01b0\u1edfng sinh ho\u1ea1t, c\u00f4ng su\u1ea5t ho\u1ea1t \u0111\u1ed9ng m\u1ea1nh m\u1ebd 130W cho c\u00f4ng su\u1ea5t h\u00fat 1000 m3\/h gi\u00fap h\u00fat s\u1ea1ch m\u00f9i kh\u00f3i d\u1ea7u nhanh ch\u00f3ng, ti\u1ebft ki\u1ec7m \u0111i\u1ec7n n\u0103ng hi\u1ec7u qu\u1ea3. M\u00e1y ho\u1ea1t \u0111\u1ed9ng v\u1edbi 2 ch\u1ebf \u0111\u1ed9: H\u00fat kh\u1eed m\u00f9i b\u1eb1ng than ho\u1ea1t t\u00ednh ho\u1eb7c h\u00fat \u0111\u1ea9y m\u00f9i tr\u1ef1c ti\u1ebfp qua \u0111\u01b0\u1eddng \u1ed1ng tho\u00e1t D150 ra ngo\u00e0i m\u00f4i tr\u01b0\u1eddng.<\/p>\n<\/div>\n<div><img loading=\"lazy\" decoding=\"async\" class=\"lazyload\" src=\"https:\/\/kingshop.vn\/data\/images\/May-hut-mui-am-tu-Kaff-KF-TH1700B-5.jpg\" alt=\"\" width=\"860\" height=\"483\" \/><\/p>\n<h2>M\u1ed8T S\u1ed0 L\u01afU \u00dd KHI S\u1eec D\u1ee4NG<\/h2>\n<p>M\u1ed7i m\u00e1y h\u00fat m\u00f9i \u0111\u1ec1u \u0111\u01b0\u1ee3c thi\u1ebft l\u1eadp c\u00e1c m\u1ee9c \u0111\u1ed9 h\u00fat kh\u00e1c nhau, ch\u00ednh v\u00ec v\u1eady vi\u1ec7c \u0111i\u1ec1u ch\u1ec9nh c\u00f4ng su\u1ea5t sao cho ph\u00f9 h\u1ee3p r\u1ea5t quan tr\u1ecdng. T\u00f9y t\u1eebng m\u00f3n \u0103n (\u00edt m\u00f9i, \u0111\u1eadm m\u00f9i) m\u00e0 c\u00e1c b\u1ea1n \u0111i\u1ec1u ch\u1ec9nh c\u00f4ng su\u1ea5t c\u1ee7a m\u00e1y, tr\u00e1nh t\u00ecnh tr\u1ea1ng \u0111\u1ec3 m\u1ed9t m\u1ee9c c\u00f4ng su\u1ea5t cho t\u1ea5t c\u1ea3 qu\u00e1 tr\u00ecnh s\u1eed d\u1ee5ng m\u00e1y.<\/p>\n<p>M\u1ed7i khi n\u1ea5u \u0103n xong, b\u1ea1n n\u00ean \u0111\u1ec3 m\u00e1y h\u00fat m\u00f9i ho\u1ea1t \u0111\u1ed9ng th\u00eam t\u1eeb 5 \u0111\u1ebfn 10 ph\u00fat \u0111i\u1ec1u n\u00e0y s\u1ebd gi\u00fap m\u00e1y h\u00fat h\u1ebft m\u00f9i c\u1ee7a th\u1ef1c ph\u1ea9m v\u00e0 l\u00e0m cho kh\u00f4ng kh\u00ed gian b\u1ebfp tr\u1edf n\u00ean trong l\u00e0nh h\u01a1n.<\/p>\n<p>Kh\u00f4ng \u0111\u01b0\u1ee3c \u0111\u1ec3 b\u1ebfp gas ho\u1ea1t \u0111\u1ed9ng m\u00e0 kh\u00f4ng c\u00f3 v\u1eadt d\u1ee5ng b\u00ean tr\u00ean. M\u1ee1 t\u00edch t\u1ee5 trong b\u1ed9 l\u1ecdc kim lo\u1ea1i c\u1ee7a thi\u1ebft b\u1ecb m\u00e1y h\u00fat kh\u00f3i c\u00f3 th\u1ec3 ch\u1ea3y xu\u1ed1ng ho\u1eb7c b\u1eaft l\u1eeda khi nhi\u1ec7t \u0111\u1ed9 l\u00ean cao.<\/p>\n<p>\u0110\u1ed1i v\u1edbi nh\u1eefng chi\u1ebfc m\u00e1y h\u00fat m\u00f9i s\u1eed d\u1ee5ng than ho\u1ea1t t\u00ednh, b\u1ea1n n\u00ean thay than t\u1eeb 6 th\u00e1ng \u0111\u1ebfn 1 n\u0103m m\u1ed9t l\u1ea7n \u0111\u1ec3 \u0111\u1ea3m b\u1ea3o hi\u1ec7u qu\u1ea3 kh\u1eed m\u00f9i.<\/p>\n<p>Lu\u00f4n lau ch\u00f9i m\u00e1y b\u1eb1ng gi\u1ebb m\u1ec1m, c\u00f3 ch\u1ea5t t\u1ea9y r\u1eeda.<\/p>\n<p>Kh\u00f4ng s\u1eed d\u1ee5ng m\u00e1y khi ngu\u1ed3n \u0111i\u1ec7n ch\u1eadp ch\u1eddn.<\/p>\n<p>\u0110\u1ec3 tr\u00e1nh g\u00e2y h\u1ea1n \u0111\u1ebfn \u0111\u1ed9ng c\u01a1 b\u00ean trong m\u00e1y b\u1ea1n kh\u00f4ng n\u00ean \u0111\u1ec3 n\u01b0\u1edbc ho\u1eb7c v\u1eadt c\u1ee9 l\u1ecdc v\u00e0o trong m\u00e1y.<\/p>\n<p>\u0110\u1eb7c bi\u1ec7t \u0111\u1ec3 ti\u1ebft ki\u1ec7m \u0111i\u1ec7n v\u00e0 t\u0103ng tu\u1ed5i th\u1ecd cho m\u00e1y h\u01a1n h\u1ebft b\u1ea1n n\u00ean s\u1eed d\u1ee5ng \u0111\u00fang t\u1ed1c \u0111\u1ed9 c\u1ee7a m\u00e1y, kh\u00f4ng n\u00ean l\u1ea1m d\u1ee5ng t\u1ed1c \u0111\u1ed9 cao nh\u1ea5t t\u1ee9c \u0111\u1ed1i v\u1edbi nh\u1eefng m\u00f3n \u0103n kh\u00f4ng ch\u1ee9a d\u1ea7u m\u1ee1 nh\u01b0 c\u00e1c m\u00f3n lu\u1ed9c b\u1ea1n ch\u1ec9 c\u1ea7n \u0111\u1ec3 m\u00e1y \u1edf m\u1ee9c c\u00f4ng su\u1ea5t th\u1ea5p, v\u1edbi nh\u1eefng m\u00f3n ch\u1ee9a nhi\u1ec1u d\u1ea7u m\u1ee1 nh\u01b0: chi\u00ean, x\u00e0o, r\u00e1n ho\u1eb7c nh\u1eefng m\u00f3n n\u1eb7ng m\u00f9i nh\u01b0 gi\u1ea3 c\u00e0y th\u00ec b\u1ea1n m\u1edbi c\u1ea7n s\u1eed d\u1ee5ng m\u00e1y h\u00fat m\u00f9i \u1edf c\u1ea5p \u0111\u1ed9 cao.<\/p>\n<p>T\u1ea7m 2 th\u00e1ng b\u1ea1n n\u00ean v\u1ec7 sinh l\u01b0\u1edbi l\u1ecdc 1 l\u1ea7n. N\u00ean b\u1ea3o d\u01b0\u1ee1ng m\u00e1y 12 th\u00e1ng 1 l\u1ea7n c\u0169ng l\u00e0 c\u00e1ch \u0111\u1ec3 m\u00e1y ho\u1ea1t \u0111\u1ed9ng t\u1ed1t h\u01a1n.<\/p>\n<h2>TH\u00d4NG S\u1ed0 K\u1ef8 THU\u1eacT<\/h2>\n<p>\u2022 M\u00e1y h\u00fat m\u00f9i \u00e2m t\u1ee7 v\u1eaby tay<br \/>\n\u2022 Ch\u1ea5t li\u1ec7u inox ph\u1ed1i k\u00ednh\/ s\u01a1n t\u0129nh \u0111i\u1ec7n sang tr\u1ecdng<br \/>\n\u2022 K\u1ebft c\u1ea5u \u00e2m t\u1ee7 ti\u1ec7n l\u1ee3i<br \/>\n\u2022 \u0110i\u1ec1u khi\u1ec3n c\u1ea3m \u1ee9ng 3 t\u1ed1c \u0111\u1ed9 k\u1ebft h\u1ee3p v\u1eaby tay hi\u1ec7n \u0111\u1ea1i<br \/>\n\u2022 \u0110\u1ed9ng c\u01a1 Turbo 1x130W s\u1ee9c h\u00fat m\u1ea1nh m\u1ebd<br \/>\n\u2022 \u0110\u00e8n Led Bar 1.5W<br \/>\n\u2022 Ngu\u1ed3n \u0111i\u1ec7n 220V &#8211; 240 V \/ 50 Hz<br \/>\n\u2022 C\u00f4ng su\u1ea5t h\u00fat t\u1ed1i \u0111a 1000 m3\/h<br \/>\n\u2022 \u0110\u1ed9 \u1ed3n maximum 48dB<br \/>\n\u2022 L\u01b0\u1edbi l\u1ecdc Aluminum 3 l\u1edbp<br \/>\n\u2022 \u1ed0ng tho\u00e1t h\u01a1i D150 mm v\u00e0 \u1ed1ng m\u1ec1m k\u00e8m theo<br \/>\n\u2022 Ch\u1ebf \u0111\u1ed9 h\u00fat v\u00e0 kh\u1eed m\u00f9i b\u1eb1ng than ho\u1ea1t t\u00ednh<br \/>\n\u2022 K\u00edch th\u01b0\u1edbc 50x350x228x698 mm<\/p>\n<h2>K\u00cdCH TH\u01af\u1edaC L\u1eaeP \u0110\u1eb6T S\u1ea2N PH\u1ea8M<\/h2>\n<p><img decoding=\"async\" src=\"https:\/\/www.kaffvietnam.vn\/image\/catalog\/sanpham\/may-hut-mui\/TH1700S.png\" \/><\/div>\n","protected":false},"excerpt":{"rendered":"<h3 class=\"text-uppercase product-setting position-relative mt-sm-3\">M\u00f4 t\u1ea3 s\u1ea3n ph\u1ea9m<\/h3>\n<ul class=\"short_pro_desc\">\n<li>\u2022 M\u00e1y h\u00fat m\u00f9i \u00e2m t\u1ee7 v\u1eaby tay<\/li>\n<li>\u2022 Ch\u1ea5t li\u1ec7u inox ph\u1ed1i k\u00ednh\/ s\u01a1n t\u0129nh \u0111i\u1ec7n sang tr\u1ecdng<\/li>\n<li>\u2022 K\u1ebft c\u1ea5u \u00e2m t\u1ee7 ti\u1ec7n l\u1ee3i<\/li>\n<li>\u2022 \u0110i\u1ec1u khi\u1ec3n c\u1ea3m \u1ee9ng 3 t\u1ed1c \u0111\u1ed9 k\u1ebft h\u1ee3p v\u1eaby tay hi\u1ec7n \u0111\u1ea1i<\/li>\n<li>\u2022 \u0110\u1ed9ng c\u01a1 Turbo 1x130W s\u1ee9c h\u00fat m\u1ea1nh m\u1ebd<\/li>\n<li>\u2022 \u0110\u00e8n Led Bar 1.5W<\/li>\n<li>\u2022 Ngu\u1ed3n \u0111i\u1ec7n 220V &#8211; 240 V \/ 50 Hz<\/li>\n<li>\u2022 C\u00f4ng su\u1ea5t h\u00fat t\u1ed1i \u0111a 1000 m3\/h<\/li>\n<li>\u2022 \u0110\u1ed9 \u1ed3n maximum 48dB<\/li>\n<li>\u2022 L\u01b0\u1edbi l\u1ecdc Aluminum 3 l\u1edbp<\/li>\n<li>\u2022 \u1ed0ng tho\u00e1t h\u01a1i D150 mm v\u00e0 \u1ed1ng m\u1ec1m k\u00e8m theo<\/li>\n<li>\u2022 Ch\u1ebf \u0111\u1ed9 h\u00fat v\u00e0 kh\u1eed m\u00f9i b\u1eb1ng than ho\u1ea1t t\u00ednh<\/li>\n<li>\u2022 B\u1ea3o h\u00e0nh 03 n\u0103m<\/li>\n<\/ul>\n","protected":false},"featured_media":1275,"comment_status":"open","ping_status":"closed","template":"","meta":[],"product_brand":[],"product_cat":[16,40],"product_tag":[],"class_list":{"0":"post-1274","1":"product","2":"type-product","3":"status-publish","4":"has-post-thumbnail","6":"product_cat-may-hut-mui","7":"product_cat-kaff-may-hut-mui","9":"first","10":"instock","11":"shipping-taxable","12":"product-type-simple"},"_links":{"self":[{"href":"https:\/\/nhadepbepxinh.com.vn\/index.php?rest_route=\/wp\/v2\/product\/1274","targetHints":{"allow":["GET"]}}],"collection":[{"href":"https:\/\/nhadepbepxinh.com.vn\/index.php?rest_route=\/wp\/v2\/product"}],"about":[{"href":"https:\/\/nhadepbepxinh.com.vn\/index.php?rest_route=\/wp\/v2\/types\/product"}],"replies":[{"embeddable":true,"href":"https:\/\/nhadepbepxinh.com.vn\/index.php?rest_route=%2Fwp%2Fv2%2Fcomments&post=1274"}],"wp:featuredmedia":[{"embeddable":true,"href":"https:\/\/nhadepbepxinh.com.vn\/index.php?rest_route=\/wp\/v2\/media\/1275"}],"wp:attachment":[{"href":"https:\/\/nhadepbepxinh.com.vn\/index.php?rest_route=%2Fwp%2Fv2%2Fmedia&parent=1274"}],"wp:term":[{"taxonomy":"product_brand","embeddable":true,"href":"https:\/\/nhadepbepxinh.com.vn\/index.php?rest_route=%2Fwp%2Fv2%2Fproduct_brand&post=1274"},{"taxonomy":"product_cat","embeddable":true,"href":"https:\/\/nhadepbepxinh.com.vn\/index.php?rest_route=%2Fwp%2Fv2%2Fproduct_cat&post=1274"},{"taxonomy":"product_tag","embeddable":true,"href":"https:\/\/nhadepbepxinh.com.vn\/index.php?rest_route=%2Fwp%2Fv2%2Fproduct_tag&post=1274"}],"curies":[{"name":"wp","href":"https:\/\/api.w.org\/{rel}","templated":true}]}}